CRAN Package Check Results for Package RcmdrPlugin.PcaRobust

Last updated on 2019-05-24 19:47:55 CEST.

Flavor Version Tinstall Tcheck Ttotal Status Flags
r-devel-linux-x86_64-debian-clang 1.1.4 13.80 104.98 118.78 OK
r-devel-linux-x86_64-debian-gcc 1.1.4 12.13 82.25 94.38 OK
r-devel-linux-x86_64-fedora-clang 1.1.4 143.64 OK
r-devel-linux-x86_64-fedora-gcc 1.1.4 146.60 OK
r-devel-windows-ix86+x86_64 1.1.4 37.00 227.00 264.00 OK
r-patched-linux-x86_64 1.1.4 OK
r-patched-solaris-x86 1.1.4 251.60 OK
r-release-linux-x86_64 1.1.4 13.42 103.05 116.47 OK
r-release-windows-ix86+x86_64 1.1.4 60.00 137.00 197.00 OK
r-release-osx-x86_64 1.1.4 FAIL
r-oldrel-windows-ix86+x86_64 1.1.4 54.00 125.00 179.00 OK
r-oldrel-osx-x86_64 1.1.4 OK

Check Details

Version: 1.1.4
Check: whether package can be installed
Result: FAIL
    
Flavor: r-release-osx-x86_64