Last updated on 2022-05-28 07:06:02 CEST.
Flavor | Version | Tinstall | Tcheck | Ttotal | Status | Flags |
---|---|---|---|---|---|---|
r-devel-linux-x86_64-debian-clang | 1.1.4 | 26.70 | 179.04 | 205.74 | NOTE | |
r-devel-linux-x86_64-debian-gcc | 1.1.4 | 20.84 | 135.01 | 155.85 | NOTE | |
r-devel-linux-x86_64-fedora-clang | 1.1.4 | 256.01 | NOTE | |||
r-devel-linux-x86_64-fedora-gcc | 1.1.4 | 257.13 | NOTE | |||
r-devel-windows-x86_64 | 1.1.4 | 35.00 | 207.00 | 242.00 | NOTE | |
r-patched-linux-x86_64 | 1.1.4 | 25.02 | 175.81 | 200.83 | NOTE | |
r-release-linux-x86_64 | 1.1.4 | 25.42 | 176.21 | 201.63 | NOTE | |
r-release-macos-arm64 | 1.1.4 | 100.00 | NOTE | |||
r-release-macos-x86_64 | 1.1.4 | 240.00 | NOTE | |||
r-release-windows-x86_64 | 1.1.4 | 41.00 | 171.00 | 212.00 | NOTE | |
r-oldrel-macos-arm64 | 1.1.4 | 92.00 | NOTE | |||
r-oldrel-macos-x86_64 | 1.1.4 | 131.00 | NOTE | |||
r-oldrel-windows-ix86+x86_64 | 1.1.4 | 42.00 | 163.00 | 205.00 | NOTE |
Version: 1.1.4
Check: LazyData
Result: NOTE
'LazyData' is specified without a 'data' directory
Flavors: r-devel-linux-x86_64-debian-clang, r-devel-linux-x86_64-debian-gcc, r-devel-linux-x86_64-fedora-clang, r-devel-linux-x86_64-fedora-gcc, r-devel-windows-x86_64, r-patched-linux-x86_64, r-release-linux-x86_64, r-release-macos-arm64, r-release-macos-x86_64, r-release-windows-x86_64, r-oldrel-macos-arm64, r-oldrel-macos-x86_64, r-oldrel-windows-ix86+x86_64