CRAN Package Check Results for Package RcmdrPlugin.ROC

Last updated on 2020-02-19 03:49:09 CET.

Flavor Version Tinstall Tcheck Ttotal Status Flags
r-devel-linux-x86_64-debian-clang 1.0-18 0.44 2.11 2.55 ERROR
r-devel-linux-x86_64-debian-gcc 1.0-18 16.14 100.25 116.39 NOTE
r-devel-linux-x86_64-fedora-clang 1.0-18 177.96 NOTE
r-devel-linux-x86_64-fedora-gcc 1.0-18 179.35 NOTE
r-devel-windows-ix86+x86_64 1.0-18 54.00 162.00 216.00 NOTE
r-devel-windows-ix86+x86_64-gcc8 1.0-18 72.00 279.00 351.00 NOTE
r-patched-linux-x86_64 1.0-18 16.65 113.42 130.07 NOTE
r-patched-solaris-x86 1.0-18 277.10 NOTE
r-release-linux-x86_64 1.0-18 16.01 115.28 131.29 NOTE
r-release-windows-ix86+x86_64 1.0-18 50.00 148.00 198.00 NOTE
r-release-osx-x86_64 1.0-18 NOTE
r-oldrel-windows-ix86+x86_64 1.0-18 46.00 146.00 192.00 NOTE
r-oldrel-osx-x86_64 1.0-18 NOTE

Check Details

Version: 1.0-18
Check: package dependencies
Result: ERROR
    Package required but not available: 'Rcmdr'
    
    See section 'The DESCRIPTION file' in the 'Writing R Extensions'
    manual.
Flavor: r-devel-linux-x86_64-debian-clang

Version: 1.0-18
Check: R code for possible problems
Result: NOTE
    fncLRpROC: no visible global function definition for ‘palette’
    fncLRpROC : onOK : convert: no visible global function definition for
     ‘col2rgb’
    fncLRpROC : onOK : convert: no visible global function definition for
     ‘rgb’
    fncPairedpROC: no visible global function definition for ‘palette’
    fncPairedpROC : onOK : convert: no visible global function definition
     for ‘col2rgb’
    fncPairedpROC : onOK : convert: no visible global function definition
     for ‘rgb’
    fncUnpairedpROC: no visible global function definition for ‘palette’
    fncUnpairedpROC : onOK : convert: no visible global function definition
     for ‘col2rgb’
    fncUnpairedpROC : onOK : convert: no visible global function definition
     for ‘rgb’
    fncvpROC: no visible global function definition for ‘palette’
    fncvpROC : onOK : convert: no visible global function definition for
     ‘col2rgb’
    fncvpROC : onOK : convert: no visible global function definition for
     ‘rgb’
    Undefined global functions or variables:
     col2rgb palette rgb
    Consider adding
     importFrom("grDevices", "col2rgb", "palette", "rgb")
    to your NAMESPACE file.
Flavors: r-devel-linux-x86_64-debian-gcc, r-devel-linux-x86_64-fedora-clang, r-devel-linux-x86_64-fedora-gcc, r-devel-windows-ix86+x86_64, r-devel-windows-ix86+x86_64-gcc8, r-patched-linux-x86_64, r-patched-solaris-x86, r-release-linux-x86_64, r-release-windows-ix86+x86_64, r-release-osx-x86_64, r-oldrel-windows-ix86+x86_64, r-oldrel-osx-x86_64