CRAN Package Check Results for Package RcmdrPlugin.ROC

Last updated on 2019-10-15 15:47:48 CEST.

Flavor Version Tinstall Tcheck Ttotal Status Flags
r-devel-linux-x86_64-debian-clang 1.0-18 17.62 116.34 133.96 NOTE
r-devel-linux-x86_64-debian-gcc 1.0-18 15.08 89.84 104.92 NOTE
r-devel-linux-x86_64-fedora-clang 1.0-18 171.34 NOTE
r-devel-linux-x86_64-fedora-gcc 1.0-18 162.94 NOTE
r-devel-windows-ix86+x86_64 1.0-18 47.00 273.00 320.00 NOTE
r-patched-linux-x86_64 1.0-18 16.59 111.56 128.15 NOTE
r-patched-solaris-x86 1.0-18 268.60 NOTE
r-release-linux-x86_64 1.0-18 16.81 113.00 129.81 NOTE
r-release-windows-ix86+x86_64 1.0-18 65.00 155.00 220.00 NOTE
r-release-osx-x86_64 1.0-18 NOTE
r-oldrel-windows-ix86+x86_64 1.0-18 55.00 158.00 213.00 NOTE
r-oldrel-osx-x86_64 1.0-18 NOTE

Check Details

Version: 1.0-18
Check: R code for possible problems
Result: NOTE
    fncLRpROC: no visible global function definition for 'palette'
    fncLRpROC : onOK : convert: no visible global function definition for
     'col2rgb'
    fncLRpROC : onOK : convert: no visible global function definition for
     'rgb'
    fncPairedpROC: no visible global function definition for 'palette'
    fncPairedpROC : onOK : convert: no visible global function definition
     for 'col2rgb'
    fncPairedpROC : onOK : convert: no visible global function definition
     for 'rgb'
    fncUnpairedpROC: no visible global function definition for 'palette'
    fncUnpairedpROC : onOK : convert: no visible global function definition
     for 'col2rgb'
    fncUnpairedpROC : onOK : convert: no visible global function definition
     for 'rgb'
    fncvpROC: no visible global function definition for 'palette'
    fncvpROC : onOK : convert: no visible global function definition for
     'col2rgb'
    fncvpROC : onOK : convert: no visible global function definition for
     'rgb'
    Undefined global functions or variables:
     col2rgb palette rgb
    Consider adding
     importFrom("grDevices", "col2rgb", "palette", "rgb")
    to your NAMESPACE file.
Flavors: r-devel-linux-x86_64-debian-clang, r-devel-linux-x86_64-debian-gcc, r-devel-linux-x86_64-fedora-clang, r-devel-linux-x86_64-fedora-gcc, r-devel-windows-ix86+x86_64, r-patched-linux-x86_64, r-patched-solaris-x86, r-release-linux-x86_64, r-release-windows-ix86+x86_64, r-release-osx-x86_64, r-oldrel-windows-ix86+x86_64, r-oldrel-osx-x86_64