CRAN Package Check Results for Package RcmdrPlugin.aRnova

Last updated on 2020-12-01 12:49:28 CET.

Flavor Version Tinstall Tcheck Ttotal Status Flags
r-devel-linux-x86_64-debian-clang 0.0.5 20.96 123.37 144.33 OK
r-devel-linux-x86_64-debian-gcc 0.0.5 13.52 98.96 112.48 OK
r-devel-linux-x86_64-fedora-clang 0.0.5 179.29 NOTE
r-devel-linux-x86_64-fedora-gcc 0.0.5 181.06 OK
r-devel-windows-ix86+x86_64 0.0.5 36.00 139.00 175.00 OK
r-patched-linux-x86_64 0.0.5 12.85 118.58 131.43 OK
r-patched-solaris-x86 0.0.5 272.60 OK
r-release-linux-x86_64 0.0.5 12.03 114.60 126.63 OK
r-release-macos-x86_64 0.0.5 OK
r-release-windows-ix86+x86_64 0.0.5 29.00 109.00 138.00 OK
r-oldrel-macos-x86_64 0.0.5 OK
r-oldrel-windows-ix86+x86_64 0.0.5 32.00 132.00 164.00 OK

Check Details

Version: 0.0.5
Check: Rd cross-references
Result: NOTE
    Undeclared package ‘car’ in Rd xrefs
Flavor: r-devel-linux-x86_64-fedora-clang