CRAN Package Check Results for Package RcmdrPlugin.coin

Last updated on 2019-05-24 18:52:29 CEST.

Flavor Version Tinstall Tcheck Ttotal Status Flags
r-devel-linux-x86_64-debian-clang 1.0-22 16.07 115.13 131.20 NOTE
r-devel-linux-x86_64-debian-gcc 1.0-22 13.25 90.42 103.67 NOTE
r-devel-linux-x86_64-fedora-clang 1.0-22 154.98 NOTE
r-devel-linux-x86_64-fedora-gcc 1.0-22 157.92 NOTE
r-devel-windows-ix86+x86_64 1.0-22 43.00 243.00 286.00 NOTE
r-patched-linux-x86_64 1.0-22 NOTE
r-patched-solaris-x86 1.0-22 260.30 NOTE
r-release-linux-x86_64 1.0-22 14.54 113.48 128.02 NOTE
r-release-windows-ix86+x86_64 1.0-22 68.00 149.00 217.00 NOTE
r-release-osx-x86_64 1.0-22 NOTE
r-oldrel-windows-ix86+x86_64 1.0-22 53.00 153.00 206.00 NOTE
r-oldrel-osx-x86_64 1.0-22 NOTE

Check Details

Version: 1.0-22
Check: R code for possible problems
Result: NOTE
    enterTableMHTest : onOK: no visible global function definition for
     'na.omit'
    startStop: no visible global function definition for 'na.omit'
    Undefined global functions or variables:
     na.omit
    Consider adding
     importFrom("stats", "na.omit")
    to your NAMESPACE file.
Flavors: r-devel-linux-x86_64-debian-clang, r-devel-linux-x86_64-debian-gcc, r-devel-linux-x86_64-fedora-clang, r-devel-linux-x86_64-fedora-gcc, r-devel-windows-ix86+x86_64, r-patched-linux-x86_64, r-patched-solaris-x86, r-release-linux-x86_64, r-release-windows-ix86+x86_64, r-release-osx-x86_64, r-oldrel-windows-ix86+x86_64, r-oldrel-osx-x86_64