CRAN Package Check Results for Package RcmdrPlugin.mosaic

Last updated on 2019-09-21 04:47:49 CEST.

Flavor Version Tinstall Tcheck Ttotal Status Flags
r-devel-linux-x86_64-debian-clang 1.0-7 11.90 81.59 93.49 NOTE
r-devel-linux-x86_64-debian-gcc 1.0-7 9.90 63.20 73.10 NOTE
r-devel-linux-x86_64-fedora-clang 1.0-7 114.95 NOTE
r-devel-linux-x86_64-fedora-gcc 1.0-7 111.42 NOTE
r-devel-windows-ix86+x86_64 1.0-7 56.00 209.00 265.00 NOTE
r-patched-linux-x86_64 1.0-7 10.79 78.28 89.07 NOTE
r-patched-solaris-x86 1.0-7 182.20 NOTE
r-release-linux-x86_64 1.0-7 11.48 78.06 89.54 NOTE
r-release-windows-ix86+x86_64 1.0-7 39.00 186.00 225.00 NOTE
r-release-osx-x86_64 1.0-7 NOTE
r-oldrel-windows-ix86+x86_64 1.0-7 50.00 123.00 173.00 NOTE
r-oldrel-osx-x86_64 1.0-7 NOTE

Check Details

Version: 1.0-7
Check: DESCRIPTION meta-information
Result: NOTE
    Malformed Description field: should contain one or more complete sentences.
Flavors: r-devel-linux-x86_64-debian-clang, r-devel-linux-x86_64-debian-gcc, r-devel-linux-x86_64-fedora-clang, r-devel-linux-x86_64-fedora-gcc, r-devel-windows-ix86+x86_64, r-patched-linux-x86_64, r-patched-solaris-x86, r-release-linux-x86_64, r-release-windows-ix86+x86_64, r-release-osx-x86_64, r-oldrel-windows-ix86+x86_64, r-oldrel-osx-x86_64

Version: 1.0-7
Check: dependencies in R code
Result: NOTE
    Packages in Depends field not imported from:
     'ENmisc' 'Hmisc' 'Rcmdr' 'vcd'
     These packages need to be imported from (in the NAMESPACE file)
     for when this namespace is loaded but not attached.
Flavors: r-devel-linux-x86_64-debian-clang, r-devel-linux-x86_64-debian-gcc, r-devel-linux-x86_64-fedora-clang, r-devel-linux-x86_64-fedora-gcc, r-devel-windows-ix86+x86_64, r-patched-linux-x86_64, r-patched-solaris-x86, r-release-linux-x86_64, r-release-windows-ix86+x86_64, r-release-osx-x86_64, r-oldrel-windows-ix86+x86_64, r-oldrel-osx-x86_64

Version: 1.0-7
Check: R code for possible problems
Result: NOTE
    .onAttach: no visible global function definition for 'getRcmdr'
    .onAttach: no visible global function definition for 'closeCommander'
    .onAttach: no visible global function definition for 'Commander'
    mosaicMenuItem: no visible global function definition for
     'mosaicSelectDialog'
    mosaicMenuItem: no visible global function definition for 'Message'
    Undefined global functions or variables:
     Commander Message closeCommander getRcmdr mosaicSelectDialog
Flavors: r-devel-linux-x86_64-debian-clang, r-devel-linux-x86_64-debian-gcc, r-devel-linux-x86_64-fedora-clang, r-devel-linux-x86_64-fedora-gcc, r-devel-windows-ix86+x86_64, r-patched-linux-x86_64, r-patched-solaris-x86, r-release-linux-x86_64, r-release-windows-ix86+x86_64, r-release-osx-x86_64, r-oldrel-windows-ix86+x86_64, r-oldrel-osx-x86_64