CRAN Package Check Results for Package RcmdrPlugin.mosaic

Last updated on 2019-06-21 01:47:11 CEST.

Flavor Version Tinstall Tcheck Ttotal Status Flags
r-devel-linux-x86_64-debian-clang 1.0-7 11.85 81.30 93.15 NOTE
r-devel-linux-x86_64-debian-gcc 1.0-7 9.50 63.47 72.97 NOTE
r-devel-linux-x86_64-fedora-clang 1.0-7 110.48 NOTE
r-devel-linux-x86_64-fedora-gcc 1.0-7 107.40 NOTE
r-devel-windows-ix86+x86_64 1.0-7 38.00 124.00 162.00 NOTE
r-patched-linux-x86_64 1.0-7 12.03 78.41 90.44 NOTE
r-patched-solaris-x86 1.0-7 193.40 NOTE
r-release-linux-x86_64 1.0-7 10.63 79.15 89.78 NOTE
r-release-windows-ix86+x86_64 1.0-7 62.00 211.00 273.00 NOTE
r-release-osx-x86_64 1.0-7 NOTE
r-oldrel-windows-ix86+x86_64 1.0-7 37.00 163.00 200.00 NOTE
r-oldrel-osx-x86_64 1.0-7 NOTE

Check Details

Version: 1.0-7
Check: DESCRIPTION meta-information
Result: NOTE
    Malformed Description field: should contain one or more complete sentences.
Flavors: r-devel-linux-x86_64-debian-clang, r-devel-linux-x86_64-debian-gcc, r-devel-linux-x86_64-fedora-clang, r-devel-linux-x86_64-fedora-gcc, r-devel-windows-ix86+x86_64, r-patched-linux-x86_64, r-patched-solaris-x86, r-release-linux-x86_64, r-release-windows-ix86+x86_64, r-release-osx-x86_64, r-oldrel-windows-ix86+x86_64, r-oldrel-osx-x86_64

Version: 1.0-7
Check: dependencies in R code
Result: NOTE
    Packages in Depends field not imported from:
     'ENmisc' 'Hmisc' 'Rcmdr' 'vcd'
     These packages need to be imported from (in the NAMESPACE file)
     for when this namespace is loaded but not attached.
Flavors: r-devel-linux-x86_64-debian-clang, r-devel-linux-x86_64-debian-gcc, r-devel-linux-x86_64-fedora-clang, r-devel-linux-x86_64-fedora-gcc, r-devel-windows-ix86+x86_64, r-patched-linux-x86_64, r-patched-solaris-x86, r-release-linux-x86_64, r-release-windows-ix86+x86_64, r-release-osx-x86_64, r-oldrel-windows-ix86+x86_64, r-oldrel-osx-x86_64

Version: 1.0-7
Check: R code for possible problems
Result: NOTE
    .onAttach: no visible global function definition for 'getRcmdr'
    .onAttach: no visible global function definition for 'closeCommander'
    .onAttach: no visible global function definition for 'Commander'
    mosaicMenuItem: no visible global function definition for
     'mosaicSelectDialog'
    mosaicMenuItem: no visible global function definition for 'Message'
    Undefined global functions or variables:
     Commander Message closeCommander getRcmdr mosaicSelectDialog
Flavors: r-devel-linux-x86_64-debian-clang, r-devel-linux-x86_64-debian-gcc, r-devel-linux-x86_64-fedora-clang, r-devel-linux-x86_64-fedora-gcc, r-devel-windows-ix86+x86_64, r-patched-linux-x86_64, r-patched-solaris-x86, r-release-linux-x86_64, r-release-windows-ix86+x86_64, r-release-osx-x86_64, r-oldrel-windows-ix86+x86_64, r-oldrel-osx-x86_64