CRAN Package Check Results for Package RcmdrPlugin.sampling

Last updated on 2020-03-31 19:49:54 CEST.

Flavor Version Tinstall Tcheck Ttotal Status Flags
r-devel-linux-x86_64-debian-clang 1.1 18.16 113.45 131.61 NOTE
r-devel-linux-x86_64-debian-gcc 1.1 14.13 88.27 102.40 NOTE
r-devel-linux-x86_64-fedora-clang 1.1 159.29 NOTE
r-devel-linux-x86_64-fedora-gcc 1.1 156.99 NOTE
r-devel-windows-ix86+x86_64 1.1 52.00 138.00 190.00 NOTE
r-devel-windows-ix86+x86_64-gcc8 1.1 47.00 141.00 188.00 NOTE
r-patched-linux-x86_64 1.1 16.90 109.14 126.04 NOTE
r-patched-solaris-x86 1.1 273.60 NOTE
r-release-linux-x86_64 1.1 13.59 100.81 114.40 NOTE
r-release-windows-ix86+x86_64 1.1 65.00 223.00 288.00 NOTE
r-release-osx-x86_64 1.1 NOTE
r-oldrel-windows-ix86+x86_64 1.1 58.00 221.00 279.00 NOTE
r-oldrel-osx-x86_64 1.1 NOTE

Check Details

Version: 1.1
Check: R code for possible problems
Result: NOTE
    SampleSizes: no visible global function definition for 'xtabs'
    SampleSizes: no visible global function definition for 'weighted.mean'
    SampleSizes: no visible global function definition for 'reshape'
    stage1Sample.fn: no visible global function definition for 'runif'
    stage2Sample.fn: no visible global function definition for 'runif'
    strata.options : onOK: no visible global function definition for
     'packageDescription'
    Undefined global functions or variables:
     packageDescription reshape runif weighted.mean xtabs
    Consider adding
     importFrom("stats", "reshape", "runif", "weighted.mean", "xtabs")
     importFrom("utils", "packageDescription")
    to your NAMESPACE file.
Flavors: r-devel-linux-x86_64-debian-clang, r-devel-linux-x86_64-debian-gcc, r-devel-linux-x86_64-fedora-clang, r-devel-linux-x86_64-fedora-gcc, r-devel-windows-ix86+x86_64, r-devel-windows-ix86+x86_64-gcc8, r-patched-linux-x86_64, r-patched-solaris-x86, r-release-linux-x86_64, r-release-windows-ix86+x86_64, r-release-osx-x86_64, r-oldrel-windows-ix86+x86_64, r-oldrel-osx-x86_64