CRAN Package Check Results for Package RcmdrPlugin.steepness

Last updated on 2020-10-22 22:48:36 CEST.

Flavor Version Tinstall Tcheck Ttotal Status Flags
r-devel-linux-x86_64-debian-clang 0.3-2 14.50 124.94 139.44 NOTE
r-devel-linux-x86_64-debian-gcc 0.3-2 12.26 95.21 107.47 NOTE
r-devel-linux-x86_64-fedora-clang 0.3-2 178.57 NOTE
r-devel-linux-x86_64-fedora-gcc 0.3-2 264.10 NOTE
r-devel-windows-ix86+x86_64 0.3-2 39.00 149.00 188.00 NOTE
r-patched-linux-x86_64 0.3-2 10.99 113.36 124.35 NOTE
r-patched-solaris-x86 0.3-2 256.90 NOTE
r-release-linux-x86_64 0.3-2 13.01 113.87 126.88 NOTE
r-release-macos-x86_64 0.3-2 NOTE
r-release-windows-ix86+x86_64 0.3-2 40.00 147.00 187.00 NOTE
r-oldrel-macos-x86_64 0.3-2 NOTE
r-oldrel-windows-ix86+x86_64 0.3-2 32.00 103.00 135.00 NOTE

Check Details

Version: 0.3-2
Check: R code for possible problems
Result: NOTE
    Rcmdr.steeptestDij : onOK: no visible binding for global variable
     'replications'
    Rcmdr.steeptestPij : onOK: no visible binding for global variable
     'replications'
    Undefined global functions or variables:
     replications
    Consider adding
     importFrom("stats", "replications")
    to your NAMESPACE file.
Flavors: r-devel-linux-x86_64-debian-clang, r-devel-linux-x86_64-debian-gcc, r-devel-linux-x86_64-fedora-clang, r-devel-linux-x86_64-fedora-gcc, r-devel-windows-ix86+x86_64, r-patched-linux-x86_64, r-patched-solaris-x86, r-release-linux-x86_64, r-release-macos-x86_64, r-release-windows-ix86+x86_64, r-oldrel-macos-x86_64, r-oldrel-windows-ix86+x86_64