CRAN Package Check Results for Package RcmdrPlugin.temis

Last updated on 2024-07-14 21:48:20 CEST.

Flavor Version Tinstall Tcheck Ttotal Status Flags
r-devel-linux-x86_64-debian-clang 0.7.10 36.02 224.36 260.38 NOTE
r-devel-linux-x86_64-debian-gcc 0.7.10 26.38 165.70 192.08 NOTE
r-devel-linux-x86_64-fedora-clang 0.7.10 339.79 NOTE
r-devel-linux-x86_64-fedora-gcc 0.7.10 321.51 NOTE
r-devel-windows-x86_64 0.7.10 33.00 245.00 278.00 NOTE
r-patched-linux-x86_64 0.7.10 41.89 219.21 261.10 NOTE
r-release-linux-x86_64 0.7.10 34.67 217.94 252.61 NOTE
r-release-macos-arm64 0.7.10 119.00 NOTE
r-release-macos-x86_64 0.7.10 143.00 NOTE
r-release-windows-x86_64 0.7.10 30.00 237.00 267.00 NOTE
r-oldrel-macos-arm64 0.7.10 86.00 NOTE
r-oldrel-macos-x86_64 0.7.10 142.00 NOTE
r-oldrel-windows-x86_64 0.7.10 32.00 210.00 242.00 NOTE

Check Details

Version: 0.7.10
Check: package dependencies
Result: NOTE Package suggested but not available for checking: ‘ROpenOffice’ Flavors: r-devel-linux-x86_64-debian-clang, r-devel-linux-x86_64-debian-gcc, r-devel-linux-x86_64-fedora-clang, r-devel-linux-x86_64-fedora-gcc, r-devel-windows-x86_64, r-patched-linux-x86_64, r-release-linux-x86_64, r-release-macos-arm64, r-release-macos-x86_64, r-release-windows-x86_64, r-oldrel-macos-arm64, r-oldrel-macos-x86_64, r-oldrel-windows-x86_64

Version: 0.7.10
Check: Rd files
Result: NOTE checkRd: (-1) plotCorpusCa.rd:53: Lost braces in \itemize; meant \describe ? checkRd: (-1) plotCorpusCa.rd:56: Lost braces in \itemize; meant \describe ? checkRd: (-1) plotCorpusCa.rd:59: Lost braces in \itemize; meant \describe ? checkRd: (-1) plotCorpusCa.rd:62: Lost braces in \itemize; meant \describe ? checkRd: (-1) recodeTimeVarDlg.Rd:11-13: Lost braces in \itemize; meant \describe ? checkRd: (-1) recodeTimeVarDlg.Rd:14-16: Lost braces in \itemize; meant \describe ? checkRd: (-1) recodeTimeVarDlg.Rd:17-18: Lost braces in \itemize; meant \describe ? checkRd: (-1) vocabularyTable.rd:46-47: Lost braces in \itemize; meant \describe ? checkRd: (-1) vocabularyTable.rd:48-50: Lost braces in \itemize; meant \describe ? checkRd: (-1) vocabularyTable.rd:55: Lost braces 55 | \seealso{\code{\link{vocabularyDlg}}, code{\link{DocumentTermMatrix}}, \code{\link{table}}, } | ^ Flavors: r-devel-linux-x86_64-debian-clang, r-devel-linux-x86_64-debian-gcc, r-devel-linux-x86_64-fedora-clang, r-devel-linux-x86_64-fedora-gcc, r-devel-windows-x86_64, r-patched-linux-x86_64, r-release-linux-x86_64, r-release-macos-arm64, r-release-macos-x86_64, r-release-windows-x86_64

Version: 0.7.10
Check: Rd cross-references
Result: NOTE Found the following Rd file(s) with Rd \link{} targets missing package anchors: caTools.rd: plot.ca, ca cooccurrentTerms.rd: removeSparseTerms, DocumentTermMatrix corpusCaDlg.rd: ca, meta, removeSparseTerms, DocumentTermMatrix corpusClustDlg.rd: removeSparseTerms, DocumentTermMatrix corpusDissimilarity.rd: DocumentTermMatrix dissimilarityTableDlg.rd: meta, DocumentTermMatrix freqTermsDlg.rd: meta frequentTerms.rd: DocumentTermMatrix importCorpusDlg.rd: Corpus, DocumentTermMatrix, removePunctuation, removeNumbers, stopwords, stemDocument, tm_map plotCorpusCa.rd: pchlist, print.ca, plot3d.ca recodeTimeVarDlg.Rd: meta, zoo, xyplot restrictTermsDlg.rd: DocumentTermMatrix runCorpusCa.rd: DocumentTermMatrix, removeSparseTerms, ca, meta setCorpusVariables.rd: meta showCorpusCa.rd: ca specificTerms.rd: removeSparseTerms, DocumentTermMatrix specificTermsDlg.rd: meta subsetCorpusByTermsDlg.rd: meta, DocumentTermMatrix subsetCorpusByVarDlg.rd: meta, DocumentTermMatrix termCoocDlg.rd: DocumentTermMatrix termFreqDlg.rd: meta, DocumentTermMatrix, barchart termFrequencies.rd: DocumentTermMatrix termTimeSeriesDlg.Rd: meta, zoo, xyplot termsDictionary.rd: DocumentTermMatrix varCrossTableDlg.rd: meta, barchart varTableDlg.rd: meta, barchart varTimeSeriesDlg.rd: meta, zoo, xyplot vocabularyDlg.rd: meta, DocumentTermMatrix, barchart vocabularyTable.rd: DocumentTermMatrix Please provide package anchors for all Rd \link{} targets not in the package itself and the base packages. Flavor: r-devel-windows-x86_64