CRAN Package Check Results for Package Rcompadre

Last updated on 2021-10-23 03:28:55 CEST.

Flavor Version Tinstall Tcheck Ttotal Status Flags
r-devel-linux-x86_64-debian-clang 1.1.0 12.76 128.37 141.13 OK
r-devel-linux-x86_64-debian-gcc 1.1.0 9.82 96.20 106.02 OK
r-devel-linux-x86_64-fedora-clang 1.1.0 179.48 NOTE
r-devel-linux-x86_64-fedora-gcc 1.1.0 167.50 NOTE
r-devel-windows-x86_64 1.1.0 15.00 167.00 182.00 OK
r-devel-windows-x86_64-gcc10-UCRT 1.1.0 NOTE
r-patched-linux-x86_64 1.1.0 12.38 136.12 148.50 OK
r-patched-solaris-x86 1.1.0 212.00 NOTE
r-release-linux-x86_64 1.1.0 12.49 135.05 147.54 OK
r-release-macos-arm64 1.0.0 NOTE
r-release-macos-x86_64 1.1.0 NOTE
r-release-windows-ix86+x86_64 1.1.0 22.00 122.00 144.00 OK
r-oldrel-macos-x86_64 1.1.0 NOTE
r-oldrel-windows-ix86+x86_64 1.1.0 18.00 125.00 143.00 OK

Check Details

Version: 1.1.0
Check: data for non-ASCII characters
Result: NOTE
     Note: found 345 marked UTF-8 strings
Flavors: r-devel-linux-x86_64-fedora-clang, r-devel-linux-x86_64-fedora-gcc, r-devel-windows-x86_64-gcc10-UCRT, r-patched-solaris-x86, r-release-macos-x86_64, r-oldrel-macos-x86_64

Version: 1.0.0
Check: data for non-ASCII characters
Result: NOTE
     Note: found 345 marked UTF-8 strings
Flavor: r-release-macos-arm64