CRAN Package Check Results for Package Rcplex

Last updated on 2021-06-21 11:52:18 CEST.

Flavor Version Tinstall Tcheck Ttotal Status Flags
r-devel-linux-x86_64-debian-clang 0.3-3 2.04 26.87 28.91 OK --no-examples --no-tests --no-vignettes
r-devel-linux-x86_64-debian-gcc 0.3-3 1.93 20.98 22.91 OK --no-examples --no-tests --no-vignettes
r-devel-windows-x86_64 0.3-3 1.00 8.00 9.00 ERROR
r-devel-windows-x86_64-gcc10-UCRT 0.3-3 ERROR
r-patched-linux-x86_64 0.3-3 2.35 26.21 28.56 OK --no-examples --no-tests --no-vignettes
r-release-linux-x86_64 0.3-3 2.27 26.26 28.53 OK --no-examples --no-tests --no-vignettes
r-release-macos-arm64 0.3-3 ERROR
r-release-macos-x86_64 0.3-3 ERROR
r-oldrel-macos-x86_64 0.3-3 ERROR
r-oldrel-windows-ix86+x86_64 0.3-3 2.00 6.00 8.00 ERROR

Check Details

Version: 0.3-3
Check: whether package can be installed
Result: ERROR
    Installation failed.
Flavors: r-devel-windows-x86_64, r-devel-windows-x86_64-gcc10-UCRT, r-release-macos-arm64, r-release-macos-x86_64, r-oldrel-macos-x86_64, r-oldrel-windows-ix86+x86_64