CRAN Package Check Results for Package Rcpp

Last updated on 2020-10-25 17:50:38 CET.

Flavor Version Tinstall Tcheck Ttotal Status Flags
r-devel-linux-x86_64-debian-clang 1.0.5 63.58 72.43 136.01 OK
r-devel-linux-x86_64-debian-gcc 1.0.5 46.16 56.54 102.70 OK
r-devel-linux-x86_64-fedora-clang 1.0.5 192.68 NOTE
r-devel-linux-x86_64-fedora-gcc 1.0.5 175.20 NOTE
r-devel-windows-ix86+x86_64 1.0.5 130.00 140.00 270.00 NOTE
r-patched-linux-x86_64 1.0.5 59.23 69.98 129.21 OK
r-patched-solaris-x86 1.0.5 186.30 NOTE
r-release-linux-x86_64 1.0.5 57.89 69.95 127.84 OK
r-release-macos-x86_64 1.0.5 NOTE
r-release-windows-ix86+x86_64 1.0.5 111.00 107.00 218.00 NOTE
r-oldrel-macos-x86_64 1.0.5 NOTE
r-oldrel-windows-ix86+x86_64 1.0.5 123.00 97.00 220.00 NOTE

Check Details

Version: 1.0.5
Check: installed package size
Result: NOTE
     installed size is 14.8Mb
     sub-directories of 1Mb or more:
     doc 1.1Mb
     include 6.4Mb
     libs 5.3Mb
Flavors: r-devel-linux-x86_64-fedora-clang, r-devel-windows-ix86+x86_64, r-patched-solaris-x86, r-release-macos-x86_64, r-release-windows-ix86+x86_64, r-oldrel-macos-x86_64, r-oldrel-windows-ix86+x86_64

Version: 1.0.5
Check: foreign function calls
Result: NOTE
    Registration problem:
     symbol ‘symbol’ in the local frame:
     .Call(symbol)
    See chapter ‘System and foreign language interfaces’ in the ‘Writing R
    Extensions’ manual.
Flavors: r-devel-linux-x86_64-fedora-clang, r-devel-linux-x86_64-fedora-gcc