Last updated on 2023-09-22 17:55:31 CEST.
Flavor | Version | Tinstall | Tcheck | Ttotal | Status | Flags |
---|---|---|---|---|---|---|
r-devel-linux-x86_64-debian-clang | 1.0.11 | 69.42 | 85.06 | 154.48 | OK | |
r-devel-linux-x86_64-debian-gcc | 1.0.11 | 38.49 | 67.48 | 105.97 | OK | |
r-devel-linux-x86_64-fedora-clang | 1.0.11 | 208.53 | NOTE | |||
r-devel-linux-x86_64-fedora-gcc | 1.0.11 | 226.59 | NOTE | |||
r-devel-windows-x86_64 | 1.0.11 | 48.00 | 211.00 | 259.00 | NOTE | |
r-patched-linux-x86_64 | 1.0.11 | 61.09 | 83.84 | 144.93 | OK | |
r-release-linux-x86_64 | 1.0.11 | 63.45 | 82.91 | 146.36 | OK | |
r-release-macos-arm64 | 1.0.11 | 85.00 | NOTE | |||
r-release-macos-x86_64 | 1.0.11 | 196.00 | NOTE | |||
r-release-windows-x86_64 | 1.0.11 | 56.00 | 195.00 | 251.00 | NOTE | |
r-oldrel-macos-arm64 | 1.0.11 | 87.00 | NOTE | |||
r-oldrel-macos-x86_64 | 1.0.11 | 117.00 | NOTE | |||
r-oldrel-windows-x86_64 | 1.0.11 | 6.00 | 9.00 | 15.00 | ERROR |
Version: 1.0.11
Check: installed package size
Result: NOTE
installed size is 10.2Mb
sub-directories of 1Mb or more:
doc 1.1Mb
include 6.4Mb
tinytest 1.0Mb
Flavors: r-devel-linux-x86_64-fedora-clang, r-devel-windows-x86_64, r-release-macos-arm64, r-release-macos-x86_64, r-release-windows-x86_64, r-oldrel-macos-arm64, r-oldrel-macos-x86_64
Version: 1.0.11
Check: foreign function calls
Result: NOTE
Registration problem:
symbol ‘symbol’ in the local frame:
.Call(symbol)
See chapter ‘System and foreign language interfaces’ in the ‘Writing R
Extensions’ manual.
Flavors: r-devel-linux-x86_64-fedora-clang, r-devel-linux-x86_64-fedora-gcc
Version: 1.0.11
Check: whether package can be installed
Result: ERROR
Installation failed.
Flavor: r-oldrel-windows-x86_64