CRAN Package Check Results for Package Rcpp

Last updated on 2020-07-12 05:47:43 CEST.

Flavor Version Tinstall Tcheck Ttotal Status Flags
r-devel-linux-x86_64-debian-clang 1.0.5 60.87 70.26 131.13 OK
r-devel-linux-x86_64-debian-gcc 1.0.5 48.42 55.03 103.45 OK
r-devel-linux-x86_64-fedora-clang 1.0.5 187.60 NOTE
r-devel-linux-x86_64-fedora-gcc 1.0.5 177.63 NOTE
r-devel-windows-ix86+x86_64 1.0.5 160.00 150.00 310.00 NOTE
r-patched-linux-x86_64 1.0.5 51.81 70.22 122.03 OK
r-patched-solaris-x86 1.0.5 153.20 NOTE
r-release-linux-x86_64 1.0.5 48.87 69.64 118.51 OK
r-release-macos-x86_64 1.0.5 NOTE
r-release-windows-ix86+x86_64 1.0.5 149.00 124.00 273.00 NOTE
r-oldrel-macos-x86_64 1.0.5 NOTE
r-oldrel-windows-ix86+x86_64 1.0.5 166.00 150.00 316.00 NOTE

Check Details

Version: 1.0.5
Check: installed package size
Result: NOTE
     installed size is 15.1Mb
     sub-directories of 1Mb or more:
     doc 1.1Mb
     include 6.4Mb
     libs 5.5Mb
Flavors: r-devel-linux-x86_64-fedora-clang, r-devel-windows-ix86+x86_64, r-patched-solaris-x86, r-release-macos-x86_64, r-release-windows-ix86+x86_64, r-oldrel-macos-x86_64, r-oldrel-windows-ix86+x86_64

Version: 1.0.5
Check: foreign function calls
Result: NOTE
    Registration problem:
     symbol ‘symbol’ in the local frame:
     .Call(symbol)
    See chapter ‘System and foreign language interfaces’ in the ‘Writing R
    Extensions’ manual.
Flavors: r-devel-linux-x86_64-fedora-clang, r-devel-linux-x86_64-fedora-gcc