CRAN Package Check Results for Package Rcpp

Last updated on 2017-11-18 06:47:18.

Flavor Version Tinstall Tcheck Ttotal Status Flags
r-devel-linux-x86_64-debian-clang 0.12.13 29.75 161.28 191.03 NOTE
r-devel-linux-x86_64-debian-gcc 0.12.13 28.44 172.37 200.81 NOTE
r-devel-linux-x86_64-fedora-clang 0.12.13 381.96 NOTE
r-devel-linux-x86_64-fedora-gcc 0.12.13 369.98 NOTE
r-devel-windows-ix86+x86_64 0.12.13 146.00 323.00 469.00 NOTE
r-patched-linux-x86_64 0.12.13 28.86 159.73 188.59 NOTE
r-patched-solaris-x86 0.12.13 195.50 NOTE
r-release-linux-x86_64 0.12.13 28.23 159.89 188.12 NOTE
r-release-windows-ix86+x86_64 0.12.13 98.00 400.00 498.00 NOTE
r-release-osx-x86_64 0.12.13 NOTE
r-oldrel-windows-ix86+x86_64 0.12.13 97.00 286.00 383.00 NOTE
r-oldrel-osx-x86_64 0.12.13 NOTE

Additional issues

clang-UBSAN

Check Details

Version: 0.12.13
Check: foreign function calls
Result: NOTE
    Registration problem:
     symbol ‘symbol’ in the local frame:
     .Call(symbol)
    See chapter ‘System and foreign language interfaces’ in the ‘Writing R
    Extensions’ manual.
Flavors: r-devel-linux-x86_64-debian-clang, r-devel-linux-x86_64-debian-gcc, r-devel-linux-x86_64-fedora-clang, r-devel-linux-x86_64-fedora-gcc, r-patched-linux-x86_64, r-release-linux-x86_64

Version: 0.12.13
Check: installed package size
Result: NOTE
     installed size is 14.7Mb
     sub-directories of 1Mb or more:
     doc 2.7Mb
     include 6.4Mb
     libs 3.9Mb
Flavors: r-devel-linux-x86_64-fedora-clang, r-devel-linux-x86_64-fedora-gcc, r-devel-windows-ix86+x86_64, r-patched-solaris-x86, r-release-windows-ix86+x86_64, r-release-osx-x86_64, r-oldrel-windows-ix86+x86_64, r-oldrel-osx-x86_64

Version: 0.12.13
Check: re-building of vignette outputs
Result: NOTE
    Error in re-building vignettes:
     ...
    Building shared library for Rcpp code chunk...
    Warning in engine$weave(file, quiet = quiet, encoding = enc) :
     Pandoc (>= 1.12.3) and/or pandoc-citeproc not available. Falling back to R Markdown v1.
    Warning in engine$weave(file, quiet = quiet, encoding = enc) :
     Pandoc (>= 1.12.3) and/or pandoc-citeproc not available. Falling back to R Markdown v1.
    Warning in engine$weave(file, quiet = quiet, encoding = enc) :
     Pandoc (>= 1.12.3) and/or pandoc-citeproc not available. Falling back to R Markdown v1.
    Warning in engine$weave(file, quiet = quiet, encoding = enc) :
     Pandoc (>= 1.12.3) and/or pandoc-citeproc not available. Falling back to R Markdown v1.
    Error in texi2dvi(file = file, pdf = TRUE, clean = clean, quiet = quiet, :
     Running 'texi2dvi' on 'Rcpp-unitTests.tex' failed.
    LaTeX errors:
    ! LaTeX Error: File `vmargin.sty' not found.
    
    Type X to quit or <RETURN> to proceed,
    or enter new name. (Default extension: sty)
    
    ! Emergency stop.
    <read *>
    
    l.8 \setmargrb
     {0.75in}{0.75in}{0.75in}{0.75in}^^M
    ! ==> Fatal error occurred, no output PDF file produced!
    Calls: buildVignettes -> texi2pdf -> texi2dvi
    Execution halted
Flavor: r-release-osx-x86_64

Version: 0.12.13
Check: dependencies in R code
Result: NOTE
    Missing or unexported object: 'tools::package_native_routine_registration_skeleton'
Flavors: r-oldrel-windows-ix86+x86_64, r-oldrel-osx-x86_64

Version: 0.12.13
Check: re-building of vignette outputs
Result: NOTE
    Error in re-building vignettes:
     ...
     input string 356 is invalid in this locale
    Warning in grepl("(Rerun to get|biblatex.*\\(re\\)run)", readLines(log, :
     input string 364 is invalid in this locale
    Warning in grepl("(Rerun to get|biblatex.*\\(re\\)run)", readLines(log, :
     input string 365 is invalid in this locale
    Warning in grepl("(Rerun to get|biblatex.*\\(re\\)run)", readLines(log, :
     input string 373 is invalid in this locale
    Error in texi2dvi(file = file, pdf = TRUE, clean = clean, quiet = quiet, :
     Running 'texi2dvi' on 'Rcpp-jss-2011.tex' failed.
    LaTeX errors:
    ! Undefined control sequence.
    l.20 ^^D^^B<f5>z^^]<dd><c0>j<88>C<^^^<cf>f<b3><fb>T*@^^O¹<ba><ba><ea><fd><f7>ڵk<b9>\<8e>
     <88>j<b5>Z<b1>X<84><b3><9f>J<a5><ea><f5><ba><97><<dc>3<c6>D4^^@<a0><9b><ae><eb>...
    The control sequence at the end of the top line
    of your error message was never \def'ed. If you have
    ! Undefined control sequence.
    l.30 <c3> "x<8c><de>c^^]o<ad><84><cf><e7>^^S<89>Pj<0b>9<f2><9f><eb><eb><eb>^^W.\<c0>
     <b0><8e><e3>`X^^\<c7>{<8f>k0<88><f8>^^UƘa^^X8v<a3>FO|<eb><83><c9><dd>...
    The control sequence at the end of the top line
    of your error message was never \def'ed. If you have
    ! Undefined control sequence.
    l.30 ...<d1>."<86><a1><a1>!UU<e7><e7><e7><ab>ժ<b0><c2><e9>tztt<b4>T*<89><e8>[D^^^<b0><f8><86>a<f8><fd>~8\<8e>
     <e3>^^H<bb><8f><c3><fa>j<b5><8a><88>N<84>^^Q<88><cd>m
    Calls: buildVignettes -> texi2pdf -> texi2dvi
    Execution halted
Flavor: r-oldrel-osx-x86_64