CRAN Package Check Results for Package Rcpp

Last updated on 2021-10-20 15:50:48 CEST.

Flavor Version Tinstall Tcheck Ttotal Status Flags
r-devel-linux-x86_64-debian-clang 1.0.7 54.73 73.72 128.45 OK
r-devel-linux-x86_64-debian-gcc 1.0.7 40.18 57.66 97.84 OK
r-devel-linux-x86_64-fedora-clang 1.0.7 198.17 NOTE
r-devel-linux-x86_64-fedora-gcc 1.0.7 172.17 NOTE
r-devel-windows-x86_64 1.0.7 73.00 130.00 203.00 NOTE
r-devel-windows-x86_64-gcc10-UCRT 1.0.7 OK
r-patched-linux-x86_64 1.0.7 48.78 74.37 123.15 OK
r-patched-solaris-x86 1.0.7 195.80 NOTE
r-release-linux-x86_64 1.0.7 46.61 79.41 126.02 OK
r-release-macos-arm64 1.0.7 NOTE
r-release-macos-x86_64 1.0.7 NOTE
r-release-windows-ix86+x86_64 1.0.7 110.00 135.00 245.00 NOTE
r-oldrel-macos-x86_64 1.0.7 NOTE
r-oldrel-windows-ix86+x86_64 1.0.7 136.00 147.00 283.00 NOTE

Check Details

Version: 1.0.7
Check: installed package size
Result: NOTE
     installed size is 13.3Mb
     sub-directories of 1Mb or more:
     doc 1.1Mb
     include 6.4Mb
     libs 3.7Mb
Flavors: r-devel-linux-x86_64-fedora-clang, r-devel-windows-x86_64, r-patched-solaris-x86, r-release-macos-arm64, r-release-macos-x86_64, r-release-windows-ix86+x86_64, r-oldrel-macos-x86_64, r-oldrel-windows-ix86+x86_64

Version: 1.0.7
Check: foreign function calls
Result: NOTE
    Registration problem:
     symbol ‘symbol’ in the local frame:
     .Call(symbol)
    See chapter ‘System and foreign language interfaces’ in the ‘Writing R
    Extensions’ manual.
Flavors: r-devel-linux-x86_64-fedora-clang, r-devel-linux-x86_64-fedora-gcc