Last updated on 2021-03-09 11:48:33 CET.
Flavor | Version | Tinstall | Tcheck | Ttotal | Status | Flags |
---|---|---|---|---|---|---|
r-devel-linux-x86_64-debian-clang | 1.0.6 | 64.22 | 81.03 | 145.25 | OK | |
r-devel-linux-x86_64-debian-gcc | 1.0.6 | 40.36 | 63.88 | 104.24 | OK | |
r-devel-linux-x86_64-fedora-clang | 1.0.6 | 205.63 | NOTE | |||
r-devel-linux-x86_64-fedora-gcc | 1.0.6 | 182.92 | NOTE | |||
r-devel-windows-ix86+x86_64 | 1.0.6 | 130.00 | 133.00 | 263.00 | NOTE | |
r-devel-windows-x86_64-gcc10-UCRT | 1.0.6 | OK | ||||
r-patched-linux-x86_64 | 1.0.6 | 48.57 | 79.17 | 127.74 | OK | |
r-patched-solaris-x86 | 1.0.6 | 179.90 | NOTE | |||
r-release-linux-x86_64 | 1.0.6 | 50.84 | 78.89 | 129.73 | OK | |
r-release-macos-x86_64 | 1.0.6 | NOTE | ||||
r-release-windows-ix86+x86_64 | 1.0.6 | 112.00 | 142.00 | 254.00 | NOTE | |
r-oldrel-macos-x86_64 | 1.0.6 | NOTE | ||||
r-oldrel-windows-ix86+x86_64 | 1.0.6 | 132.00 | 106.00 | 238.00 | NOTE |
Version: 1.0.6
Check: installed package size
Result: NOTE
installed size is 14.8Mb
sub-directories of 1Mb or more:
doc 1.1Mb
include 6.4Mb
libs 5.3Mb
Flavors: r-devel-linux-x86_64-fedora-clang, r-devel-windows-ix86+x86_64, r-patched-solaris-x86, r-release-macos-x86_64, r-release-windows-ix86+x86_64, r-oldrel-macos-x86_64, r-oldrel-windows-ix86+x86_64
Version: 1.0.6
Check: foreign function calls
Result: NOTE
Registration problem:
symbol ‘symbol’ in the local frame:
.Call(symbol)
See chapter ‘System and foreign language interfaces’ in the ‘Writing R
Extensions’ manual.
Flavors: r-devel-linux-x86_64-fedora-clang, r-devel-linux-x86_64-fedora-gcc