Last updated on 2022-06-26 04:49:50 CEST.
Flavor | Version | Tinstall | Tcheck | Ttotal | Status | Flags |
---|---|---|---|---|---|---|
r-devel-linux-x86_64-debian-clang | 1.0.8.3 | 60.09 | 77.99 | 138.08 | OK | |
r-devel-linux-x86_64-debian-gcc | 1.0.8.3 | 45.74 | 60.94 | 106.68 | OK | |
r-devel-linux-x86_64-fedora-clang | 1.0.8.3 | 204.87 | NOTE | |||
r-devel-linux-x86_64-fedora-gcc | 1.0.8.3 | 185.03 | NOTE | |||
r-devel-windows-x86_64 | 1.0.8.3 | 1102.00 | 238.00 | 1340.00 | NOTE | |
r-patched-linux-x86_64 | 1.0.8.3 | 48.16 | 76.05 | 124.21 | OK | |
r-release-linux-x86_64 | 1.0.8.3 | 47.98 | 75.33 | 123.31 | OK | |
r-release-macos-arm64 | 1.0.8.3 | 66.00 | NOTE | |||
r-release-macos-x86_64 | 1.0.8.3 | 91.00 | NOTE | |||
r-release-windows-x86_64 | 1.0.8.3 | 800.00 | 234.00 | 1034.00 | NOTE | |
r-oldrel-macos-arm64 | 1.0.8.3 | 100.00 | NOTE | |||
r-oldrel-macos-x86_64 | 1.0.8.3 | 110.00 | NOTE | |||
r-oldrel-windows-ix86+x86_64 | 1.0.8.3 | 142.00 | 154.00 | 296.00 | NOTE |
Version: 1.0.8.3
Check: installed package size
Result: NOTE
installed size is 12.8Mb
sub-directories of 1Mb or more:
doc 1.2Mb
include 6.4Mb
libs 3.1Mb
tinytest 1.0Mb
Flavors: r-devel-linux-x86_64-fedora-clang, r-devel-windows-x86_64, r-release-macos-arm64, r-release-macos-x86_64, r-release-windows-x86_64, r-oldrel-macos-arm64, r-oldrel-macos-x86_64, r-oldrel-windows-ix86+x86_64
Version: 1.0.8.3
Check: foreign function calls
Result: NOTE
Registration problem:
symbol ‘symbol’ in the local frame:
.Call(symbol)
See chapter ‘System and foreign language interfaces’ in the ‘Writing R
Extensions’ manual.
Flavors: r-devel-linux-x86_64-fedora-clang, r-devel-linux-x86_64-fedora-gcc