CRAN Package Check Results for Package Rcpp

Last updated on 2018-09-24 09:54:40 CEST.

Flavor Version Tinstall Tcheck Ttotal Status Flags
r-devel-linux-x86_64-debian-clang 0.12.18 50.27 245.90 296.17 NOTE
r-devel-linux-x86_64-debian-gcc 0.12.18 42.72 198.17 240.89 NOTE
r-devel-linux-x86_64-fedora-clang 0.12.18 386.34 NOTE
r-devel-linux-x86_64-fedora-gcc 0.12.18 369.82 NOTE
r-devel-windows-ix86+x86_64 0.12.18 150.00 460.00 610.00 NOTE
r-patched-linux-x86_64 0.12.18 52.91 245.42 298.33 NOTE
r-patched-solaris-x86 0.12.18 203.40 NOTE
r-release-linux-x86_64 0.12.18 54.45 248.37 302.82 NOTE
r-release-windows-ix86+x86_64 0.12.18 114.00 460.00 574.00 NOTE
r-release-osx-x86_64 0.12.18 NOTE
r-oldrel-windows-ix86+x86_64 0.12.18 101.00 450.00 551.00 NOTE
r-oldrel-osx-x86_64 0.12.18 NOTE

Additional issues

clang-UBSAN

Check Details

Version: 0.12.18
Check: foreign function calls
Result: NOTE
    Registration problem:
     symbol ‘symbol’ in the local frame:
     .Call(symbol)
    See chapter ‘System and foreign language interfaces’ in the ‘Writing R
    Extensions’ manual.
Flavors: r-devel-linux-x86_64-debian-clang, r-devel-linux-x86_64-debian-gcc, r-devel-linux-x86_64-fedora-clang, r-devel-linux-x86_64-fedora-gcc, r-patched-linux-x86_64, r-release-linux-x86_64

Version: 0.12.18
Check: installed package size
Result: NOTE
     installed size is 15.3Mb
     sub-directories of 1Mb or more:
     doc 2.7Mb
     include 6.4Mb
     libs 4.3Mb
Flavors: r-devel-linux-x86_64-fedora-clang, r-devel-windows-ix86+x86_64, r-patched-solaris-x86, r-release-windows-ix86+x86_64, r-release-osx-x86_64, r-oldrel-windows-ix86+x86_64, r-oldrel-osx-x86_64