CRAN Package Check Results for Package Rcpp

Last updated on 2021-06-22 09:51:50 CEST.

Flavor Version Tinstall Tcheck Ttotal Status Flags
r-devel-linux-x86_64-debian-clang 1.0.6 59.63 81.81 141.44 OK
r-devel-linux-x86_64-debian-gcc 1.0.6 33.92 64.25 98.17 OK
r-devel-linux-x86_64-fedora-clang 1.0.6 201.03 NOTE
r-devel-linux-x86_64-fedora-gcc 1.0.6 174.17 NOTE
r-devel-windows-x86_64 1.0.6 73.00 112.00 185.00 NOTE
r-devel-windows-x86_64-gcc10-UCRT 1.0.6 OK
r-patched-linux-x86_64 1.0.6 47.96 79.56 127.52 OK
r-patched-solaris-x86 1.0.6 187.50 NOTE
r-release-linux-x86_64 1.0.6 47.39 79.84 127.23 OK
r-release-macos-arm64 1.0.6 ERROR
r-release-macos-x86_64 1.0.6 NOTE
r-release-windows-ix86+x86_64 1.0.6 129.00 108.00 237.00 NOTE
r-oldrel-macos-x86_64 1.0.6 NOTE

Check Details

Version: 1.0.6
Check: installed package size
Result: NOTE
     installed size is 13.6Mb
     sub-directories of 1Mb or more:
     doc 1.1Mb
     include 6.4Mb
     libs 4.0Mb
Flavors: r-devel-linux-x86_64-fedora-clang, r-devel-windows-x86_64, r-patched-solaris-x86, r-release-macos-x86_64, r-release-windows-ix86+x86_64, r-oldrel-macos-x86_64

Version: 1.0.6
Check: foreign function calls
Result: NOTE
    Registration problem:
     symbol ‘symbol’ in the local frame:
     .Call(symbol)
    See chapter ‘System and foreign language interfaces’ in the ‘Writing R
    Extensions’ manual.
Flavors: r-devel-linux-x86_64-fedora-clang, r-devel-linux-x86_64-fedora-gcc

Version: 1.0.6
Check: whether package can be installed
Result: ERROR
    Installation failed.
Flavor: r-release-macos-arm64