CRAN Package Check Results for Package Rcpp11

Last updated on 2019-02-18 21:48:55 CET.

Flavor Version Tinstall Tcheck Ttotal Status Flags
r-devel-linux-x86_64-debian-clang 3.1.2.0 1.20 15.56 16.76 NOTE
r-devel-linux-x86_64-debian-gcc 3.1.2.0 1.26 12.83 14.09 NOTE
r-devel-linux-x86_64-fedora-clang 3.1.2.0 21.18 NOTE
r-devel-linux-x86_64-fedora-gcc 3.1.2.0 19.56 NOTE
r-devel-windows-ix86+x86_64 3.1.2.0 9.00 28.00 37.00 NOTE
r-patched-linux-x86_64 3.1.2.0 0.84 14.69 15.53 OK
r-patched-solaris-x86 3.1.2.0 31.20 OK
r-release-linux-x86_64 3.1.2.0 OK
r-release-windows-ix86+x86_64 3.1.2.0 5.00 43.00 48.00 OK
r-release-osx-x86_64 3.1.2.0 OK
r-oldrel-windows-ix86+x86_64 3.1.2.0 6.00 21.00 27.00 OK
r-oldrel-osx-x86_64 3.1.2.0 OK

Check Details

Version: 3.1.2.0
Check: line endings in C/C++/Fortran sources/headers
Result: NOTE
    Found the following sources/headers not terminated with a newline:
     inst/include/Rcpp/traits/static_max_int.h
    Some compilers warn on such files.
Flavors: r-devel-linux-x86_64-debian-clang, r-devel-linux-x86_64-debian-gcc, r-devel-linux-x86_64-fedora-clang, r-devel-linux-x86_64-fedora-gcc, r-devel-windows-ix86+x86_64