CRAN Package Check Results for Package Rcpp11

Last updated on 2019-04-19 04:49:06 CEST.

Flavor Version Tinstall Tcheck Ttotal Status Flags
r-devel-linux-x86_64-debian-clang 3.1.2.0 1.67 15.47 17.14 NOTE
r-devel-linux-x86_64-debian-gcc 3.1.2.0 1.42 12.95 14.37 NOTE
r-devel-linux-x86_64-fedora-clang 3.1.2.0 20.43 NOTE
r-devel-linux-x86_64-fedora-gcc 3.1.2.0 19.42 NOTE
r-devel-windows-ix86+x86_64 3.1.2.0 8.00 28.00 36.00 NOTE
r-patched-linux-x86_64 3.1.2.0 1.60 15.51 17.11 NOTE
r-patched-solaris-x86 3.1.2.0 34.00 NOTE
r-release-linux-x86_64 3.1.2.0 1.10 14.62 15.72 OK
r-release-windows-ix86+x86_64 3.1.2.0 5.00 43.00 48.00 OK
r-release-osx-x86_64 3.1.2.0 OK
r-oldrel-windows-ix86+x86_64 3.1.2.0 6.00 21.00 27.00 OK
r-oldrel-osx-x86_64 3.1.2.0 OK

Check Details

Version: 3.1.2.0
Check: line endings in C/C++/Fortran sources/headers
Result: NOTE
    Found the following sources/headers not terminated with a newline:
     inst/include/Rcpp/traits/static_max_int.h
    Some compilers warn on such files.
Flavors: r-devel-linux-x86_64-debian-clang, r-devel-linux-x86_64-debian-gcc, r-devel-linux-x86_64-fedora-clang, r-devel-linux-x86_64-fedora-gcc, r-devel-windows-ix86+x86_64, r-patched-linux-x86_64, r-patched-solaris-x86