CRAN Package Check Results for Package Rcpp11

Last updated on 2019-07-19 01:47:24 CEST.

Flavor Version Tinstall Tcheck Ttotal Status Flags
r-devel-linux-x86_64-debian-clang 3.1.2.0 1.71 15.52 17.23 NOTE
r-devel-linux-x86_64-debian-gcc 3.1.2.0 1.40 13.00 14.40 NOTE
r-devel-linux-x86_64-fedora-clang 3.1.2.0 20.77 NOTE
r-devel-linux-x86_64-fedora-gcc 3.1.2.0 19.86 NOTE
r-devel-windows-ix86+x86_64 3.1.2.0 7.00 29.00 36.00 NOTE
r-patched-linux-x86_64 3.1.2.0 1.74 15.61 17.35 NOTE
r-patched-solaris-x86 3.1.2.0 36.00 NOTE
r-release-linux-x86_64 3.1.2.0 1.61 15.38 16.99 NOTE
r-release-windows-ix86+x86_64 3.1.2.0 6.00 44.00 50.00 NOTE
r-release-osx-x86_64 3.1.2.0 NOTE
r-oldrel-windows-ix86+x86_64 3.1.2.0 5.00 43.00 48.00 OK
r-oldrel-osx-x86_64 3.1.2.0 OK

Check Details

Version: 3.1.2.0
Check: line endings in C/C++/Fortran sources/headers
Result: NOTE
    Found the following sources/headers not terminated with a newline:
     inst/include/Rcpp/traits/static_max_int.h
    Some compilers warn on such files.
Flavors: r-devel-linux-x86_64-debian-clang, r-devel-linux-x86_64-debian-gcc, r-devel-linux-x86_64-fedora-clang, r-devel-linux-x86_64-fedora-gcc, r-devel-windows-ix86+x86_64, r-patched-linux-x86_64, r-patched-solaris-x86, r-release-linux-x86_64, r-release-windows-ix86+x86_64, r-release-osx-x86_64