Last updated on 2023-03-29 06:04:54 CEST.
Flavor | Version | Tinstall | Tcheck | Ttotal | Status | Flags |
---|---|---|---|---|---|---|
r-devel-linux-x86_64-debian-clang | 0.0.9 | 43.87 | 41.94 | 85.81 | NOTE | |
r-devel-linux-x86_64-debian-gcc | 0.0.9 | 37.39 | 32.58 | 69.97 | NOTE | |
r-devel-windows-x86_64 | 0.0.9 | 53.00 | 87.00 | 140.00 | NOTE | |
r-patched-linux-x86_64 | 0.0.9 | 43.54 | 41.40 | 84.94 | NOTE | |
r-release-linux-x86_64 | 0.0.9 | 35.38 | 41.38 | 76.76 | OK | |
r-release-macos-arm64 | 0.0.9 | 37.00 | OK | |||
r-release-macos-x86_64 | 0.0.9 | 43.00 | OK | |||
r-release-windows-x86_64 | 0.0.9 | 58.00 | 86.00 | 144.00 | OK | |
r-oldrel-macos-arm64 | 0.0.9 | 34.00 | OK | |||
r-oldrel-macos-x86_64 | 0.0.9 | 41.00 | OK | |||
r-oldrel-windows-ix86+x86_64 | 0.0.9 | 117.00 | 93.00 | 210.00 | WARN |
Version: 0.0.9
Check: C++ specification
Result: NOTE
Specified C++11: please drop specification unless essential
Flavors: r-devel-linux-x86_64-debian-clang, r-devel-linux-x86_64-debian-gcc, r-devel-windows-x86_64, r-patched-linux-x86_64
Version: 0.0.9
Check: re-building of vignette outputs
Result: WARN
Error(s) in re-building vignettes:
--- re-building 'binnmuAfterR340.md' using mdweave_to_html
Error: processing vignette 'binnmuAfterR340.md' failed with diagnostics:
Running '' had status 127; this generally means that '' could not be found. Make sure '' in on the path.
--- failed re-building 'binnmuAfterR340.md'
SUMMARY: processing the following file failed:
'binnmuAfterR340.md'
Error: Vignette re-building failed.
Execution halted
Flavor: r-oldrel-windows-ix86+x86_64