CRAN Package Check Results for Package RcppAPT

Last updated on 2018-07-22 17:49:37 CEST.

Flavor Version Tinstall Tcheck Ttotal Status Flags
r-devel-linux-x86_64-debian-clang 0.0.4 33.70 32.52 66.22 OK
r-devel-linux-x86_64-debian-gcc 0.0.4 27.36 26.16 53.52 OK
r-patched-linux-x86_64 0.0.4 OK
r-release-linux-x86_64 0.0.4 40.91 30.19 71.10 OK
r-release-osx-x86_64 0.0.4 ERROR
r-oldrel-osx-x86_64 0.0.4 ERROR

Check Details

Version: 0.0.4
Check: whether package can be installed
Result: ERROR
    Installation failed.
Flavors: r-release-osx-x86_64, r-oldrel-osx-x86_64