CRAN Package Check Results for Package RcppAPT

Last updated on 2018-01-21 08:48:38 CET.

Flavor Version Tinstall Tcheck Ttotal Status Flags
r-devel-linux-x86_64-debian-clang 0.0.4 33.61 31.44 65.05 OK
r-devel-linux-x86_64-debian-gcc 0.0.4 29.54 23.84 53.38 OK
r-patched-linux-x86_64 0.0.4 33.52 32.34 65.86 OK
r-release-linux-x86_64 0.0.4 37.80 32.07 69.87 OK
r-release-osx-x86_64 0.0.4 ERROR
r-oldrel-osx-x86_64 0.0.4 ERROR

Check Details

Version: 0.0.4
Check: whether package can be installed
Result: ERROR
    Installation failed.
Flavors: r-release-osx-x86_64, r-oldrel-osx-x86_64