CRAN Package Check Results for Package RcppAPT

Last updated on 2017-11-19 15:50:22.

Flavor Version Tinstall Tcheck Ttotal Status Flags
r-devel-linux-x86_64-debian-clang 0.0.4 24.36 22.01 46.37 OK
r-devel-linux-x86_64-debian-gcc 0.0.4 25.97 22.67 48.64 OK
r-patched-linux-x86_64 0.0.4 26.75 22.58 49.33 OK
r-release-linux-x86_64 0.0.4 27.05 23.24 50.29 OK
r-release-osx-x86_64 0.0.4 ERROR
r-oldrel-osx-x86_64 0.0.4 ERROR

Check Details

Version: 0.0.4
Check: whether package can be installed
Result: ERROR
    Installation failed.
Flavors: r-release-osx-x86_64, r-oldrel-osx-x86_64