Last updated on 2023-12-11 13:49:47 CET.
Flavor | Version | Tinstall | Tcheck | Ttotal | Status | Flags |
---|---|---|---|---|---|---|
r-devel-linux-x86_64-debian-clang | 0.0.9 | 45.71 | 42.52 | 88.23 | NOTE | |
r-devel-linux-x86_64-debian-gcc | 0.0.9 | 34.34 | 32.49 | 66.83 | NOTE | |
r-devel-windows-x86_64 | 0.0.9 | 39.00 | 121.00 | 160.00 | NOTE | |
r-patched-linux-x86_64 | 0.0.9 | 40.98 | 42.33 | 83.31 | NOTE | |
r-release-linux-x86_64 | 0.0.9 | 42.38 | 42.99 | 85.37 | NOTE | |
r-release-macos-arm64 | 0.0.9 | 39.00 | NOTE | |||
r-release-macos-x86_64 | 0.0.9 | 61.00 | NOTE | |||
r-release-windows-x86_64 | 0.0.9 | 47.00 | 77.00 | 124.00 | NOTE | |
r-oldrel-macos-arm64 | 0.0.9 | 32.00 | OK | |||
r-oldrel-macos-x86_64 | 0.0.9 | 43.00 | OK | |||
r-oldrel-windows-x86_64 | 0.0.9 | 46.00 | 70.00 | 116.00 | OK |
Version: 0.0.9
Check: C++ specification
Result: NOTE
Specified C++11: please drop specification unless essential
Flavors: r-devel-linux-x86_64-debian-clang, r-devel-linux-x86_64-debian-gcc, r-devel-windows-x86_64, r-patched-linux-x86_64, r-release-linux-x86_64, r-release-macos-arm64, r-release-macos-x86_64, r-release-windows-x86_64