CRAN Package Check Results for Package RcppAPT

Last updated on 2018-04-19 18:55:39 CEST.

Flavor Version Tinstall Tcheck Ttotal Status Flags
r-devel-linux-x86_64-debian-clang 0.0.4 35.97 28.26 64.23 OK
r-devel-linux-x86_64-debian-gcc 0.0.4 29.50 23.37 52.87 OK
r-devel-osx-x86_64 0.0.4 ERROR
r-patched-linux-x86_64 0.0.4 32.02 29.81 61.83 OK
r-release-linux-x86_64 0.0.4 35.35 31.99 67.34 OK
r-release-osx-x86_64 0.0.4 ERROR

Check Details

Version: 0.0.4
Check: whether package can be installed
Result: ERROR
    Installation failed.
Flavors: r-devel-osx-x86_64, r-release-osx-x86_64