Last updated on 2022-08-11 12:55:40 CEST.
Flavor | Version | Tinstall | Tcheck | Ttotal | Status | Flags |
---|---|---|---|---|---|---|
r-devel-linux-x86_64-debian-clang | 2.5.3 | 175.97 | 151.26 | 327.23 | OK | |
r-devel-linux-x86_64-debian-gcc | 2.5.3 | 134.75 | 118.99 | 253.74 | OK | |
r-devel-linux-x86_64-fedora-clang | 2.5.3 | 475.41 | OK | |||
r-devel-linux-x86_64-fedora-gcc | 2.5.3 | 414.41 | OK | |||
r-devel-windows-x86_64 | 2.5.3 | 369.00 | 251.00 | 620.00 | OK | |
r-patched-linux-x86_64 | 2.5.3 | 143.02 | 146.85 | 289.87 | OK | |
r-release-linux-x86_64 | 2.5.3 | OK | ||||
r-release-macos-arm64 | 2.5.3 | 121.00 | NOTE | |||
r-release-macos-x86_64 | 2.5.3 | 13.00 | ERROR | |||
r-release-windows-x86_64 | 2.5.3 | 355.00 | 247.00 | 602.00 | OK | |
r-oldrel-macos-arm64 | 2.5.3 | 124.00 | NOTE | |||
r-oldrel-macos-x86_64 | 2.5.3 | 15.00 | ERROR | |||
r-oldrel-windows-ix86+x86_64 | 2.5.3 | 417.00 | 349.00 | 766.00 | NOTE |
Version: 2.5.3
Check: installed package size
Result: NOTE
installed size is 15.5Mb
sub-directories of 1Mb or more:
libs 13.8Mb
Flavors: r-release-macos-arm64, r-oldrel-macos-arm64, r-oldrel-windows-ix86+x86_64
Version: 2.5.3
Check: whether package can be installed
Result: ERROR
Installation failed.
Flavors: r-release-macos-x86_64, r-oldrel-macos-x86_64