CRAN Package Check Results for Package RcppAlgos

Last updated on 2019-03-24 14:49:49 CET.

Flavor Version Tinstall Tcheck Ttotal Status Flags
r-devel-linux-x86_64-debian-clang 2.3.1 99.88 60.66 160.54 OK
r-devel-linux-x86_64-debian-gcc 2.3.1 81.36 48.69 130.05 OK
r-devel-linux-x86_64-fedora-clang 2.3.1 252.04 NOTE
r-devel-linux-x86_64-fedora-gcc 2.3.1 228.24 OK
r-devel-windows-ix86+x86_64 2.3.1 278.00 177.00 455.00 OK
r-patched-linux-x86_64 2.3.1 93.98 60.11 154.09 OK
r-patched-solaris-x86 2.3.1 245.40 OK
r-release-linux-x86_64 2.3.1 0.35 2.26 2.61 ERROR
r-release-windows-ix86+x86_64 2.3.1 274.00 178.00 452.00 OK
r-release-osx-x86_64 2.3.0 NOTE
r-oldrel-windows-ix86+x86_64 2.3.1 227.00 140.00 367.00 OK
r-oldrel-osx-x86_64 2.3.0 NOTE

Additional issues

clang-UBSAN

Check Details

Version: 2.3.1
Check: installed package size
Result: NOTE
     installed size is 9.6Mb
     sub-directories of 1Mb or more:
     libs 9.2Mb
Flavor: r-devel-linux-x86_64-fedora-clang

Version: 2.3.1
Check: whether package can be installed
Result: ERROR
    Installation failed.
Flavor: r-release-linux-x86_64

Version: 2.3.0
Check: installed package size
Result: NOTE
     installed size is 9.1Mb
     sub-directories of 1Mb or more:
     libs 8.7Mb
Flavors: r-release-osx-x86_64, r-oldrel-osx-x86_64