CRAN Package Check Results for Package RcppAlgos

Last updated on 2019-05-26 16:48:36 CEST.

Flavor Version Tinstall Tcheck Ttotal Status Flags
r-devel-linux-x86_64-debian-clang 2.3.2 98.99 60.35 159.34 OK
r-devel-linux-x86_64-debian-gcc 2.3.2 82.85 47.53 130.38 OK
r-devel-linux-x86_64-fedora-clang 2.3.2 250.59 NOTE
r-devel-linux-x86_64-fedora-gcc 2.3.2 226.91 OK
r-devel-windows-ix86+x86_64 2.3.2 201.00 187.00 388.00 OK
r-patched-linux-x86_64 2.3.2 OK
r-patched-solaris-x86 2.3.2 266.00 OK
r-release-linux-x86_64 2.3.2 95.74 59.49 155.23 OK
r-release-windows-ix86+x86_64 2.3.2 272.00 182.00 454.00 OK
r-release-osx-x86_64 2.3.2 NOTE
r-oldrel-windows-ix86+x86_64 2.3.2 277.00 138.00 415.00 OK
r-oldrel-osx-x86_64 2.3.2 NOTE

Additional issues

clang-UBSAN

Check Details

Version: 2.3.2
Check: installed package size
Result: NOTE
     installed size is 9.5Mb
     sub-directories of 1Mb or more:
     libs 9.0Mb
Flavors: r-devel-linux-x86_64-fedora-clang, r-release-osx-x86_64, r-oldrel-osx-x86_64