CRAN Package Check Results for Package RcppAnnoy

Last updated on 2019-02-16 22:46:40 CET.

Flavor Version Tinstall Tcheck Ttotal Status Flags
r-devel-linux-x86_64-debian-clang 0.0.11 23.13 77.25 100.38 OK
r-devel-linux-x86_64-debian-gcc 0.0.11 21.37 59.51 80.88 OK
r-devel-linux-x86_64-fedora-clang 0.0.11 130.85 OK
r-devel-linux-x86_64-fedora-gcc 0.0.11 127.93 OK
r-devel-windows-ix86+x86_64 0.0.11 91.00 626.00 717.00 OK
r-patched-linux-x86_64 0.0.11 23.77 74.66 98.43 OK
r-patched-solaris-x86 0.0.11 141.70 OK
r-release-linux-x86_64 0.0.11 OK
r-release-windows-ix86+x86_64 0.0.11 51.00 165.00 216.00 OK
r-release-osx-x86_64 0.0.11 NOTE
r-oldrel-windows-ix86+x86_64 0.0.11 69.00 257.00 326.00 OK
r-oldrel-osx-x86_64 0.0.11 NOTE

Additional issues

gcc-UBSAN

Check Details

Version: 0.0.11
Check: installed package size
Result: NOTE
     installed size is 5.4Mb
     sub-directories of 1Mb or more:
     libs 5.0Mb
Flavors: r-release-osx-x86_64, r-oldrel-osx-x86_64