Last updated on 2023-09-30 19:55:57 CEST.
Flavor | Version | Tinstall | Tcheck | Ttotal | Status | Flags |
---|---|---|---|---|---|---|
r-devel-linux-x86_64-debian-clang | 0.0.21 | 56.78 | 94.44 | 151.22 | NOTE | |
r-devel-linux-x86_64-debian-gcc | 0.0.21 | 36.72 | 67.96 | 104.68 | NOTE | |
r-devel-linux-x86_64-fedora-clang | 0.0.21 | 197.53 | NOTE | |||
r-devel-linux-x86_64-fedora-gcc | 0.0.21 | 227.09 | NOTE | |||
r-devel-windows-x86_64 | 0.0.21 | 48.00 | 178.00 | 226.00 | NOTE | |
r-patched-linux-x86_64 | 0.0.21 | 57.09 | 94.88 | 151.97 | OK | |
r-release-linux-x86_64 | 0.0.21 | 56.88 | 95.38 | 152.26 | OK | |
r-release-macos-arm64 | 0.0.21 | 74.00 | NOTE | |||
r-release-macos-x86_64 | 0.0.21 | 155.00 | NOTE | |||
r-release-windows-x86_64 | 0.0.21 | 71.00 | 168.00 | 239.00 | OK | |
r-oldrel-macos-arm64 | 0.0.21 | 67.00 | NOTE | |||
r-oldrel-macos-x86_64 | 0.0.21 | 113.00 | NOTE | |||
r-oldrel-windows-x86_64 | 0.0.21 | 66.00 | 147.00 | 213.00 | OK |
Version: 0.0.21
Check: Rd contents
Result: NOTE
Auto-generated content requiring editing in Rd object 'RcppAnnoy-package':
\examples: ‘# Optional simple examples of the most important functions’
Flavors: r-devel-linux-x86_64-debian-clang, r-devel-linux-x86_64-debian-gcc, r-devel-linux-x86_64-fedora-clang, r-devel-linux-x86_64-fedora-gcc, r-devel-windows-x86_64
Version: 0.0.21
Check: installed package size
Result: NOTE
installed size is 6.5Mb
sub-directories of 1Mb or more:
libs 6.2Mb
Flavors: r-release-macos-arm64, r-release-macos-x86_64, r-oldrel-macos-arm64, r-oldrel-macos-x86_64