CRAN Package Check Results for Package RcppAnnoy

Last updated on 2021-09-23 15:51:07 CEST.

Flavor Version Tinstall Tcheck Ttotal Status Flags
r-devel-linux-x86_64-debian-clang 0.0.19 53.40 94.73 148.13 OK
r-devel-linux-x86_64-debian-gcc 0.0.19 38.10 66.64 104.74 OK
r-devel-linux-x86_64-fedora-clang 0.0.19 198.94 NOTE
r-devel-linux-x86_64-fedora-gcc 0.0.19 187.27 OK
r-devel-windows-x86_64 0.0.19 60.00 113.00 173.00 OK
r-devel-windows-x86_64-gcc10-UCRT 0.0.19 ERROR
r-patched-linux-x86_64 0.0.19 46.05 88.53 134.58 OK
r-patched-solaris-x86 0.0.19 191.80 OK
r-release-linux-x86_64 0.0.19 44.80 88.88 133.68 OK
r-release-macos-arm64 0.0.19 NOTE
r-release-macos-x86_64 0.0.19 NOTE
r-release-windows-ix86+x86_64 0.0.19 142.00 207.00 349.00 OK
r-oldrel-macos-x86_64 0.0.19 NOTE
r-oldrel-windows-ix86+x86_64 0.0.19 142.00 168.00 310.00 OK

Check Details

Version: 0.0.19
Check: installed package size
Result: NOTE
     installed size is 5.5Mb
     sub-directories of 1Mb or more:
     libs 5.0Mb
Flavors: r-devel-linux-x86_64-fedora-clang, r-release-macos-arm64, r-release-macos-x86_64, r-oldrel-macos-x86_64

Version: 0.0.19
Check: whether package can be installed
Result: ERROR
    Installation failed.
Flavor: r-devel-windows-x86_64-gcc10-UCRT