CRAN Package Check Results for Package RcppAnnoy

Last updated on 2018-11-15 00:47:48 CET.

Flavor Version Tinstall Tcheck Ttotal Status Flags
r-devel-linux-x86_64-debian-clang 0.0.11 23.64 82.11 105.75 OK
r-devel-linux-x86_64-debian-gcc 0.0.11 24.58 63.89 88.47 OK
r-devel-linux-x86_64-fedora-clang 0.0.11 134.04 NOTE
r-devel-linux-x86_64-fedora-gcc 0.0.11 132.69 OK
r-devel-windows-ix86+x86_64 0.0.11 56.00 189.00 245.00 OK
r-patched-linux-x86_64 0.0.11 26.98 75.15 102.13 OK
r-patched-solaris-x86 0.0.11 139.30 OK
r-release-linux-x86_64 0.0.11 27.07 74.46 101.53 OK
r-release-windows-ix86+x86_64 0.0.11 72.00 190.00 262.00 OK
r-release-osx-x86_64 0.0.11 NOTE
r-oldrel-windows-ix86+x86_64 0.0.11 70.00 164.00 234.00 OK
r-oldrel-osx-x86_64 0.0.11 NOTE

Additional issues

gcc-UBSAN

Check Details

Version: 0.0.11
Check: installed package size
Result: NOTE
     installed size is 5.3Mb
     sub-directories of 1Mb or more:
     libs 4.9Mb
Flavors: r-devel-linux-x86_64-fedora-clang, r-release-osx-x86_64, r-oldrel-osx-x86_64