Last updated on 2023-09-27 23:37:43 CEST.
Flavor | Version | Tinstall | Tcheck | Ttotal | Status | Flags |
---|---|---|---|---|---|---|
r-devel-linux-x86_64-debian-clang | 0.12.6.4.0 | 56.79 | 305.34 | 362.13 | OK | |
r-devel-linux-x86_64-debian-gcc | 0.12.6.4.0 | 35.15 | 199.28 | 234.43 | OK | |
r-devel-linux-x86_64-fedora-clang | 0.12.6.4.0 | 464.72 | NOTE | |||
r-devel-linux-x86_64-fedora-gcc | 0.12.6.4.0 | 546.33 | OK | |||
r-devel-windows-x86_64 | 0.12.6.4.0 | 50.00 | 335.00 | 385.00 | NOTE | |
r-patched-linux-x86_64 | 0.12.6.4.0 | 53.15 | 308.22 | 361.37 | OK | |
r-release-linux-x86_64 | 0.12.6.4.0 | 50.02 | 304.07 | 354.09 | OK | |
r-release-macos-arm64 | 0.12.6.4.0 | 145.00 | NOTE | |||
r-release-macos-x86_64 | 0.12.6.4.0 | 301.00 | NOTE | |||
r-release-windows-x86_64 | 0.12.6.4.0 | 60.00 | 339.00 | 399.00 | NOTE | |
r-oldrel-macos-arm64 | 0.12.6.4.0 | 126.00 | NOTE | |||
r-oldrel-macos-x86_64 | 0.12.6.4.0 | 206.00 | NOTE | |||
r-oldrel-windows-x86_64 | 0.12.6.4.0 | 61.00 | 307.00 | 368.00 | NOTE |
Version: 0.12.6.4.0
Check: installed package size
Result: NOTE
installed size is 7.6Mb
sub-directories of 1Mb or more:
include 6.5Mb
Flavors: r-devel-linux-x86_64-fedora-clang, r-devel-windows-x86_64, r-release-macos-arm64, r-release-macos-x86_64, r-release-windows-x86_64, r-oldrel-macos-arm64, r-oldrel-macos-x86_64, r-oldrel-windows-x86_64