CRAN Package Check Results for Package RcppArmadillo

Last updated on 2020-04-07 09:49:39 CEST.

Flavor Version Tinstall Tcheck Ttotal Status Flags
r-devel-linux-x86_64-debian-clang 0.9.850.1.0 44.75 57.02 101.77 OK
r-devel-linux-x86_64-debian-gcc 0.9.850.1.0 32.40 45.58 77.98 OK
r-devel-linux-x86_64-fedora-clang 0.9.850.1.0 142.66 NOTE
r-devel-linux-x86_64-fedora-gcc 0.9.850.1.0 137.01 OK
r-devel-windows-ix86+x86_64 0.9.850.1.0 124.00 218.00 342.00 ERROR
r-devel-windows-ix86+x86_64-gcc8 0.9.850.1.0 101.00 163.00 264.00 ERROR
r-patched-linux-x86_64 0.9.850.1.0 36.49 56.03 92.52 OK
r-patched-solaris-x86 0.9.850.1.0 278.10 NOTE
r-release-linux-x86_64 0.9.850.1.0 37.66 53.00 90.66 OK
r-release-windows-ix86+x86_64 0.9.850.1.0 93.00 569.00 662.00 NOTE
r-release-osx-x86_64 0.9.850.1.0 NOTE
r-oldrel-windows-ix86+x86_64 0.9.850.1.0 119.00 446.00 565.00 NOTE
r-oldrel-osx-x86_64 0.9.850.1.0 NOTE

Check Details

Version: 0.9.850.1.0
Check: installed package size
Result: NOTE
     installed size is 8.9Mb
     sub-directories of 1Mb or more:
     include 6.0Mb
     libs 1.9Mb
Flavors: r-devel-linux-x86_64-fedora-clang, r-devel-windows-ix86+x86_64, r-devel-windows-ix86+x86_64-gcc8, r-patched-solaris-x86, r-release-windows-ix86+x86_64, r-release-osx-x86_64, r-oldrel-windows-ix86+x86_64, r-oldrel-osx-x86_64

Version: 0.9.850.1.0
Check: running tests for arch ‘i386’
Result: ERROR
     Running 'tinytest.R' [31s]
    Running the tests in 'tests/tinytest.R' failed.
    Complete output:
     >
     > if (requireNamespace("tinytest", quietly=TRUE) &&
     + utils::packageVersion("tinytest") >= "1.0.0") {
     +
     + ## Set a seed to make the test deterministic
     + set.seed(42)
     +
     + ## R makes us to this
     + Sys.setenv("R_TESTS"="")
     +
     + ## there are several more granular ways to test files in a tinytest directory,
     + ## see its package vignette; tests can also run once the package is installed
     + ## using the same command `test_package(pkgName)`, or by director or file
     + tinytest::test_package("RcppArmadillo", ncpu=getOption("Ncpus", 1))
     + }
     starting worker pid=15704 on localhost:11126 at 21:24:41.488
     Rlapack.o:Rlapack.cpp:(.text+0x3209): undefined reference to `zgees_'
     Rlapack.o:Rlapack.cpp:(.text.hot+0x18c): undefined reference to `zgemv_'
     Rlapack.o:Rlapack.cpp:(.text$_ZN4arma6auxlib6svd_dcIdNS_3MatISt7complexIdEEEEEbRNS_3ColIT_EERKNS_4BaseIS3_IS7_ET0_EERjSG_[__ZN4arma6auxlib6svd_dcIdNS_3MatISt7complexIdEEEEEbRNS_3ColIT_EERKNS_4BaseIS3_IS7_ET0_EERjSG_]+0x3c2): undefined reference to `zgesdd_'
     Rlapack.o:Rlapack.cpp:(.text$_ZN4arma6auxlib18solve_square_rcondINS_3MatISt7complexIdEEEEEbRNS2_INT_9elem_typeEEERNS6_8pod_typeES9_RKNS_4BaseIS7_S6_EEb[__ZN4arma6auxlib18solve_square_rcondINS_3MatISt7complexIdEEEEEbRNS2_INT_9elem_typeEEERNS6_8pod_typeES9_RKNS_4BaseIS7_S6_EEb]+0x15b): undefined reference to `zlange_'
     Rlapack.o:Rlapack.cpp:(.text$_ZN4arma6auxlib18solve_square_rcondINS_3MatISt7complexIdEEEEEbRNS2_INT_9elem_typeEEERNS6_8pod_typeES9_RKNS_4BaseIS7_S6_EEb[__ZN4arma6auxlib18solve_square_rcondINS_3MatISt7complexIdEEEEEbRNS2_INT_9elem_typeEEERNS6_8pod_typeES9_RKNS_4BaseIS7_S6_EEb]+0x189): undefined reference to `zgetrf_'
     Rlapack.o:Rlapack.cpp:(.text$_ZN4arma6auxlib18solve_square_rcondINS_3MatISt7complexIdEEEEEbRNS2_INT_9elem_typeEEERNS6_8pod_typeES9_RKNS_4BaseIS7_S6_EEb[__ZN4arma6auxlib18solve_square_rcondINS_3MatISt7complexIdEEEEEbRNS2_INT_9elem_typeEEERNS6_8pod_typeES9_RKNS_4BaseIS7_S6_EEb]+0x279): undefined reference to `zgetrs_'
     Rlapack.o:Rlapack.cpp:(.text$_ZN4arma6auxlib18solve_square_rcondINS_3MatISt7complexIdEEEEEbRNS2_INT_9elem_typeEEERNS6_8pod_typeES9_RKNS_4BaseIS7_S6_EEb[__ZN4arma6auxlib18solve_square_rcondINS_3MatISt7complexIdEEEEEbRNS2_INT_9elem_typeEEERNS6_8pod_typeES9_RKNS_4BaseIS7_S6_EEb]+0x374): undefined reference to `zgecon_'
     Rlapack.o:Rlapack.cpp:(.text$_ZN4arma6auxlib19solve_square_refineINS_3MatISt7complexIdEEEEEbRNS2_IS3_INT_8pod_typeEEEERS7_SA_RKNS_4BaseIS8_S6_EEbb[__ZN4arma6auxlib19solve_square_refineINS_3MatISt7complexIdEEEEEbRNS2_IS3_INT_8pod_typeEEEERS7_SA_RKNS_4BaseIS8_S6_EEbb]+0x437): undefined reference to `zgesvx_'
     Rlapack.o:Rlapack.cpp:(.text$_ZN4arma6auxlib8eig_pairINS_3MatISt7complexIdEEES5_EEbRNS2_IS3_INT_8pod_typeEEEESA_bRKNS_4BaseIS8_S6_EERKNSB_IS8_T0_EE[__ZN4arma6auxlib8eig_pairINS_3MatISt7complexIdEEES5_EEbRNS2_IS3_INT_8pod_typeEEEESA_bRKNS_4BaseIS8_S6_EERKNSB_IS8_T0_EE]+0x632): undefined reference to `zggev_'
     Rlapack.o:Rlapack.cpp:(.text$_ZN4arma6auxlib12rcond_trimatIdEET_RKNS_3MatISt7complexIS2_EEEj[__ZN4arma6auxlib12rcond_trimatIdEET_RKNS_3MatISt7complexIS2_EEEj]+0x125): undefined reference to `ztrcon_'
     Rlapack.o:Rlapack.cpp:(.text$_ZN4arma6auxlib8svd_econIdNS_3MatISt7complexIdEEEEEbRNS2_IS3_IT_EEERNS_3ColIS6_EES9_RKNS_4BaseIS7_T0_EEc[__ZN4arma6auxlib8svd_econIdNS_3MatISt7complexIdEEEEEbRNS2_IS3_IT_EEERNS_3ColIS6_EES9_RKNS_4BaseIS7_T0_EEc]+0x2f3): undefined reference to `zgesvd_'
     Rlapack.o:Rlapack.cpp:(.text$_ZN4arma6auxlib8svd_econIdNS_3MatISt7complexIdEEEEEbRNS2_IS3_IT_EEERNS_3ColIS6_EES9_RKNS_4BaseIS7_T0_EEc[__ZN4arma6auxlib8svd_econIdNS_3MatISt7complexIdEEEEEbRNS2_IS3_IT_EEERNS_3ColIS6_EES9_RKNS_4BaseIS7_T0_EEc]+0x41b): undefined reference to `zgesvd_'
     Rlapack.o:Rlapack.cpp:(.text$_ZN4arma6auxlib8svd_econIdNS_2OpINS_3MatISt7complexIdEEENS_9op_htransEEEEEbRNS3_IS4_IT_EEERNS_3ColIS9_EESC_RKNS_4BaseISA_T0_EEc[__ZN4arma6auxlib8svd_econIdNS_2OpINS_3MatISt7complexIdEEENS_9op_htransEEEEEbRNS3_IS4_IT_EEERNS_3ColIS9_EESC_RKNS_4BaseISA_T0_EEc]+0x315): undefined reference to `zgesvd_'
     Rlapack.o:Rlapack.cpp:(.text$_ZN4arma6auxlib8svd_econIdNS_2OpINS_3MatISt7complexIdEEENS_9op_htransEEEEEbRNS3_IS4_IT_EEERNS_3ColIS9_EESC_RKNS_4BaseISA_T0_EEc[__ZN4arma6auxlib8svd_econIdNS_2OpINS_3MatISt7complexIdEEENS_9op_htransEEEEEbRNS3_IS4_IT_EEERNS_3ColIS9_EESC_RKNS_4BaseISA_T0_EEc]+0x437): undefined reference to `zgesvd_'
     Rlapack.o:Rlapack.cpp:(.text$_ZN4arma6auxlib11svd_dc_econIdNS_3MatISt7complexIdEEEEEbRNS2_IS3_IT_EEERNS_3ColIS6_EES9_RKNS_4BaseIS7_T0_EE[__ZN4arma6auxlib11svd_dc_econIdNS_3MatISt7complexIdEEEEEbRNS2_IS3_IT_EEERNS_3ColIS6_EES9_RKNS_4BaseIS7_T0_EE]+0x2ba): undefined reference to `zgesdd_'
     Rlapack.o:Rlapack.cpp:(.text$_ZN4arma6auxlib11svd_dc_econIdNS_2OpINS_3MatISt7complexIdEEENS_9op_htransEEEEEbRNS3_IS4_IT_EEERNS_3ColIS9_EESC_RKNS_4BaseISA_T0_EE[__ZN4arma6auxlib11svd_dc_econIdNS_2OpINS_3MatISt7complexIdEEENS_9op_htransEEEEEbRNS3_IS4_IT_EEERNS_3ColIS9_EESC_RKNS_4BaseISA_T0_EE]+0x353): undefined reference to `zgesdd_'
     Rlapack.o:Rlapack.cpp:(.text$_ZN4arma6auxlib2qzIdNS_3MatISt7complexIdEEES5_EEbRNS2_IS3_IT_EEES9_S9_S9_RKNS_4BaseIS7_T0_EERKNSA_IS7_T1_EEc[__ZN4arma6auxlib2qzIdNS_3MatISt7complexIdEEES5_EEbRNS2_IS3_IT_EEES9_S9_S9_RKNS_4BaseIS7_T0_EERKNSA_IS7_T1_EEc]+0x38c): undefined reference to `zgges_'
     Rlapack.o:Rlapack.cpp:(.text$_ZN4arma6auxlib16solve_approx_svdINS_3MatISt7complexIdEEEEEbRNS2_IS3_INT_8pod_typeEEEESA_RKNS_4BaseIS8_S6_EE[__ZN4arma6auxlib16solve_approx_svdINS_3MatISt7complexIdEEEEEbRNS2_IS3_INT_8pod_typeEEEESA_RKNS_4BaseIS8_S6_EE]+0x2dc): undefined reference to `ilaenv_'
     Rlapack.o:Rlapack.cpp:(.text$_ZN4arma6auxlib16solve_approx_svdINS_3MatISt7complexIdEEEEEbRNS2_IS3_INT_8pod_typeEEEESA_RKNS_4BaseIS8_S6_EE[__ZN4arma6auxlib16solve_approx_svdINS_3MatISt7complexIdEEEEEbRNS2_IS3_INT_8pod_typeEEEESA_RKNS_4BaseIS8_S6_EE]+0x4ce): undefined reference to `zgelsd_'
     Rlapack.o:Rlapack.cpp:(.text$_ZN4arma6auxlib16solve_approx_svdINS_3MatISt7complexIdEEEEEbRNS2_IS3_INT_8pod_typeEEEESA_RKNS_4BaseIS8_S6_EE[__ZN4arma6auxlib16solve_approx_svdINS_3MatISt7complexIdEEEEEbRNS2_IS3_INT_8pod_typeEEEESA_RKNS_4BaseIS8_S6_EE]+0x5dc): undefined reference to `zgelsd_'
     Rlapack.o:Rlapack.cpp:(.text$_ZN4arma10glue_times5applyISt7complexIdELb0ELb0ELb0ENS_3MatIS3_EES5_EEvRNS4_IT_EERKT3_RKT4_S6_[__ZN4arma10glue_times5applyISt7complexIdELb0ELb0ELb0ENS_3MatIS3_EES5_EEvRNS4_IT_EERKT3_RKT4_S6_]+0x14d): undefined reference to `zgemm_'
     Rlapack.o:Rlapack.cpp:(.text$_ZN4arma10glue_times5applyISt7complexIdELb0ELb0ELb0ENS_3MatIS3_EES5_EEvRNS4_IT_EERKT3_RKT4_S6_[__ZN4arma10glue_times5applyISt7complexIdELb0ELb0ELb0ENS_3MatIS3_EES5_EEvRNS4_IT_EERKT3_RKT4_S6_]+0x234): undefined reference to `zgemv_'
     Rlapack.o:Rlapack.cpp:(.text$_ZN4arma14glue_solve_gen5applyISt7complexIdENS_3MatIS3_EES5_EEbRNS4_IT_EERKNS_4BaseIS6_T0_EERKNS9_IS6_T1_EEj[__ZN4arma14glue_solve_gen5applyISt7complexIdENS_3MatIS3_EES5_EEbRNS4_IT_EERKNS_4BaseIS6_T0_EERKNS9_IS6_T1_EEj]+0x46e): undefined reference to `zgels_'
     Rlapack.o:Rlapack.cpp:(.text$_ZN4arma14glue_solve_gen5applyISt7complexIdENS_3MatIS3_EES5_EEbRNS4_IT_EERKNS_4BaseIS6_T0_EERKNS9_IS6_T1_EEj[__ZN4arma14glue_solve_gen5applyISt7complexIdENS_3MatIS3_EES5_EEbRNS4_IT_EERKNS_4BaseIS6_T0_EERKNS9_IS6_T1_EEj]+0xc13): undefined reference to `ztrtrs_'
     Rlapack.o:Rlapack.cpp:(.text$_ZN4arma14glue_solve_gen5applyISt7complexIdENS_3MatIS3_EES5_EEbRNS4_IT_EERKNS_4BaseIS6_T0_EERKNS9_IS6_T1_EEj[__ZN4arma14glue_solve_gen5applyISt7complexIdENS_3MatIS3_EES5_EEbRNS4_IT_EERKNS_4BaseIS6_T0_EERKNS9_IS6_T1_EEj]+0xeb1): undefined reference to `zgesv_'
     Rlapack.o:Rlapack.cpp:(.text$_ZN4arma14glue_solve_gen5applyISt7complexIdENS_3MatIS3_EES5_EEbRNS4_IT_EERKNS_4BaseIS6_T0_EERKNS9_IS6_T1_EEj[__ZN4arma14glue_solve_gen5applyISt7complexIdENS_3MatIS3_EES5_EEbRNS4_IT_EERKNS_4BaseIS6_T0_EERKNS9_IS6_T1_EEj]+0x1089): undefined reference to `ztrtrs_'
     Rlapack.o:Rlapack.cpp:(.text$_ZN4arma9herk_emulILb1ELb0ELb0EE5applyIdNS_3MatISt7complexIdEEEEEvRNS3_IS4_IT_EEERKT0_S7_S7_[__ZN4arma9herk_emulILb1ELb0ELb0EE5applyIdNS_3MatISt7complexIdEEEEEvRNS3_IS4_IT_EEERKT0_S7_S7_]+0x115): undefined reference to `zgemv_'
     Rlapack.o:Rlapack.cpp:(.text$_ZN4arma7op_cdot11direct_cdotISt7complexIdEEET_jPKS4_S6_[__ZN4arma7op_cdot11direct_cdotISt7complexIdEEET_jPKS4_S6_]+0xd4): undefined reference to `zgemv_'
     Rlapack.o:Rlapack.cpp:(.text$_ZN4arma10glue_times5applyISt7complexIdELb1ELb0ELb0ENS_3MatIS3_EES5_EEvRNS4_IT_EERKT3_RKT4_S6_[__ZN4arma10glue_times5applyISt7complexIdELb1ELb0ELb0ENS_3MatIS3_EES5_EEvRNS4_IT_EERKT3_RKT4_S6_]+0x198): undefined reference to `zgemm_'
     Rlapack.o:Rlapack.cpp:(.text$_ZN4arma10glue_times5applyISt7complexIdELb1ELb0ELb0ENS_3MatIS3_EES5_EEvRNS4_IT_EERKT3_RKT4_S6_[__ZN4arma10glue_times5applyISt7complexIdELb1ELb0ELb0ENS_3MatIS3_EES5_EEvRNS4_IT_EERKT3_RKT4_S6_]+0x2a7): undefined reference to `zherk_'
     Rlapack.o:Rlapack.cpp:(.text$_ZN4arma10glue_times5applyISt7complexIdELb1ELb0ELb0ENS_3MatIS3_EES5_EEvRNS4_IT_EERKT3_RKT4_S6_[__ZN4arma10glue_times5applyISt7complexIdELb1ELb0ELb0ENS_3MatIS3_EES5_EEvRNS4_IT_EERKT3_RKT4_S6_]+0x3e6): undefined reference to `zgemv_'
     Rlapack.o:Rlapack.cpp:(.text$_ZN4arma10glue_times5applyISt7complexIdELb0ELb1ELb0ENS_3MatIS3_EES5_EEvRNS4_IT_EERKT3_RKT4_S6_[__ZN4arma10glue_times5applyISt7complexIdELb0ELb1ELb0ENS_3MatIS3_EES5_EEvRNS4_IT_EERKT3_RKT4_S6_]+0x176): undefined reference to `zgemm_'
     Rlapack.o:Rlapack.cpp:(.text$_ZN4arma10glue_times5applyISt7complexIdELb0ELb1ELb0ENS_3MatIS3_EES5_EEvRNS4_IT_EERKT3_RKT4_S6_[__ZN4arma10glue_times5applyISt7complexIdELb0ELb1ELb0ENS_3MatIS3_EES5_EEvRNS4_IT_EERKT3_RKT4_S6_]+0x27c): undefined reference to `zherk_'
     collect2.exe: error: ld returned 1 exit status
     make[1]: Entering directory `/cygdrive/d/temp/RtmpoB4wtB/sourceCpp-i386-w64-mingw32-1.0.4/sourcecpp_3d581b126b66'
     d:/Compiler/gcc-4.9.3/mingw_32/bin/g++ -std=gnu++11 -I"D:/RCompile/recent/R/include" -DNDEBUG -I../inst/include -fopenmp -I"D:/temp/Rtmp4M5mx5/RLIBS_142c05f9b20e9/Rcpp/include" -I"D:/temp/Rtmp4M5mx5/RLIBS_142c05f9b20e9/RcppArmadillo/include" -I"D:/temp/Rtmp4M5mx5/RLIBS_142c05f9b20e9/RcppArmadillo/tinytest/cpp" -I"d:/Compiler/gcc-4.9.3/local330/include" -O2 -Wall -mtune=core2 -c Rlapack.cpp -o Rlapack.o
     d:/Compiler/gcc-4.9.3/mingw_32/bin/g++ -shared -s -static-libgcc -o sourceCpp_2.dll tmp.def Rlapack.o -Ld:/Compiler/gcc-4.9.3/local330/lib/i386 -Ld:/Compiler/gcc-4.9.3/local330/lib -LD:/RCompile/recent/R/bin/i386 -lR
     make[1]: Leaving directory `/cygdrive/d/temp/RtmpoB4wtB/sourceCpp-i386-w64-mingw32-1.0.4/sourcecpp_3d581b126b66'
     make[1]: Entering directory `/cygdrive/d/temp/RtmpoB4wtB/sourceCpp-i386-w64-mingw32-1.0.4/sourcecpp_3d581b126b66'
     make[1]: Leaving directory `/cygdrive/d/temp/RtmpoB4wtB/sourceCpp-i386-w64-mingw32-1.0.4/sourcecpp_3d581b126b66'
     Error in checkForRemoteErrors(val) :
     one node produced an error: Error occurred building shared library.
     Calls: <Anonymous> ... clusterApply -> staticClusterApply -> checkForRemoteErrors
     Execution halted
Flavor: r-devel-windows-ix86+x86_64

Version: 0.9.850.1.0
Check: running tests for arch ‘x64’
Result: ERROR
     Running 'tinytest.R' [29s]
    Running the tests in 'tests/tinytest.R' failed.
    Complete output:
     >
     > if (requireNamespace("tinytest", quietly=TRUE) &&
     + utils::packageVersion("tinytest") >= "1.0.0") {
     +
     + ## Set a seed to make the test deterministic
     + set.seed(42)
     +
     + ## R makes us to this
     + Sys.setenv("R_TESTS"="")
     +
     + ## there are several more granular ways to test files in a tinytest directory,
     + ## see its package vignette; tests can also run once the package is installed
     + ## using the same command `test_package(pkgName)`, or by director or file
     + tinytest::test_package("RcppArmadillo", ncpu=getOption("Ncpus", 1))
     + }
     starting worker pid=123860 on localhost:11933 at 21:25:15.863
     Rlapack.o:Rlapack.cpp:(.text.hot+0x1e6): undefined reference to `zgemv_'
     Rlapack.o:Rlapack.cpp:(.text$_ZN4arma6auxlib6svd_dcIdNS_3MatISt7complexIdEEEEEbRNS_3ColIT_EERKNS_4BaseIS3_IS7_ET0_EERjSG_[_ZN4arma6auxlib6svd_dcIdNS_3MatISt7complexIdEEEEEbRNS_3ColIT_EERKNS_4BaseIS3_IS7_ET0_EERjSG_]+0x3d4): undefined reference to `zgesdd_'
     Rlapack.o:Rlapack.cpp:(.text$_ZN4arma6auxlib5schurIdEEbRNS_3MatISt7complexIT_EEES7_b[_ZN4arma6auxlib5schurIdEEbRNS_3MatISt7complexIT_EEES7_b]+0x22e): undefined reference to `zgees_'
     Rlapack.o:Rlapack.cpp:(.text$_ZN4arma6auxlib8eig_pairINS_3MatISt7complexIdEEES5_EEbRNS2_IS3_INT_8pod_typeEEEESA_bRKNS_4BaseIS8_S6_EERKNSB_IS8_T0_EE[_ZN4arma6auxlib8eig_pairINS_3MatISt7complexIdEEES5_EEbRNS2_IS3_INT_8pod_typeEEEESA_bRKNS_4BaseIS8_S6_EERKNSB_IS8_T0_EE]+0x658): undefined reference to `zggev_'
     Rlapack.o:Rlapack.cpp:(.text$_ZN4arma6auxlib18solve_square_rcondINS_3MatISt7complexIdEEEEEbRNS2_INT_9elem_typeEEERNS6_8pod_typeES9_RKNS_4BaseIS7_S6_EEb[_ZN4arma6auxlib18solve_square_rcondINS_3MatISt7complexIdEEEEEbRNS2_INT_9elem_typeEEERNS6_8pod_typeES9_RKNS_4BaseIS7_S6_EEb]+0x15a): undefined reference to `zlange_'
     Rlapack.o:Rlapack.cpp:(.text$_ZN4arma6auxlib18solve_square_rcondINS_3MatISt7complexIdEEEEEbRNS2_INT_9elem_typeEEERNS6_8pod_typeES9_RKNS_4BaseIS7_S6_EEb[_ZN4arma6auxlib18solve_square_rcondINS_3MatISt7complexIdEEEEEbRNS2_INT_9elem_typeEEERNS6_8pod_typeES9_RKNS_4BaseIS7_S6_EEb]+0x18a): undefined reference to `zgetrf_'
     Rlapack.o:Rlapack.cpp:(.text$_ZN4arma6auxlib18solve_square_rcondINS_3MatISt7complexIdEEEEEbRNS2_INT_9elem_typeEEERNS6_8pod_typeES9_RKNS_4BaseIS7_S6_EEb[_ZN4arma6auxlib18solve_square_rcondINS_3MatISt7complexIdEEEEEbRNS2_INT_9elem_typeEEERNS6_8pod_typeES9_RKNS_4BaseIS7_S6_EEb]+0x248): undefined reference to `zgetrs_'
     Rlapack.o:Rlapack.cpp:(.text$_ZN4arma6auxlib18solve_square_rcondINS_3MatISt7complexIdEEEEEbRNS2_INT_9elem_typeEEERNS6_8pod_typeES9_RKNS_4BaseIS7_S6_EEb[_ZN4arma6auxlib18solve_square_rcondINS_3MatISt7complexIdEEEEEbRNS2_INT_9elem_typeEEERNS6_8pod_typeES9_RKNS_4BaseIS7_S6_EEb]+0x359): undefined reference to `zgecon_'
     Rlapack.o:Rlapack.cpp:(.text$_ZN4arma6auxlib19solve_square_refineINS_3MatISt7complexIdEEEEEbRNS2_IS3_INT_8pod_typeEEEERS7_SA_RKNS_4BaseIS8_S6_EEbb[_ZN4arma6auxlib19solve_square_refineINS_3MatISt7complexIdEEEEEbRNS2_IS3_INT_8pod_typeEEEERS7_SA_RKNS_4BaseIS8_S6_EEbb]+0x46f): undefined reference to `zgesvx_'
     Rlapack.o:Rlapack.cpp:(.text$_ZN4arma6auxlib12rcond_trimatIdEET_RKNS_3MatISt7complexIS2_EEEj[_ZN4arma6auxlib12rcond_trimatIdEET_RKNS_3MatISt7complexIS2_EEEj]+0x14f): undefined reference to `ztrcon_'
     Rlapack.o:Rlapack.cpp:(.text$_ZN4arma6auxlib8svd_econIdNS_3MatISt7complexIdEEEEEbRNS2_IS3_IT_EEERNS_3ColIS6_EES9_RKNS_4BaseIS7_T0_EEc[_ZN4arma6auxlib8svd_econIdNS_3MatISt7complexIdEEEEEbRNS2_IS3_IT_EEERNS_3ColIS6_EES9_RKNS_4BaseIS7_T0_EEc]+0x355): undefined reference to `zgesvd_'
     Rlapack.o:Rlapack.cpp:(.text$_ZN4arma6auxlib8svd_econIdNS_3MatISt7complexIdEEEEEbRNS2_IS3_IT_EEERNS_3ColIS6_EES9_RKNS_4BaseIS7_T0_EEc[_ZN4arma6auxlib8svd_econIdNS_3MatISt7complexIdEEEEEbRNS2_IS3_IT_EEERNS_3ColIS6_EES9_RKNS_4BaseIS7_T0_EEc]+0x45b): undefined reference to `zgesvd_'
     Rlapack.o:Rlapack.cpp:(.text$_ZN4arma6auxlib8svd_econIdNS_2OpINS_3MatISt7complexIdEEENS_9op_htransEEEEEbRNS3_IS4_IT_EEERNS_3ColIS9_EESC_RKNS_4BaseISA_T0_EEc[_ZN4arma6auxlib8svd_econIdNS_2OpINS_3MatISt7complexIdEEENS_9op_htransEEEEEbRNS3_IS4_IT_EEERNS_3ColIS9_EESC_RKNS_4BaseISA_T0_EEc]+0x3b2): undefined reference to `zgesvd_'
     Rlapack.o:Rlapack.cpp:(.text$_ZN4arma6auxlib8svd_econIdNS_2OpINS_3MatISt7complexIdEEENS_9op_htransEEEEEbRNS3_IS4_IT_EEERNS_3ColIS9_EESC_RKNS_4BaseISA_T0_EEc[_ZN4arma6auxlib8svd_econIdNS_2OpINS_3MatISt7complexIdEEENS_9op_htransEEEEEbRNS3_IS4_IT_EEERNS_3ColIS9_EESC_RKNS_4BaseISA_T0_EEc]+0x4b8): undefined reference to `zgesvd_'
     Rlapack.o:Rlapack.cpp:(.text$_ZN4arma6auxlib11svd_dc_econIdNS_3MatISt7complexIdEEEEEbRNS2_IS3_IT_EEERNS_3ColIS6_EES9_RKNS_4BaseIS7_T0_EE[_ZN4arma6auxlib11svd_dc_econIdNS_3MatISt7complexIdEEEEEbRNS2_IS3_IT_EEERNS_3ColIS6_EES9_RKNS_4BaseIS7_T0_EE]+0x2ef): undefined reference to `zgesdd_'
     Rlapack.o:Rlapack.cpp:(.text$_ZN4arma6auxlib11svd_dc_econIdNS_2OpINS_3MatISt7complexIdEEENS_9op_htransEEEEEbRNS3_IS4_IT_EEERNS_3ColIS9_EESC_RKNS_4BaseISA_T0_EE[_ZN4arma6auxlib11svd_dc_econIdNS_2OpINS_3MatISt7complexIdEEENS_9op_htransEEEEEbRNS3_IS4_IT_EEERNS_3ColIS9_EESC_RKNS_4BaseISA_T0_EE]+0x394): undefined reference to `zgesdd_'
     Rlapack.o:Rlapack.cpp:(.text$_ZN4arma6auxlib2qzIdNS_3MatISt7complexIdEEES5_EEbRNS2_IS3_IT_EEES9_S9_S9_RKNS_4BaseIS7_T0_EERKNSA_IS7_T1_EEc[_ZN4arma6auxlib2qzIdNS_3MatISt7complexIdEEES5_EEbRNS2_IS3_IT_EEES9_S9_S9_RKNS_4BaseIS7_T0_EERKNSA_IS7_T1_EEc]+0x3a7): undefined reference to `zgges_'
     Rlapack.o:Rlapack.cpp:(.text$_ZN4arma6auxlib16solve_approx_svdINS_3MatISt7complexIdEEEEEbRNS2_IS3_INT_8pod_typeEEEESA_RKNS_4BaseIS8_S6_EE[_ZN4arma6auxlib16solve_approx_svdINS_3MatISt7complexIdEEEEEbRNS2_IS3_INT_8pod_typeEEEESA_RKNS_4BaseIS8_S6_EE]+0x31b): undefined reference to `ilaenv_'
     Rlapack.o:Rlapack.cpp:(.text$_ZN4arma6auxlib16solve_approx_svdINS_3MatISt7complexIdEEEEEbRNS2_IS3_INT_8pod_typeEEEESA_RKNS_4BaseIS8_S6_EE[_ZN4arma6auxlib16solve_approx_svdINS_3MatISt7complexIdEEEEEbRNS2_IS3_INT_8pod_typeEEEESA_RKNS_4BaseIS8_S6_EE]+0x51f): undefined reference to `zgelsd_'
     Rlapack.o:Rlapack.cpp:(.text$_ZN4arma6auxlib16solve_approx_svdINS_3MatISt7complexIdEEEEEbRNS2_IS3_INT_8pod_typeEEEESA_RKNS_4BaseIS8_S6_EE[_ZN4arma6auxlib16solve_approx_svdINS_3MatISt7complexIdEEEEEbRNS2_IS3_INT_8pod_typeEEEESA_RKNS_4BaseIS8_S6_EE]+0x623): undefined reference to `zgelsd_'
     Rlapack.o:Rlapack.cpp:(.text$_ZN4arma10glue_times5applyISt7complexIdELb0ELb0ELb0ENS_3MatIS3_EES5_EEvRNS4_IT_EERKT3_RKT4_S6_[_ZN4arma10glue_times5applyISt7complexIdELb0ELb0ELb0ENS_3MatIS3_EES5_EEvRNS4_IT_EERKT3_RKT4_S6_]+0x190): undefined reference to `zgemm_'
     Rlapack.o:Rlapack.cpp:(.text$_ZN4arma10glue_times5applyISt7complexIdELb0ELb0ELb0ENS_3MatIS3_EES5_EEvRNS4_IT_EERKT3_RKT4_S6_[_ZN4arma10glue_times5applyISt7complexIdELb0ELb0ELb0ENS_3MatIS3_EES5_EEvRNS4_IT_EERKT3_RKT4_S6_]+0x2a4): undefined reference to `zgemv_'
     Rlapack.o:Rlapack.cpp:(.text$_ZN4arma14glue_solve_gen5applyISt7complexIdENS_3MatIS3_EES5_EEbRNS4_IT_EERKNS_4BaseIS6_T0_EERKNS9_IS6_T1_EEj[_ZN4arma14glue_solve_gen5applyISt7complexIdENS_3MatIS3_EES5_EEbRNS4_IT_EERKNS_4BaseIS6_T0_EERKNS9_IS6_T1_EEj]+0x733): undefined reference to `zgels_'
     Rlapack.o:Rlapack.cpp:(.text$_ZN4arma14glue_solve_gen5applyISt7complexIdENS_3MatIS3_EES5_EEbRNS4_IT_EERKNS_4BaseIS6_T0_EERKNS9_IS6_T1_EEj[_ZN4arma14glue_solve_gen5applyISt7complexIdENS_3MatIS3_EES5_EEbRNS4_IT_EERKNS_4BaseIS6_T0_EERKNS9_IS6_T1_EEj]+0x939): undefined reference to `zgesv_'
     Rlapack.o:Rlapack.cpp:(.text$_ZN4arma14glue_solve_gen5applyISt7complexIdENS_3MatIS3_EES5_EEbRNS4_IT_EERKNS_4BaseIS6_T0_EERKNS9_IS6_T1_EEj[_ZN4arma14glue_solve_gen5applyISt7complexIdENS_3MatIS3_EES5_EEbRNS4_IT_EERKNS_4BaseIS6_T0_EERKNS9_IS6_T1_EEj]+0xab3): undefined reference to `ztrtrs_'
     Rlapack.o:Rlapack.cpp:(.text$_ZN4arma14glue_solve_gen5applyISt7complexIdENS_3MatIS3_EES5_EEbRNS4_IT_EERKNS_4BaseIS6_T0_EERKNS9_IS6_T1_EEj[_ZN4arma14glue_solve_gen5applyISt7complexIdENS_3MatIS3_EES5_EEbRNS4_IT_EERKNS_4BaseIS6_T0_EERKNS9_IS6_T1_EEj]+0xcc8): undefined reference to `ztrtrs_'
     Rlapack.o:Rlapack.cpp:(.text$_ZN4arma9herk_emulILb1ELb0ELb0EE5applyIdNS_3MatISt7complexIdEEEEEvRNS3_IS4_IT_EEERKT0_S7_S7_[_ZN4arma9herk_emulILb1ELb0ELb0EE5applyIdNS_3MatISt7complexIdEEEEEvRNS3_IS4_IT_EEERKT0_S7_S7_]+0x17a): undefined reference to `zgemv_'
     Rlapack.o:Rlapack.cpp:(.text$_ZN4arma9herk_emulILb0ELb0ELb0EE5applyIdNS_3MatISt7complexIdEEEEEvRNS3_IS4_IT_EEERKT0_S7_S7_[_ZN4arma9herk_emulILb0ELb0ELb0EE5applyIdNS_3MatISt7complexIdEEEEEvRNS3_IS4_IT_EEERKT0_S7_S7_]+0x2aa): undefined reference to `zgemv_'
     Rlapack.o:Rlapack.cpp:(.text$_ZN4arma7op_cdot11direct_cdotISt7complexIdEEET_jPKS4_S6_[_ZN4arma7op_cdot11direct_cdotISt7complexIdEEET_jPKS4_S6_]+0xf4): undefined reference to `zgemv_'
     Rlapack.o:Rlapack.cpp:(.text$_ZN4arma10glue_times5applyISt7complexIdELb1ELb0ELb0ENS_3MatIS3_EES5_EEvRNS4_IT_EERKT3_RKT4_S6_[_ZN4arma10glue_times5applyISt7complexIdELb1ELb0ELb0ENS_3MatIS3_EES5_EEvRNS4_IT_EERKT3_RKT4_S6_]+0x1c2): undefined reference to `zgemm_'
     Rlapack.o:Rlapack.cpp:(.text$_ZN4arma10glue_times5applyISt7complexIdELb1ELb0ELb0ENS_3MatIS3_EES5_EEvRNS4_IT_EERKT3_RKT4_S6_[_ZN4arma10glue_times5applyISt7complexIdELb1ELb0ELb0ENS_3MatIS3_EES5_EEvRNS4_IT_EERKT3_RKT4_S6_]+0x2e8): undefined reference to `zherk_'
     Rlapack.o:Rlapack.cpp:(.text$_ZN4arma10glue_times5applyISt7complexIdELb1ELb0ELb0ENS_3MatIS3_EES5_EEvRNS4_IT_EERKT3_RKT4_S6_[_ZN4arma10glue_times5applyISt7complexIdELb1ELb0ELb0ENS_3MatIS3_EES5_EEvRNS4_IT_EERKT3_RKT4_S6_]+0x457): undefined reference to `zgemv_'
     Rlapack.o:Rlapack.cpp:(.text$_ZN4arma10glue_times5applyISt7complexIdELb0ELb1ELb0ENS_3MatIS3_EES5_EEvRNS4_IT_EERKT3_RKT4_S6_[_ZN4arma10glue_times5applyISt7complexIdELb0ELb1ELb0ENS_3MatIS3_EES5_EEvRNS4_IT_EERKT3_RKT4_S6_]+0x1a1): undefined reference to `zgemm_'
     Rlapack.o:Rlapack.cpp:(.text$_ZN4arma10glue_times5applyISt7complexIdELb0ELb1ELb0ENS_3MatIS3_EES5_EEvRNS4_IT_EERKT3_RKT4_S6_[_ZN4arma10glue_times5applyISt7complexIdELb0ELb1ELb0ENS_3MatIS3_EES5_EEvRNS4_IT_EERKT3_RKT4_S6_]+0x2ba): undefined reference to `zherk_'
     collect2.exe: error: ld returned 1 exit status
     make[1]: Entering directory `/cygdrive/d/temp/Rtmpc1Lrxa/sourceCpp-x86_64-w64-mingw32-1.0.4/sourcecpp_1e3d455a1125c'
     d:/Compiler/gcc-4.9.3/mingw_64/bin/g++ -m64 -std=gnu++11 -I"D:/RCompile/recent/R/include" -DNDEBUG -I../inst/include -fopenmp -I"D:/temp/Rtmp4M5mx5/RLIBS_142c05f9b20e9/Rcpp/include" -I"D:/temp/Rtmp4M5mx5/RLIBS_142c05f9b20e9/RcppArmadillo/include" -I"D:/temp/Rtmp4M5mx5/RLIBS_142c05f9b20e9/RcppArmadillo/tinytest/cpp" -I"d:/Compiler/gcc-4.9.3/local330/include" -O2 -Wall -mtune=core2 -c Rlapack.cpp -o Rlapack.o
     d:/Compiler/gcc-4.9.3/mingw_64/bin/g++ -m64 -shared -s -static-libgcc -o sourceCpp_2.dll tmp.def Rlapack.o -Ld:/Compiler/gcc-4.9.3/local330/lib/x64 -Ld:/Compiler/gcc-4.9.3/local330/lib -LD:/RCompile/recent/R/bin/x64 -lR
     make[1]: Leaving directory `/cygdrive/d/temp/Rtmpc1Lrxa/sourceCpp-x86_64-w64-mingw32-1.0.4/sourcecpp_1e3d455a1125c'
     make[1]: Entering directory `/cygdrive/d/temp/Rtmpc1Lrxa/sourceCpp-x86_64-w64-mingw32-1.0.4/sourcecpp_1e3d455a1125c'
     make[1]: Leaving directory `/cygdrive/d/temp/Rtmpc1Lrxa/sourceCpp-x86_64-w64-mingw32-1.0.4/sourcecpp_1e3d455a1125c'
     Error in checkForRemoteErrors(val) :
     one node produced an error: Error occurred building shared library.
     Calls: <Anonymous> ... clusterApply -> staticClusterApply -> checkForRemoteErrors
     Execution halted
Flavor: r-devel-windows-ix86+x86_64

Version: 0.9.850.1.0
Check: running tests for arch ‘i386’
Result: ERROR
     Running 'tinytest.R' [23s]
    Running the tests in 'tests/tinytest.R' failed.
    Complete output:
     >
     > if (requireNamespace("tinytest", quietly=TRUE) &&
     + utils::packageVersion("tinytest") >= "1.0.0") {
     +
     + ## Set a seed to make the test deterministic
     + set.seed(42)
     +
     + ## R makes us to this
     + Sys.setenv("R_TESTS"="")
     +
     + ## there are several more granular ways to test files in a tinytest directory,
     + ## see its package vignette; tests can also run once the package is installed
     + ## using the same command `test_package(pkgName)`, or by director or file
     + tinytest::test_package("RcppArmadillo", ncpu=getOption("Ncpus", 1))
     + }
     starting worker pid=183340 on localhost:11289 at 20:37:11.576
     D:/Compiler/rtools40/mingw32/bin/../lib/gcc/i686-w64-mingw32/8.3.0/../../../../i686-w64-mingw32/bin/ld.exe: Rlapack.o:Rlapack.cpp:(.text+0x86c): undefined reference to `zgesdd_'
     D:/Compiler/rtools40/mingw32/bin/../lib/gcc/i686-w64-mingw32/8.3.0/../../../../i686-w64-mingw32/bin/ld.exe: Rlapack.o:Rlapack.cpp:(.text+0x1b9d): undefined reference to `zgemv_'
     D:/Compiler/rtools40/mingw32/bin/../lib/gcc/i686-w64-mingw32/8.3.0/../../../../i686-w64-mingw32/bin/ld.exe: Rlapack.o:Rlapack.cpp:(.text+0x239d): undefined reference to `zgemv_'
     D:/Compiler/rtools40/mingw32/bin/../lib/gcc/i686-w64-mingw32/8.3.0/../../../../i686-w64-mingw32/bin/ld.exe: Rlapack.o:Rlapack.cpp:(.text+0x2ccc): undefined reference to `zgees_'
     D:/Compiler/rtools40/mingw32/bin/../lib/gcc/i686-w64-mingw32/8.3.0/../../../../i686-w64-mingw32/bin/ld.exe: Rlapack.o:Rlapack.cpp:(.text+0x3652): undefined reference to `zgges_'
     D:/Compiler/rtools40/mingw32/bin/../lib/gcc/i686-w64-mingw32/8.3.0/../../../../i686-w64-mingw32/bin/ld.exe: Rlapack.o:Rlapack.cpp:(.text.hot+0x17): undefined reference to `omp_get_num_threads'
     D:/Compiler/rtools40/mingw32/bin/../lib/gcc/i686-w64-mingw32/8.3.0/../../../../i686-w64-mingw32/bin/ld.exe: Rlapack.o:Rlapack.cpp:(.text.hot+0x1e): undefined reference to `omp_get_thread_num'
     D:/Compiler/rtools40/mingw32/bin/../lib/gcc/i686-w64-mingw32/8.3.0/../../../../i686-w64-mingw32/bin/ld.exe: Rlapack.o:Rlapack.cpp:(.text$_ZN4arma6auxlib8eig_pairINS_3MatISt7complexIdEEES5_EEbRNS2_IS3_INT_8pod_typeEEEESA_bRKNS_4BaseIS8_S6_EERKNSB_IS8_T0_EE[__ZN4arma6auxlib8eig_pairINS_3MatISt7complexIdEEES5_EEbRNS2_IS3_INT_8pod_typeEEEESA_bRKNS_4BaseIS8_S6_EERKNSB_IS8_T0_EE]+0x404): undefined reference to `zggev_'
     D:/Compiler/rtools40/mingw32/bin/../lib/gcc/i686-w64-mingw32/8.3.0/../../../../i686-w64-mingw32/bin/ld.exe: Rlapack.o:Rlapack.cpp:(.text$_ZN4arma6auxlib18solve_square_rcondINS_3MatISt7complexIdEEEEEbRNS2_INT_9elem_typeEEERNS6_8pod_typeES9_RKNS_4BaseIS7_S6_EEb[__ZN4arma6auxlib18solve_square_rcondINS_3MatISt7complexIdEEEEEbRNS2_INT_9elem_typeEEERNS6_8pod_typeES9_RKNS_4BaseIS7_S6_EEb]+0x146): undefined reference to `zlange_'
     D:/Compiler/rtools40/mingw32/bin/../lib/gcc/i686-w64-mingw32/8.3.0/../../../../i686-w64-mingw32/bin/ld.exe: Rlapack.o:Rlapack.cpp:(.text$_ZN4arma6auxlib18solve_square_rcondINS_3MatISt7complexIdEEEEEbRNS2_INT_9elem_typeEEERNS6_8pod_typeES9_RKNS_4BaseIS7_S6_EEb[__ZN4arma6auxlib18solve_square_rcondINS_3MatISt7complexIdEEEEEbRNS2_INT_9elem_typeEEERNS6_8pod_typeES9_RKNS_4BaseIS7_S6_EEb]+0x177): undefined reference to `zgetrf_'
     D:/Compiler/rtools40/mingw32/bin/../lib/gcc/i686-w64-mingw32/8.3.0/../../../../i686-w64-mingw32/bin/ld.exe: Rlapack.o:Rlapack.cpp:(.text$_ZN4arma6auxlib18solve_square_rcondINS_3MatISt7complexIdEEEEEbRNS2_INT_9elem_typeEEERNS6_8pod_typeES9_RKNS_4BaseIS7_S6_EEb[__ZN4arma6auxlib18solve_square_rcondINS_3MatISt7complexIdEEEEEbRNS2_INT_9elem_typeEEERNS6_8pod_typeES9_RKNS_4BaseIS7_S6_EEb]+0x1db): undefined reference to `zgetrs_'
     D:/Compiler/rtools40/mingw32/bin/../lib/gcc/i686-w64-mingw32/8.3.0/../../../../i686-w64-mingw32/bin/ld.exe: Rlapack.o:Rlapack.cpp:(.text$_ZN4arma6auxlib18solve_square_rcondINS_3MatISt7complexIdEEEEEbRNS2_INT_9elem_typeEEERNS6_8pod_typeES9_RKNS_4BaseIS7_S6_EEb[__ZN4arma6auxlib18solve_square_rcondINS_3MatISt7complexIdEEEEEbRNS2_INT_9elem_typeEEERNS6_8pod_typeES9_RKNS_4BaseIS7_S6_EEb]+0x3b0): undefined reference to `zgecon_'
     D:/Compiler/rtools40/mingw32/bin/../lib/gcc/i686-w64-mingw32/8.3.0/../../../../i686-w64-mingw32/bin/ld.exe: Rlapack.o:Rlapack.cpp:(.text$_ZN4arma6auxlib19solve_square_refineINS_3MatISt7complexIdEEEEEbRNS2_IS3_INT_8pod_typeEEEERS7_SA_RKNS_4BaseIS8_S6_EEbb[__ZN4arma6auxlib19solve_square_refineINS_3MatISt7complexIdEEEEEbRNS2_IS3_INT_8pod_typeEEEERS7_SA_RKNS_4BaseIS8_S6_EEbb]+0x32c): undefined reference to `zgesvx_'
     D:/Compiler/rtools40/mingw32/bin/../lib/gcc/i686-w64-mingw32/8.3.0/../../../../i686-w64-mingw32/bin/ld.exe: Rlapack.o:Rlapack.cpp:(.text$_ZN4arma6auxlib11svd_dc_econIdNS_2OpINS_3MatISt7complexIdEEENS_9op_htransEEEEEbRNS3_IS4_IT_EEERNS_3ColIS9_EESC_RKNS_4BaseISA_T0_EE[__ZN4arma6auxlib11svd_dc_econIdNS_2OpINS_3MatISt7complexIdEEENS_9op_htransEEEEEbRNS3_IS4_IT_EEERNS_3ColIS9_EESC_RKNS_4BaseISA_T0_EE]+0x299): undefined reference to `zgesdd_'
     D:/Compiler/rtools40/mingw32/bin/../lib/gcc/i686-w64-mingw32/8.3.0/../../../../i686-w64-mingw32/bin/ld.exe: Rlapack.o:Rlapack.cpp:(.text$_ZN4arma6auxlib11svd_dc_econIdNS_3MatISt7complexIdEEEEEbRNS2_IS3_IT_EEERNS_3ColIS6_EES9_RKNS_4BaseIS7_T0_EE[__ZN4arma6auxlib11svd_dc_econIdNS_3MatISt7complexIdEEEEEbRNS2_IS3_IT_EEERNS_3ColIS6_EES9_RKNS_4BaseIS7_T0_EE]+0x287): undefined reference to `zgesdd_'
     D:/Compiler/rtools40/mingw32/bin/../lib/gcc/i686-w64-mingw32/8.3.0/../../../../i686-w64-mingw32/bin/ld.exe: Rlapack.o:Rlapack.cpp:(.text$_ZN4arma6auxlib8svd_econIdNS_2OpINS_3MatISt7complexIdEEENS_9op_htransEEEEEbRNS3_IS4_IT_EEERNS_3ColIS9_EESC_RKNS_4BaseISA_T0_EEc[__ZN4arma6auxlib8svd_econIdNS_2OpINS_3MatISt7complexIdEEENS_9op_htransEEEEEbRNS3_IS4_IT_EEERNS_3ColIS9_EESC_RKNS_4BaseISA_T0_EEc]+0x27a): undefined reference to `zgesvd_'
     D:/Compiler/rtools40/mingw32/bin/../lib/gcc/i686-w64-mingw32/8.3.0/../../../../i686-w64-mingw32/bin/ld.exe: Rlapack.o:Rlapack.cpp:(.text$_ZN4arma6auxlib8svd_econIdNS_2OpINS_3MatISt7complexIdEEENS_9op_htransEEEEEbRNS3_IS4_IT_EEERNS_3ColIS9_EESC_RKNS_4BaseISA_T0_EEc[__ZN4arma6auxlib8svd_econIdNS_2OpINS_3MatISt7complexIdEEENS_9op_htransEEEEEbRNS3_IS4_IT_EEERNS_3ColIS9_EESC_RKNS_4BaseISA_T0_EEc]+0x383): undefined reference to `zgesvd_'
     D:/Compiler/rtools40/mingw32/bin/../lib/gcc/i686-w64-mingw32/8.3.0/../../../../i686-w64-mingw32/bin/ld.exe: Rlapack.o:Rlapack.cpp:(.text$_ZN4arma6auxlib8svd_econIdNS_3MatISt7complexIdEEEEEbRNS2_IS3_IT_EEERNS_3ColIS6_EES9_RKNS_4BaseIS7_T0_EEc[__ZN4arma6auxlib8svd_econIdNS_3MatISt7complexIdEEEEEbRNS2_IS3_IT_EEERNS_3ColIS6_EES9_RKNS_4BaseIS7_T0_EEc]+0x26a): undefined reference to `zgesvd_'
     D:/Compiler/rtools40/mingw32/bin/../lib/gcc/i686-w64-mingw32/8.3.0/../../../../i686-w64-mingw32/bin/ld.exe: Rlapack.o:Rlapack.cpp:(.text$_ZN4arma6auxlib8svd_econIdNS_3MatISt7complexIdEEEEEbRNS2_IS3_IT_EEERNS_3ColIS6_EES9_RKNS_4BaseIS7_T0_EEc[__ZN4arma6auxlib8svd_econIdNS_3MatISt7complexIdEEEEEbRNS2_IS3_IT_EEERNS_3ColIS6_EES9_RKNS_4BaseIS7_T0_EEc]+0x373): undefined reference to `zgesvd_'
     D:/Compiler/rtools40/mingw32/bin/../lib/gcc/i686-w64-mingw32/8.3.0/../../../../i686-w64-mingw32/bin/ld.exe: Rlapack.o:Rlapack.cpp:(.text$_ZN4arma6auxlib16solve_approx_svdINS_3MatISt7complexIdEEEEEbRNS2_IS3_INT_8pod_typeEEEESA_RKNS_4BaseIS8_S6_EE[__ZN4arma6auxlib16solve_approx_svdINS_3MatISt7complexIdEEEEEbRNS2_IS3_INT_8pod_typeEEEESA_RKNS_4BaseIS8_S6_EE]+0x2b0): undefined reference to `ilaenv_'
     D:/Compiler/rtools40/mingw32/bin/../lib/gcc/i686-w64-mingw32/8.3.0/../../../../i686-w64-mingw32/bin/ld.exe: Rlapack.o:Rlapack.cpp:(.text$_ZN4arma6auxlib16solve_approx_svdINS_3MatISt7complexIdEEEEEbRNS2_IS3_INT_8pod_typeEEEESA_RKNS_4BaseIS8_S6_EE[__ZN4arma6auxlib16solve_approx_svdINS_3MatISt7complexIdEEEEEbRNS2_IS3_INT_8pod_typeEEEESA_RKNS_4BaseIS8_S6_EE]+0x475): undefined reference to `zgelsd_'
     D:/Compiler/rtools40/mingw32/bin/../lib/gcc/i686-w64-mingw32/8.3.0/../../../../i686-w64-mingw32/bin/ld.exe: Rlapack.o:Rlapack.cpp:(.text$_ZN4arma6auxlib16solve_approx_svdINS_3MatISt7complexIdEEEEEbRNS2_IS3_INT_8pod_typeEEEESA_RKNS_4BaseIS8_S6_EE[__ZN4arma6auxlib16solve_approx_svdINS_3MatISt7complexIdEEEEEbRNS2_IS3_INT_8pod_typeEEEESA_RKNS_4BaseIS8_S6_EE]+0x548): undefined reference to `zgelsd_'
     D:/Compiler/rtools40/mingw32/bin/../lib/gcc/i686-w64-mingw32/8.3.0/../../../../i686-w64-mingw32/bin/ld.exe: Rlapack.o:Rlapack.cpp:(.text$_ZN4arma10glue_times5applyISt7complexIdELb0ELb0ELb0ENS_3MatIS3_EES5_EEvRNS4_IT_EERKT3_RKT4_S6_[__ZN4arma10glue_times5applyISt7complexIdELb0ELb0ELb0ENS_3MatIS3_EES5_EEvRNS4_IT_EERKT3_RKT4_S6_]+0x157): undefined reference to `zgemm_'
     D:/Compiler/rtools40/mingw32/bin/../lib/gcc/i686-w64-mingw32/8.3.0/../../../../i686-w64-mingw32/bin/ld.exe: Rlapack.o:Rlapack.cpp:(.text$_ZN4arma10glue_times5applyISt7complexIdELb0ELb0ELb0ENS_3MatIS3_EES5_EEvRNS4_IT_EERKT3_RKT4_S6_[__ZN4arma10glue_times5applyISt7complexIdELb0ELb0ELb0ENS_3MatIS3_EES5_EEvRNS4_IT_EERKT3_RKT4_S6_]+0x242): undefined reference to `zgemv_'
     D:/Compiler/rtools40/mingw32/bin/../lib/gcc/i686-w64-mingw32/8.3.0/../../../../i686-w64-mingw32/bin/ld.exe: Rlapack.o:Rlapack.cpp:(.text$_ZN4arma14glue_solve_gen5applyISt7complexIdENS_3MatIS3_EES5_EEbRNS4_IT_EERKNS_4BaseIS6_T0_EERKNS9_IS6_T1_EEj[__ZN4arma14glue_solve_gen5applyISt7complexIdENS_3MatIS3_EES5_EEbRNS4_IT_EERKNS_4BaseIS6_T0_EERKNS9_IS6_T1_EEj]+0x72d): undefined reference to `zgesv_'
     D:/Compiler/rtools40/mingw32/bin/../lib/gcc/i686-w64-mingw32/8.3.0/../../../../i686-w64-mingw32/bin/ld.exe: Rlapack.o:Rlapack.cpp:(.text$_ZN4arma14glue_solve_gen5applyISt7complexIdENS_3MatIS3_EES5_EEbRNS4_IT_EERKNS_4BaseIS6_T0_EERKNS9_IS6_T1_EEj[__ZN4arma14glue_solve_gen5applyISt7complexIdENS_3MatIS3_EES5_EEbRNS4_IT_EERKNS_4BaseIS6_T0_EERKNS9_IS6_T1_EEj]+0x934): undefined reference to `zgels_'
     D:/Compiler/rtools40/mingw32/bin/../lib/gcc/i686-w64-mingw32/8.3.0/../../../../i686-w64-mingw32/bin/ld.exe: Rlapack.o:Rlapack.cpp:(.text$_ZN4arma14glue_solve_gen5applyISt7complexIdENS_3MatIS3_EES5_EEbRNS4_IT_EERKNS_4BaseIS6_T0_EERKNS9_IS6_T1_EEj[__ZN4arma14glue_solve_gen5applyISt7complexIdENS_3MatIS3_EES5_EEbRNS4_IT_EERKNS_4BaseIS6_T0_EERKNS9_IS6_T1_EEj]+0xce3): undefined reference to `ztrtrs_'
     D:/Compiler/rtools40/mingw32/bin/../lib/gcc/i686-w64-mingw32/8.3.0/../../../../i686-w64-mingw32/bin/ld.exe: Rlapack.o:Rlapack.cpp:(.text$_ZN4arma14glue_solve_gen5applyISt7complexIdENS_3MatIS3_EES5_EEbRNS4_IT_EERKNS_4BaseIS6_T0_EERKNS9_IS6_T1_EEj[__ZN4arma14glue_solve_gen5applyISt7complexIdENS_3MatIS3_EES5_EEbRNS4_IT_EERKNS_4BaseIS6_T0_EERKNS9_IS6_T1_EEj]+0xeaf): undefined reference to `ztrtrs_'
     D:/Compiler/rtools40/mingw32/bin/../lib/gcc/i686-w64-mingw32/8.3.0/../../../../i686-w64-mingw32/bin/ld.exe: Rlapack.o:Rlapack.cpp:(.text$_ZN4arma14glue_solve_gen5applyISt7complexIdENS_3MatIS3_EES5_EEbRNS4_IT_EERKNS_4BaseIS6_T0_EERKNS9_IS6_T1_EEj[__ZN4arma14glue_solve_gen5applyISt7complexIdENS_3MatIS3_EES5_EEbRNS4_IT_EERKNS_4BaseIS6_T0_EERKNS9_IS6_T1_EEj]+0xfde): undefined reference to `ztrcon_'
     D:/Compiler/rtools40/mingw32/bin/../lib/gcc/i686-w64-mingw32/8.3.0/../../../../i686-w64-mingw32/bin/ld.exe: Rlapack.o:Rlapack.cpp:(.text$_ZN4arma16gemm_mixed_largeILb0ELb0ELb0ELb0EE5applyISt7complexIdES4_dEEvRNS_3MatIT_EERKNS5_IT0_EERKNS5_IT1_EES6_S6_[__ZN4arma16gemm_mixed_largeILb0ELb0ELb0ELb0EE5applyISt7complexIdES4_dEEvRNS_3MatIT_EERKNS5_IT0_EERKNS5_IT1_EES6_S6_]+0x247): undefined reference to `omp_in_parallel'
     D:/Compiler/rtools40/mingw32/bin/../lib/gcc/i686-w64-mingw32/8.3.0/../../../../i686-w64-mingw32/bin/ld.exe: Rlapack.o:Rlapack.cpp:(.text$_ZN4arma16gemm_mixed_largeILb0ELb0ELb0ELb0EE5applyISt7complexIdES4_dEEvRNS_3MatIT_EERKNS5_IT0_EERKNS5_IT1_EES6_S6_[__ZN4arma16gemm_mixed_largeILb0ELb0ELb0ELb0EE5applyISt7complexIdES4_dEEvRNS_3MatIT_EERKNS5_IT0_EERKNS5_IT1_EES6_S6_]+0x254): undefined reference to `omp_get_max_threads'
     D:/Compiler/rtools40/mingw32/bin/../lib/gcc/i686-w64-mingw32/8.3.0/../../../../i686-w64-mingw32/bin/ld.exe: Rlapack.o:Rlapack.cpp:(.text$_ZN4arma16gemm_mixed_largeILb0ELb0ELb0ELb0EE5applyISt7complexIdES4_dEEvRNS_3MatIT_EERKNS5_IT0_EERKNS5_IT1_EES6_S6_[__ZN4arma16gemm_mixed_largeILb0ELb0ELb0ELb0EE5applyISt7complexIdES4_dEEvRNS_3MatIT_EERKNS5_IT0_EERKNS5_IT1_EES6_S6_]+0x314): undefined reference to `GOMP_parallel'
     D:/Compiler/rtools40/mingw32/bin/../lib/gcc/i686-w64-mingw32/8.3.0/../../../../i686-w64-mingw32/bin/ld.exe: Rlapack.o:Rlapack.cpp:(.text$_ZN4arma9herk_emulILb1ELb0ELb0EE5applyIdNS_3MatISt7complexIdEEEEEvRNS3_IS4_IT_EEERKT0_S7_S7_[__ZN4arma9herk_emulILb1ELb0ELb0EE5applyIdNS_3MatISt7complexIdEEEEEvRNS3_IS4_IT_EEERKT0_S7_S7_]+0x1e2): undefined reference to `zgemv_'
     D:/Compiler/rtools40/mingw32/bin/../lib/gcc/i686-w64-mingw32/8.3.0/../../../../i686-w64-mingw32/bin/ld.exe: Rlapack.o:Rlapack.cpp:(.text$_ZN4arma4herkILb0ELb0ELb0EE15apply_blas_typeIdNS_3MatISt7complexIdEEEEEvRNS3_IS4_IT_EEERKT0_S7_S7_[__ZN4arma4herkILb0ELb0ELb0EE15apply_blas_typeIdNS_3MatISt7complexIdEEEEEvRNS3_IS4_IT_EEERKT0_S7_S7_]+0x2a9): undefined reference to `zherk_'
     D:/Compiler/rtools40/mingw32/bin/../lib/gcc/i686-w64-mingw32/8.3.0/../../../../i686-w64-mingw32/bin/ld.exe: Rlapack.o:Rlapack.cpp:(.text$_ZN4arma4herkILb0ELb0ELb0EE15apply_blas_typeIdNS_3MatISt7complexIdEEEEEvRNS3_IS4_IT_EEERKT0_S7_S7_[__ZN4arma4herkILb0ELb0ELb0EE15apply_blas_typeIdNS_3MatISt7complexIdEEEEEvRNS3_IS4_IT_EEERKT0_S7_S7_]+0x470): undefined reference to `zgemv_'
     D:/Compiler/rtools40/mingw32/bin/../lib/gcc/i686-w64-mingw32/8.3.0/../../../../i686-w64-mingw32/bin/ld.exe: Rlapack.o:Rlapack.cpp:(.text$_ZN4arma10glue_times5applyISt7complexIdELb0ELb1ELb0ENS_3MatIS3_EES5_EEvRNS4_IT_EERKT3_RKT4_S6_[__ZN4arma10glue_times5applyISt7complexIdELb0ELb1ELb0ENS_3MatIS3_EES5_EEvRNS4_IT_EERKT3_RKT4_S6_]+0x156): undefined reference to `zgemm_'
     D:/Compiler/rtools40/mingw32/bin/../lib/gcc/i686-w64-mingw32/8.3.0/../../../../i686-w64-mingw32/bin/ld.exe: Rlapack.o:Rlapack.cpp:(.text$_ZN4arma10glue_times5applyISt7complexIdELb1ELb0ELb0ENS_3MatIS3_EES5_EEvRNS4_IT_EERKT3_RKT4_S6_[__ZN4arma10glue_times5applyISt7complexIdELb1ELb0ELb0ENS_3MatIS3_EES5_EEvRNS4_IT_EERKT3_RKT4_S6_]+0x169): undefined reference to `zgemm_'
     D:/Compiler/rtools40/mingw32/bin/../lib/gcc/i686-w64-mingw32/8.3.0/../../../../i686-w64-mingw32/bin/ld.exe: Rlapack.o:Rlapack.cpp:(.text$_ZN4arma10glue_times5applyISt7complexIdELb1ELb0ELb0ENS_3MatIS3_EES5_EEvRNS4_IT_EERKT3_RKT4_S6_[__ZN4arma10glue_times5applyISt7complexIdELb1ELb0ELb0ENS_3MatIS3_EES5_EEvRNS4_IT_EERKT3_RKT4_S6_]+0x254): undefined reference to `zgemv_'
     D:/Compiler/rtools40/mingw32/bin/../lib/gcc/i686-w64-mingw32/8.3.0/../../../../i686-w64-mingw32/bin/ld.exe: Rlapack.o:Rlapack.cpp:(.text$_ZN4arma10glue_times5applyISt7complexIdELb1ELb0ELb0ENS_3MatIS3_EES5_EEvRNS4_IT_EERKT3_RKT4_S6_[__ZN4arma10glue_times5applyISt7complexIdELb1ELb0ELb0ENS_3MatIS3_EES5_EEvRNS4_IT_EERKT3_RKT4_S6_]+0x30c): undefined reference to `zherk_'
     D:/Compiler/rtools40/mingw32/bin/../lib/gcc/i686-w64-mingw32/8.3.0/../../../../i686-w64-mingw32/bin/ld.exe: Rlapack.o:Rlapack.cpp:(.text$_ZN4arma10glue_times5applyISt7complexIdELb1ELb0ELb0ENS_3MatIS3_EES5_EEvRNS4_IT_EERKT3_RKT4_S6_[__ZN4arma10glue_times5applyISt7complexIdELb1ELb0ELb0ENS_3MatIS3_EES5_EEvRNS4_IT_EERKT3_RKT4_S6_]+0x662): undefined reference to `zgemv_'
     collect2.exe: error: ld returned 1 exit status
     make[1]: Entering directory '/d/temp/RtmpiAo0OU/sourceCpp-i386-w64-mingw32-1.0.4/sourcecpp_2cc2c780f41ca'
     d:/Compiler/rtools40/mingw32/bin/g++ -std=gnu++11 -I"D:/RCompile/recent/R4/include" -DNDEBUG -I../inst/include -fopenmp -I"D:/temp/RtmpUzAk57/RLIBS_12ac471a936e4/Rcpp/include" -I"D:/temp/RtmpUzAk57/RLIBS_12ac471a936e4/RcppArmadillo/include" -I"D:/temp/RtmpUzAk57/RLIBS_12ac471a936e4/RcppArmadillo/tinytest/cpp" -I"d:/Compiler/gcc-4.9.3/local330/include" -O2 -Wall -mfpmath=sse -msse2 -mstackrealign -c Rlapack.cpp -o Rlapack.o
     d:/Compiler/rtools40/mingw32/bin/g++ -shared -s -static-libgcc -o sourceCpp_2.dll tmp.def Rlapack.o -Ld:/Compiler/gcc-4.9.3/local330/lib/i386 -Ld:/Compiler/gcc-4.9.3/local330/lib -LD:/RCompile/recent/R4/bin/i386 -lR
     make[1]: Leaving directory '/d/temp/RtmpiAo0OU/sourceCpp-i386-w64-mingw32-1.0.4/sourcecpp_2cc2c780f41ca'
     make[1]: Entering directory '/d/temp/RtmpiAo0OU/sourceCpp-i386-w64-mingw32-1.0.4/sourcecpp_2cc2c780f41ca'
     make[1]: Leaving directory '/d/temp/RtmpiAo0OU/sourceCpp-i386-w64-mingw32-1.0.4/sourcecpp_2cc2c780f41ca'
     Error in checkForRemoteErrors(val) :
     one node produced an error: Error occurred building shared library.
     Calls: <Anonymous> ... clusterApply -> staticClusterApply -> checkForRemoteErrors
     Execution halted
Flavor: r-devel-windows-ix86+x86_64-gcc8

Version: 0.9.850.1.0
Check: running tests for arch ‘x64’
Result: ERROR
     Running 'tinytest.R' [22s]
    Running the tests in 'tests/tinytest.R' failed.
    Complete output:
     >
     > if (requireNamespace("tinytest", quietly=TRUE) &&
     + utils::packageVersion("tinytest") >= "1.0.0") {
     +
     + ## Set a seed to make the test deterministic
     + set.seed(42)
     +
     + ## R makes us to this
     + Sys.setenv("R_TESTS"="")
     +
     + ## there are several more granular ways to test files in a tinytest directory,
     + ## see its package vignette; tests can also run once the package is installed
     + ## using the same command `test_package(pkgName)`, or by director or file
     + tinytest::test_package("RcppArmadillo", ncpu=getOption("Ncpus", 1))
     + }
     starting worker pid=202516 on localhost:11682 at 20:37:35.464
     D:/Compiler/rtools40/mingw64/bin/../lib/gcc/x86_64-w64-mingw32/8.3.0/../../../../x86_64-w64-mingw32/bin/ld.exe: Rlapack.o:Rlapack.cpp:(.text+0x857): undefined reference to `zgesdd_'
     D:/Compiler/rtools40/mingw64/bin/../lib/gcc/x86_64-w64-mingw32/8.3.0/../../../../x86_64-w64-mingw32/bin/ld.exe: Rlapack.o:Rlapack.cpp:(.text+0x2228): undefined reference to `zgemv_'
     D:/Compiler/rtools40/mingw64/bin/../lib/gcc/x86_64-w64-mingw32/8.3.0/../../../../x86_64-w64-mingw32/bin/ld.exe: Rlapack.o:Rlapack.cpp:(.text+0x3020): undefined reference to `zgemv_'
     D:/Compiler/rtools40/mingw64/bin/../lib/gcc/x86_64-w64-mingw32/8.3.0/../../../../x86_64-w64-mingw32/bin/ld.exe: Rlapack.o:Rlapack.cpp:(.text+0x37f5): undefined reference to `zgees_'
     D:/Compiler/rtools40/mingw64/bin/../lib/gcc/x86_64-w64-mingw32/8.3.0/../../../../x86_64-w64-mingw32/bin/ld.exe: Rlapack.o:Rlapack.cpp:(.text.hot+0x1b): undefined reference to `omp_get_num_threads'
     D:/Compiler/rtools40/mingw64/bin/../lib/gcc/x86_64-w64-mingw32/8.3.0/../../../../x86_64-w64-mingw32/bin/ld.exe: Rlapack.o:Rlapack.cpp:(.text.hot+0x22): undefined reference to `omp_get_thread_num'
     D:/Compiler/rtools40/mingw64/bin/../lib/gcc/x86_64-w64-mingw32/8.3.0/../../../../x86_64-w64-mingw32/bin/ld.exe: Rlapack.o:Rlapack.cpp:(.text$_ZN4arma6auxlib8eig_pairINS_3MatISt7complexIdEEES5_EEbRNS2_IS3_INT_8pod_typeEEEESA_bRKNS_4BaseIS8_S6_EERKNSB_IS8_T0_EE[_ZN4arma6auxlib8eig_pairINS_3MatISt7complexIdEEES5_EEbRNS2_IS3_INT_8pod_typeEEEESA_bRKNS_4BaseIS8_S6_EERKNSB_IS8_T0_EE]+0x5f7): undefined reference to `zggev_'
     D:/Compiler/rtools40/mingw64/bin/../lib/gcc/x86_64-w64-mingw32/8.3.0/../../../../x86_64-w64-mingw32/bin/ld.exe: Rlapack.o:Rlapack.cpp:(.text$_ZN4arma6auxlib18solve_square_rcondINS_3MatISt7complexIdEEEEEbRNS2_INT_9elem_typeEEERNS6_8pod_typeES9_RKNS_4BaseIS7_S6_EEb[_ZN4arma6auxlib18solve_square_rcondINS_3MatISt7complexIdEEEEEbRNS2_INT_9elem_typeEEERNS6_8pod_typeES9_RKNS_4BaseIS7_S6_EEb]+0x129): undefined reference to `zlange_'
     D:/Compiler/rtools40/mingw64/bin/../lib/gcc/x86_64-w64-mingw32/8.3.0/../../../../x86_64-w64-mingw32/bin/ld.exe: Rlapack.o:Rlapack.cpp:(.text$_ZN4arma6auxlib18solve_square_rcondINS_3MatISt7complexIdEEEEEbRNS2_INT_9elem_typeEEERNS6_8pod_typeES9_RKNS_4BaseIS7_S6_EEb[_ZN4arma6auxlib18solve_square_rcondINS_3MatISt7complexIdEEEEEbRNS2_INT_9elem_typeEEERNS6_8pod_typeES9_RKNS_4BaseIS7_S6_EEb]+0x159): undefined reference to `zgetrf_'
     D:/Compiler/rtools40/mingw64/bin/../lib/gcc/x86_64-w64-mingw32/8.3.0/../../../../x86_64-w64-mingw32/bin/ld.exe: Rlapack.o:Rlapack.cpp:(.text$_ZN4arma6auxlib18solve_square_rcondINS_3MatISt7complexIdEEEEEbRNS2_INT_9elem_typeEEERNS6_8pod_typeES9_RKNS_4BaseIS7_S6_EEb[_ZN4arma6auxlib18solve_square_rcondINS_3MatISt7complexIdEEEEEbRNS2_INT_9elem_typeEEERNS6_8pod_typeES9_RKNS_4BaseIS7_S6_EEb]+0x1ad): undefined reference to `zgetrs_'
     D:/Compiler/rtools40/mingw64/bin/../lib/gcc/x86_64-w64-mingw32/8.3.0/../../../../x86_64-w64-mingw32/bin/ld.exe: Rlapack.o:Rlapack.cpp:(.text$_ZN4arma6auxlib18solve_square_rcondINS_3MatISt7complexIdEEEEEbRNS2_INT_9elem_typeEEERNS6_8pod_typeES9_RKNS_4BaseIS7_S6_EEb[_ZN4arma6auxlib18solve_square_rcondINS_3MatISt7complexIdEEEEEbRNS2_INT_9elem_typeEEERNS6_8pod_typeES9_RKNS_4BaseIS7_S6_EEb]+0x384): undefined reference to `zgecon_'
     D:/Compiler/rtools40/mingw64/bin/../lib/gcc/x86_64-w64-mingw32/8.3.0/../../../../x86_64-w64-mingw32/bin/ld.exe: Rlapack.o:Rlapack.cpp:(.text$_ZN4arma6auxlib19solve_square_refineINS_3MatISt7complexIdEEEEEbRNS2_IS3_INT_8pod_typeEEEERS7_SA_RKNS_4BaseIS8_S6_EEbb[_ZN4arma6auxlib19solve_square_refineINS_3MatISt7complexIdEEEEEbRNS2_IS3_INT_8pod_typeEEEERS7_SA_RKNS_4BaseIS8_S6_EEbb]+0x376): undefined reference to `zgesvx_'
     D:/Compiler/rtools40/mingw64/bin/../lib/gcc/x86_64-w64-mingw32/8.3.0/../../../../x86_64-w64-mingw32/bin/ld.exe: Rlapack.o:Rlapack.cpp:(.text$_ZN4arma6auxlib2qzIdNS_3MatISt7complexIdEEES5_EEbRNS2_IS3_IT_EEES9_S9_S9_RKNS_4BaseIS7_T0_EERKNSA_IS7_T1_EEc[_ZN4arma6auxlib2qzIdNS_3MatISt7complexIdEEES5_EEbRNS2_IS3_IT_EEES9_S9_S9_RKNS_4BaseIS7_T0_EERKNSA_IS7_T1_EEc]+0x336): undefined reference to `zgges_'
     D:/Compiler/rtools40/mingw64/bin/../lib/gcc/x86_64-w64-mingw32/8.3.0/../../../../x86_64-w64-mingw32/bin/ld.exe: Rlapack.o:Rlapack.cpp:(.text$_ZN4arma6auxlib11svd_dc_econIdNS_2OpINS_3MatISt7complexIdEEENS_9op_htransEEEEEbRNS3_IS4_IT_EEERNS_3ColIS9_EESC_RKNS_4BaseISA_T0_EE[_ZN4arma6auxlib11svd_dc_econIdNS_2OpINS_3MatISt7complexIdEEENS_9op_htransEEEEEbRNS3_IS4_IT_EEERNS_3ColIS9_EESC_RKNS_4BaseISA_T0_EE]+0x276): undefined reference to `zgesdd_'
     D:/Compiler/rtools40/mingw64/bin/../lib/gcc/x86_64-w64-mingw32/8.3.0/../../../../x86_64-w64-mingw32/bin/ld.exe: Rlapack.o:Rlapack.cpp:(.text$_ZN4arma6auxlib11svd_dc_econIdNS_3MatISt7complexIdEEEEEbRNS2_IS3_IT_EEERNS_3ColIS6_EES9_RKNS_4BaseIS7_T0_EE[_ZN4arma6auxlib11svd_dc_econIdNS_3MatISt7complexIdEEEEEbRNS2_IS3_IT_EEERNS_3ColIS6_EES9_RKNS_4BaseIS7_T0_EE]+0x280): undefined reference to `zgesdd_'
     D:/Compiler/rtools40/mingw64/bin/../lib/gcc/x86_64-w64-mingw32/8.3.0/../../../../x86_64-w64-mingw32/bin/ld.exe: Rlapack.o:Rlapack.cpp:(.text$_ZN4arma6auxlib8svd_econIdNS_2OpINS_3MatISt7complexIdEEENS_9op_htransEEEEEbRNS3_IS4_IT_EEERNS_3ColIS9_EESC_RKNS_4BaseISA_T0_EEc[_ZN4arma6auxlib8svd_econIdNS_2OpINS_3MatISt7complexIdEEENS_9op_htransEEEEEbRNS3_IS4_IT_EEERNS_3ColIS9_EESC_RKNS_4BaseISA_T0_EEc]+0x29b): undefined reference to `zgesvd_'
     D:/Compiler/rtools40/mingw64/bin/../lib/gcc/x86_64-w64-mingw32/8.3.0/../../../../x86_64-w64-mingw32/bin/ld.exe: Rlapack.o:Rlapack.cpp:(.text$_ZN4arma6auxlib8svd_econIdNS_2OpINS_3MatISt7complexIdEEENS_9op_htransEEEEEbRNS3_IS4_IT_EEERNS_3ColIS9_EESC_RKNS_4BaseISA_T0_EEc[_ZN4arma6auxlib8svd_econIdNS_2OpINS_3MatISt7complexIdEEENS_9op_htransEEEEEbRNS3_IS4_IT_EEERNS_3ColIS9_EESC_RKNS_4BaseISA_T0_EEc]+0x3a4): undefined reference to `zgesvd_'
     D:/Compiler/rtools40/mingw64/bin/../lib/gcc/x86_64-w64-mingw32/8.3.0/../../../../x86_64-w64-mingw32/bin/ld.exe: Rlapack.o:Rlapack.cpp:(.text$_ZN4arma6auxlib8svd_econIdNS_3MatISt7complexIdEEEEEbRNS2_IS3_IT_EEERNS_3ColIS6_EES9_RKNS_4BaseIS7_T0_EEc[_ZN4arma6auxlib8svd_econIdNS_3MatISt7complexIdEEEEEbRNS2_IS3_IT_EEERNS_3ColIS6_EES9_RKNS_4BaseIS7_T0_EEc]+0x2ac): undefined reference to `zgesvd_'
     D:/Compiler/rtools40/mingw64/bin/../lib/gcc/x86_64-w64-mingw32/8.3.0/../../../../x86_64-w64-mingw32/bin/ld.exe: Rlapack.o:Rlapack.cpp:(.text$_ZN4arma6auxlib8svd_econIdNS_3MatISt7complexIdEEEEEbRNS2_IS3_IT_EEERNS_3ColIS6_EES9_RKNS_4BaseIS7_T0_EEc[_ZN4arma6auxlib8svd_econIdNS_3MatISt7complexIdEEEEEbRNS2_IS3_IT_EEERNS_3ColIS6_EES9_RKNS_4BaseIS7_T0_EEc]+0x3a7): undefined reference to `zgesvd_'
     D:/Compiler/rtools40/mingw64/bin/../lib/gcc/x86_64-w64-mingw32/8.3.0/../../../../x86_64-w64-mingw32/bin/ld.exe: Rlapack.o:Rlapack.cpp:(.text$_ZN4arma6auxlib12rcond_trimatIdEET_RKNS_3MatISt7complexIS2_EEEj[_ZN4arma6auxlib12rcond_trimatIdEET_RKNS_3MatISt7complexIS2_EEEj]+0x123): undefined reference to `ztrcon_'
     D:/Compiler/rtools40/mingw64/bin/../lib/gcc/x86_64-w64-mingw32/8.3.0/../../../../x86_64-w64-mingw32/bin/ld.exe: Rlapack.o:Rlapack.cpp:(.text$_ZN4arma6auxlib16solve_approx_svdINS_3MatISt7complexIdEEEEEbRNS2_IS3_INT_8pod_typeEEEESA_RKNS_4BaseIS8_S6_EE[_ZN4arma6auxlib16solve_approx_svdINS_3MatISt7complexIdEEEEEbRNS2_IS3_INT_8pod_typeEEEESA_RKNS_4BaseIS8_S6_EE]+0x2fc): undefined reference to `ilaenv_'
     D:/Compiler/rtools40/mingw64/bin/../lib/gcc/x86_64-w64-mingw32/8.3.0/../../../../x86_64-w64-mingw32/bin/ld.exe: Rlapack.o:Rlapack.cpp:(.text$_ZN4arma6auxlib16solve_approx_svdINS_3MatISt7complexIdEEEEEbRNS2_IS3_INT_8pod_typeEEEESA_RKNS_4BaseIS8_S6_EE[_ZN4arma6auxlib16solve_approx_svdINS_3MatISt7complexIdEEEEEbRNS2_IS3_INT_8pod_typeEEEESA_RKNS_4BaseIS8_S6_EE]+0x505): undefined reference to `zgelsd_'
     D:/Compiler/rtools40/mingw64/bin/../lib/gcc/x86_64-w64-mingw32/8.3.0/../../../../x86_64-w64-mingw32/bin/ld.exe: Rlapack.o:Rlapack.cpp:(.text$_ZN4arma6auxlib16solve_approx_svdINS_3MatISt7complexIdEEEEEbRNS2_IS3_INT_8pod_typeEEEESA_RKNS_4BaseIS8_S6_EE[_ZN4arma6auxlib16solve_approx_svdINS_3MatISt7complexIdEEEEEbRNS2_IS3_INT_8pod_typeEEEESA_RKNS_4BaseIS8_S6_EE]+0x5de): undefined reference to `zgelsd_'
     D:/Compiler/rtools40/mingw64/bin/../lib/gcc/x86_64-w64-mingw32/8.3.0/../../../../x86_64-w64-mingw32/bin/ld.exe: Rlapack.o:Rlapack.cpp:(.text$_ZN4arma6auxlib17solve_approx_fastINS_3MatISt7complexIdEEEEEbRNS2_INT_9elem_typeEEES9_RKNS_4BaseIS7_S6_EE[_ZN4arma6auxlib17solve_approx_fastINS_3MatISt7complexIdEEEEEbRNS2_INT_9elem_typeEEES9_RKNS_4BaseIS7_S6_EE]+0x2d2): undefined reference to `zgels_'
     D:/Compiler/rtools40/mingw64/bin/../lib/gcc/x86_64-w64-mingw32/8.3.0/../../../../x86_64-w64-mingw32/bin/ld.exe: Rlapack.o:Rlapack.cpp:(.text$_ZN4arma10glue_times5applyISt7complexIdELb0ELb0ELb0ENS_3MatIS3_EES5_EEvRNS4_IT_EERKT3_RKT4_S6_[_ZN4arma10glue_times5applyISt7complexIdELb0ELb0ELb0ENS_3MatIS3_EES5_EEvRNS4_IT_EERKT3_RKT4_S6_]+0x18a): undefined reference to `zgemm_'
     D:/Compiler/rtools40/mingw64/bin/../lib/gcc/x86_64-w64-mingw32/8.3.0/../../../../x86_64-w64-mingw32/bin/ld.exe: Rlapack.o:Rlapack.cpp:(.text$_ZN4arma10glue_times5applyISt7complexIdELb0ELb0ELb0ENS_3MatIS3_EES5_EEvRNS4_IT_EERKT3_RKT4_S6_[_ZN4arma10glue_times5applyISt7complexIdELb0ELb0ELb0ENS_3MatIS3_EES5_EEvRNS4_IT_EERKT3_RKT4_S6_]+0x2be): undefined reference to `zgemv_'
     D:/Compiler/rtools40/mingw64/bin/../lib/gcc/x86_64-w64-mingw32/8.3.0/../../../../x86_64-w64-mingw32/bin/ld.exe: Rlapack.o:Rlapack.cpp:(.text$_ZN4arma14glue_solve_gen5applyISt7complexIdENS_3MatIS3_EES5_EEbRNS4_IT_EERKNS_4BaseIS6_T0_EERKNS9_IS6_T1_EEj[_ZN4arma14glue_solve_gen5applyISt7complexIdENS_3MatIS3_EES5_EEbRNS4_IT_EERKNS_4BaseIS6_T0_EERKNS9_IS6_T1_EEj]+0x538): undefined reference to `zgesv_'
     D:/Compiler/rtools40/mingw64/bin/../lib/gcc/x86_64-w64-mingw32/8.3.0/../../../../x86_64-w64-mingw32/bin/ld.exe: Rlapack.o:Rlapack.cpp:(.text$_ZN4arma14glue_solve_gen5applyISt7complexIdENS_3MatIS3_EES5_EEbRNS4_IT_EERKNS_4BaseIS6_T0_EERKNS9_IS6_T1_EEj[_ZN4arma14glue_solve_gen5applyISt7complexIdENS_3MatIS3_EES5_EEbRNS4_IT_EERKNS_4BaseIS6_T0_EERKNS9_IS6_T1_EEj]+0x7f4): undefined reference to `ztrtrs_'
     D:/Compiler/rtools40/mingw64/bin/../lib/gcc/x86_64-w64-mingw32/8.3.0/../../../../x86_64-w64-mingw32/bin/ld.exe: Rlapack.o:Rlapack.cpp:(.text$_ZN4arma14glue_solve_gen5applyISt7complexIdENS_3MatIS3_EES5_EEbRNS4_IT_EERKNS_4BaseIS6_T0_EERKNS9_IS6_T1_EEj[_ZN4arma14glue_solve_gen5applyISt7complexIdENS_3MatIS3_EES5_EEbRNS4_IT_EERKNS_4BaseIS6_T0_EERKNS9_IS6_T1_EEj]+0x9c4): undefined reference to `ztrtrs_'
     D:/Compiler/rtools40/mingw64/bin/../lib/gcc/x86_64-w64-mingw32/8.3.0/../../../../x86_64-w64-mingw32/bin/ld.exe: Rlapack.o:Rlapack.cpp:(.text$_ZN4arma16gemm_mixed_largeILb0ELb0ELb0ELb0EE5applyISt7complexIdES4_dEEvRNS_3MatIT_EERKNS5_IT0_EERKNS5_IT1_EES6_S6_[_ZN4arma16gemm_mixed_largeILb0ELb0ELb0ELb0EE5applyISt7complexIdES4_dEEvRNS_3MatIT_EERKNS5_IT0_EERKNS5_IT1_EES6_S6_]+0x472): undefined reference to `omp_get_max_threads'
     D:/Compiler/rtools40/mingw64/bin/../lib/gcc/x86_64-w64-mingw32/8.3.0/../../../../x86_64-w64-mingw32/bin/ld.exe: Rlapack.o:Rlapack.cpp:(.text$_ZN4arma16gemm_mixed_largeILb0ELb0ELb0ELb0EE5applyISt7complexIdES4_dEEvRNS_3MatIT_EERKNS5_IT0_EERKNS5_IT1_EES6_S6_[_ZN4arma16gemm_mixed_largeILb0ELb0ELb0ELb0EE5applyISt7complexIdES4_dEEvRNS_3MatIT_EERKNS5_IT0_EERKNS5_IT1_EES6_S6_]+0x539): undefined reference to `GOMP_parallel'
     D:/Compiler/rtools40/mingw64/bin/../lib/gcc/x86_64-w64-mingw32/8.3.0/../../../../x86_64-w64-mingw32/bin/ld.exe: Rlapack.o:Rlapack.cpp:(.text$_ZN4arma16gemm_mixed_largeILb0ELb0ELb0ELb0EE5applyISt7complexIdES4_dEEvRNS_3MatIT_EERKNS5_IT0_EERKNS5_IT1_EES6_S6_[_ZN4arma16gemm_mixed_largeILb0ELb0ELb0ELb0EE5applyISt7complexIdES4_dEEvRNS_3MatIT_EERKNS5_IT0_EERKNS5_IT1_EES6_S6_]+0x5be): undefined reference to `omp_in_parallel'
     D:/Compiler/rtools40/mingw64/bin/../lib/gcc/x86_64-w64-mingw32/8.3.0/../../../../x86_64-w64-mingw32/bin/ld.exe: Rlapack.o:Rlapack.cpp:(.text$_ZN4arma4herkILb0ELb0ELb0EE15apply_blas_typeIdNS_3MatISt7complexIdEEEEEvRNS3_IS4_IT_EEERKT0_S7_S7_[_ZN4arma4herkILb0ELb0ELb0EE15apply_blas_typeIdNS_3MatISt7complexIdEEEEEvRNS3_IS4_IT_EEERKT0_S7_S7_]+0x2e3): undefined reference to `zgemv_'
     D:/Compiler/rtools40/mingw64/bin/../lib/gcc/x86_64-w64-mingw32/8.3.0/../../../../x86_64-w64-mingw32/bin/ld.exe: Rlapack.o:Rlapack.cpp:(.text$_ZN4arma4herkILb0ELb0ELb0EE15apply_blas_typeIdNS_3MatISt7complexIdEEEEEvRNS3_IS4_IT_EEERKT0_S7_S7_[_ZN4arma4herkILb0ELb0ELb0EE15apply_blas_typeIdNS_3MatISt7complexIdEEEEEvRNS3_IS4_IT_EEERKT0_S7_S7_]+0x4fc): undefined reference to `zherk_'
     D:/Compiler/rtools40/mingw64/bin/../lib/gcc/x86_64-w64-mingw32/8.3.0/../../../../x86_64-w64-mingw32/bin/ld.exe: Rlapack.o:Rlapack.cpp:(.text$_ZN4arma4herkILb0ELb0ELb0EE15apply_blas_typeIdNS_3MatISt7complexIdEEEEEvRNS3_IS4_IT_EEERKT0_S7_S7_[_ZN4arma4herkILb0ELb0ELb0EE15apply_blas_typeIdNS_3MatISt7complexIdEEEEEvRNS3_IS4_IT_EEERKT0_S7_S7_]+0x74e): undefined reference to `zgemv_'
     D:/Compiler/rtools40/mingw64/bin/../lib/gcc/x86_64-w64-mingw32/8.3.0/../../../../x86_64-w64-mingw32/bin/ld.exe: Rlapack.o:Rlapack.cpp:(.text$_ZN4arma10glue_times5applyISt7complexIdELb0ELb1ELb0ENS_3MatIS3_EES5_EEvRNS4_IT_EERKT3_RKT4_S6_[_ZN4arma10glue_times5applyISt7complexIdELb0ELb1ELb0ENS_3MatIS3_EES5_EEvRNS4_IT_EERKT3_RKT4_S6_]+0x18c): undefined reference to `zgemm_'
     D:/Compiler/rtools40/mingw64/bin/../lib/gcc/x86_64-w64-mingw32/8.3.0/../../../../x86_64-w64-mingw32/bin/ld.exe: Rlapack.o:Rlapack.cpp:(.text$_ZN4arma9herk_emulILb1ELb0ELb0EE5applyIdNS_3MatISt7complexIdEEEEEvRNS3_IS4_IT_EEERKT0_S7_S7_[_ZN4arma9herk_emulILb1ELb0ELb0EE5applyIdNS_3MatISt7complexIdEEEEEvRNS3_IS4_IT_EEERKT0_S7_S7_]+0x241): undefined reference to `zgemv_'
     D:/Compiler/rtools40/mingw64/bin/../lib/gcc/x86_64-w64-mingw32/8.3.0/../../../../x86_64-w64-mingw32/bin/ld.exe: Rlapack.o:Rlapack.cpp:(.text$_ZN4arma7op_cdot11direct_cdotISt7complexIdEEET_jPKS4_S6_[_ZN4arma7op_cdot11direct_cdotISt7complexIdEEET_jPKS4_S6_]+0x18e): undefined reference to `zgemv_'
     D:/Compiler/rtools40/mingw64/bin/../lib/gcc/x86_64-w64-mingw32/8.3.0/../../../../x86_64-w64-mingw32/bin/ld.exe: Rlapack.o:Rlapack.cpp:(.text$_ZN4arma10glue_times5applyISt7complexIdELb1ELb0ELb0ENS_3MatIS3_EES5_EEvRNS4_IT_EERKT3_RKT4_S6_[_ZN4arma10glue_times5applyISt7complexIdELb1ELb0ELb0ENS_3MatIS3_EES5_EEvRNS4_IT_EERKT3_RKT4_S6_]+0x1b3): undefined reference to `zgemm_'
     D:/Compiler/rtools40/mingw64/bin/../lib/gcc/x86_64-w64-mingw32/8.3.0/../../../../x86_64-w64-mingw32/bin/ld.exe: Rlapack.o:Rlapack.cpp:(.text$_ZN4arma10glue_times5applyISt7complexIdELb1ELb0ELb0ENS_3MatIS3_EES5_EEvRNS4_IT_EERKT3_RKT4_S6_[_ZN4arma10glue_times5applyISt7complexIdELb1ELb0ELb0ENS_3MatIS3_EES5_EEvRNS4_IT_EERKT3_RKT4_S6_]+0x300): undefined reference to `zgemv_'
     D:/Compiler/rtools40/mingw64/bin/../lib/gcc/x86_64-w64-mingw32/8.3.0/../../../../x86_64-w64-mingw32/bin/ld.exe: Rlapack.o:Rlapack.cpp:(.text$_ZN4arma10glue_times5applyISt7complexIdELb1ELb0ELb0ENS_3MatIS3_EES5_EEvRNS4_IT_EERKT3_RKT4_S6_[_ZN4arma10glue_times5applyISt7complexIdELb1ELb0ELb0ENS_3MatIS3_EES5_EEvRNS4_IT_EERKT3_RKT4_S6_]+0x3e0): undefined reference to `zherk_'
     collect2.exe: error: ld returned 1 exit status
     make[1]: Entering directory '/d/temp/RtmpglNlA8/sourceCpp-x86_64-w64-mingw32-1.0.4/sourcecpp_317142b607b8'
     d:/Compiler/rtools40/mingw64/bin/g++ -std=gnu++11 -I"D:/RCompile/recent/R4/include" -DNDEBUG -I../inst/include -fopenmp -I"D:/temp/RtmpUzAk57/RLIBS_12ac471a936e4/Rcpp/include" -I"D:/temp/RtmpUzAk57/RLIBS_12ac471a936e4/RcppArmadillo/include" -I"D:/temp/RtmpUzAk57/RLIBS_12ac471a936e4/RcppArmadillo/tinytest/cpp" -I"d:/Compiler/gcc-4.9.3/local330/include" -O2 -Wall -mfpmath=sse -msse2 -mstackrealign -c Rlapack.cpp -o Rlapack.o
     d:/Compiler/rtools40/mingw64/bin/g++ -shared -s -static-libgcc -o sourceCpp_2.dll tmp.def Rlapack.o -Ld:/Compiler/gcc-4.9.3/local330/lib/x64 -Ld:/Compiler/gcc-4.9.3/local330/lib -LD:/RCompile/recent/R4/bin/x64 -lR
     make[1]: Leaving directory '/d/temp/RtmpglNlA8/sourceCpp-x86_64-w64-mingw32-1.0.4/sourcecpp_317142b607b8'
     make[1]: Entering directory '/d/temp/RtmpglNlA8/sourceCpp-x86_64-w64-mingw32-1.0.4/sourcecpp_317142b607b8'
     make[1]: Leaving directory '/d/temp/RtmpglNlA8/sourceCpp-x86_64-w64-mingw32-1.0.4/sourcecpp_317142b607b8'
     Error in checkForRemoteErrors(val) :
     one node produced an error: Error occurred building shared library.
     Calls: <Anonymous> ... clusterApply -> staticClusterApply -> checkForRemoteErrors
     Execution halted
Flavor: r-devel-windows-ix86+x86_64-gcc8