CRAN Package Check Results for Package RcppArmadillo

Last updated on 2020-09-28 23:49:23 CEST.

Flavor Version Tinstall Tcheck Ttotal Status Flags
r-devel-linux-x86_64-debian-clang 0.9.900.3.0 48.49 43.86 92.35 OK
r-devel-linux-x86_64-debian-gcc 0.9.900.3.0 35.31 34.06 69.37 OK
r-devel-linux-x86_64-fedora-clang 0.9.900.3.0 139.18 NOTE
r-devel-linux-x86_64-fedora-gcc 0.9.900.3.0 113.37 OK
r-devel-windows-ix86+x86_64 0.9.900.3.0 111.00 533.00 644.00 NOTE
r-patched-linux-x86_64 0.9.900.3.0 44.12 42.18 86.30 OK
r-patched-solaris-x86 0.9.900.3.0 261.40 NOTE
r-release-linux-x86_64 0.9.900.3.0 37.29 42.62 79.91 OK
r-release-macos-x86_64 0.9.900.3.0 NOTE
r-release-windows-ix86+x86_64 0.9.900.3.0 113.00 471.00 584.00 NOTE
r-oldrel-macos-x86_64 0.9.900.3.0 NOTE
r-oldrel-windows-ix86+x86_64 0.9.900.3.0 99.00 431.00 530.00 NOTE

Check Details

Version: 0.9.900.3.0
Check: installed package size
Result: NOTE
     installed size is 9.1Mb
     sub-directories of 1Mb or more:
     include 6.1Mb
     libs 1.9Mb
Flavors: r-devel-linux-x86_64-fedora-clang, r-devel-windows-ix86+x86_64, r-patched-solaris-x86, r-release-macos-x86_64, r-release-windows-ix86+x86_64, r-oldrel-macos-x86_64, r-oldrel-windows-ix86+x86_64