CRAN Package Check Results for Package RcppArmadillo

Last updated on 2020-01-21 20:49:27 CET.

Flavor Version Tinstall Tcheck Ttotal Status Flags
r-devel-linux-x86_64-debian-clang 0.9.800.3.0 41.98 56.06 98.04 OK
r-devel-linux-x86_64-debian-gcc 0.9.800.3.0 29.37 44.47 73.84 OK
r-devel-linux-x86_64-fedora-clang 0.9.800.3.0 135.56 ERROR
r-devel-linux-x86_64-fedora-gcc 0.9.800.3.0 131.19 ERROR
r-devel-windows-ix86+x86_64 0.9.800.3.0 137.00 621.00 758.00 NOTE
r-devel-windows-ix86+x86_64-gcc8 0.9.800.3.0 132.00 624.00 756.00 NOTE
r-patched-linux-x86_64 0.9.800.3.0 34.35 52.55 86.90 OK
r-patched-solaris-x86 0.9.800.3.0 311.70 NOTE
r-release-linux-x86_64 0.9.800.3.0 33.26 52.91 86.17 OK
r-release-windows-ix86+x86_64 0.9.800.3.0 127.00 410.00 537.00 NOTE
r-release-osx-x86_64 0.9.800.3.0 NOTE
r-oldrel-windows-ix86+x86_64 0.9.800.3.0 84.00 427.00 511.00 NOTE
r-oldrel-osx-x86_64 0.9.800.3.0 NOTE

Check Details

Version: 0.9.800.3.0
Check: installed package size
Result: NOTE
     installed size is 8.6Mb
     sub-directories of 1Mb or more:
     include 5.9Mb
     libs 1.6Mb
Flavors: r-devel-linux-x86_64-fedora-clang, r-devel-windows-ix86+x86_64, r-devel-windows-ix86+x86_64-gcc8, r-patched-solaris-x86, r-release-windows-ix86+x86_64, r-release-osx-x86_64, r-oldrel-windows-ix86+x86_64, r-oldrel-osx-x86_64

Version: 0.9.800.3.0
Check: tests
Result: ERROR
     Running ‘tinytest.R’ [0s/218s]
    Running the tests in ‘tests/tinytest.R’ failed.
    Complete output:
     >
     > if (requireNamespace("tinytest", quietly=TRUE) &&
     + utils::packageVersion("tinytest") >= "1.0.0") {
     +
     + ## Set a seed to make the test deterministic
     + set.seed(42)
     +
     + ## R makes us to this
     + Sys.setenv("R_TESTS"="")
     +
     + ## there are several more granular ways to test files in a tinytest directory,
     + ## see its package vignette; tests can also run once the package is installed
     + ## using the same command `test_package(pkgName)`, or by director or file
     + tinytest::test_package("RcppArmadillo", ncpu=getOption("Ncpus", 1))
     + }
     starting worker pid=16473 on localhost:11578 at 10:32:22.335
    
     Running test_Rlapack.R................ 7 tests <1b>[0;32mOK<1b>[0m
    
     Running test_complex.R................ 11 tests <1b>[0;32mOK<1b>[0m
    
     Running test_cube.R................... 18 tests <1b>[0;32mOK<1b>[0m
    
     Running test_fastLm.R................. 25 tests <1b>[0;32mOK<1b>[0m
    
     Running test_rcpparmadillo.R.......... 48 tests <1b>[0;32mOK<1b>[0m
    
     Running test_rmultinom.R.............. 9 tests <1b>[0;32mOK<1b>[0m
    
     Running test_rng.R.................... 10 tests <1b>[0;32mOK<1b>[0m
    
     Running test_sample.R................. 21 tests <1b>[0;32mOK<1b>[0m
     Error in checkForRemoteErrors(val) :
     one node produced an error: $ operator not defined for this S4 class
     Calls: <Anonymous> ... clusterApply -> staticClusterApply -> checkForRemoteErrors
     Execution halted
Flavor: r-devel-linux-x86_64-fedora-clang

Version: 0.9.800.3.0
Check: tests
Result: ERROR
     Running ‘tinytest.R’ [0s/217s]
    Running the tests in ‘tests/tinytest.R’ failed.
    Complete output:
     >
     > if (requireNamespace("tinytest", quietly=TRUE) &&
     + utils::packageVersion("tinytest") >= "1.0.0") {
     +
     + ## Set a seed to make the test deterministic
     + set.seed(42)
     +
     + ## R makes us to this
     + Sys.setenv("R_TESTS"="")
     +
     + ## there are several more granular ways to test files in a tinytest directory,
     + ## see its package vignette; tests can also run once the package is installed
     + ## using the same command `test_package(pkgName)`, or by director or file
     + tinytest::test_package("RcppArmadillo", ncpu=getOption("Ncpus", 1))
     + }
     starting worker pid=13475 on localhost:11396 at 13:49:53.210
    
     Running test_Rlapack.R................ 7 tests <1b>[0;32mOK<1b>[0m
    
     Running test_complex.R................ 11 tests <1b>[0;32mOK<1b>[0m
    
     Running test_cube.R................... 18 tests <1b>[0;32mOK<1b>[0m
    
     Running test_fastLm.R................. 25 tests <1b>[0;32mOK<1b>[0m
    
     Running test_rcpparmadillo.R.......... 48 tests <1b>[0;32mOK<1b>[0m
    
     Running test_rmultinom.R.............. 9 tests <1b>[0;32mOK<1b>[0m
    
     Running test_rng.R.................... 10 tests <1b>[0;32mOK<1b>[0m
    
     Running test_sample.R................. 21 tests <1b>[0;32mOK<1b>[0m
     Error in checkForRemoteErrors(val) :
     one node produced an error: $ operator not defined for this S4 class
     Calls: <Anonymous> ... clusterApply -> staticClusterApply -> checkForRemoteErrors
     Execution halted
Flavor: r-devel-linux-x86_64-fedora-gcc