CRAN Package Check Results for Package RcppBDT

Last updated on 2021-09-23 15:51:07 CEST.

Flavor Version Tinstall Tcheck Ttotal Status Flags
r-devel-linux-x86_64-debian-clang 0.2.4 118.53 79.20 197.73 OK
r-devel-linux-x86_64-debian-gcc 0.2.4 84.23 58.48 142.71 OK
r-devel-linux-x86_64-fedora-clang 0.2.4 277.49 NOTE
r-devel-linux-x86_64-fedora-gcc 0.2.4 264.62 OK
r-devel-windows-x86_64 0.2.4 117.00 86.00 203.00 OK
r-devel-windows-x86_64-gcc10-UCRT 0.2.4 ERROR
r-patched-linux-x86_64 0.2.4 104.32 75.19 179.51 OK
r-patched-solaris-x86 0.2.4 252.70 OK
r-release-linux-x86_64 0.2.4 96.72 76.20 172.92 OK
r-release-macos-arm64 0.2.4 NOTE
r-release-macos-x86_64 0.2.4 NOTE
r-release-windows-ix86+x86_64 0.2.4 287.00 152.00 439.00 OK
r-oldrel-macos-x86_64 0.2.4 NOTE
r-oldrel-windows-ix86+x86_64 0.2.4 228.00 127.00 355.00 OK

Additional issues

LTO

Check Details

Version: 0.2.4
Check: installed package size
Result: NOTE
     installed size is 8.4Mb
     sub-directories of 1Mb or more:
     libs 8.1Mb
Flavors: r-devel-linux-x86_64-fedora-clang, r-release-macos-arm64, r-release-macos-x86_64, r-oldrel-macos-x86_64

Version: 0.2.4
Check: whether package can be installed
Result: ERROR
    Installation failed.
Flavor: r-devel-windows-x86_64-gcc10-UCRT