CRAN Package Check Results for Package RcppBDT

Last updated on 2018-05-21 02:46:56 CEST.

Flavor Version Tinstall Tcheck Ttotal Status Flags
r-devel-linux-x86_64-debian-clang 0.2.3 65.89 68.10 133.99 NOTE
r-devel-linux-x86_64-debian-gcc 0.2.3 57.56 58.01 115.57 NOTE
r-devel-linux-x86_64-fedora-clang 0.2.3 192.51 NOTE
r-devel-linux-x86_64-fedora-gcc 0.2.3 187.46 NOTE
r-devel-windows-ix86+x86_64 0.2.3 201.00 126.00 327.00 OK
r-patched-linux-x86_64 0.2.3 68.33 59.12 127.45 NOTE
r-patched-solaris-x86 0.2.3 190.30 OK
r-release-linux-x86_64 0.2.3 72.49 58.60 131.09 NOTE
r-release-windows-ix86+x86_64 0.2.3 138.00 122.00 260.00 OK
r-release-osx-x86_64 0.2.3 NOTE
r-oldrel-windows-ix86+x86_64 0.2.3 140.00 114.00 254.00 OK
r-oldrel-osx-x86_64 0.2.3 NOTE

Check Details

Version: 0.2.3
Check: compiled code
Result: NOTE
    File ‘RcppBDT/libs/RcppBDT.so’:
     Found no calls to: ‘R_registerRoutines’, ‘R_useDynamicSymbols’
    
    It is good practice to register native routines and to disable symbol
    search.
    
    See ‘Writing portable packages’ in the ‘Writing R Extensions’ manual.
Flavors: r-devel-linux-x86_64-debian-clang, r-devel-linux-x86_64-debian-gcc, r-devel-linux-x86_64-fedora-clang, r-devel-linux-x86_64-fedora-gcc, r-patched-linux-x86_64, r-release-linux-x86_64

Version: 0.2.3
Check: installed package size
Result: NOTE
     installed size is 8.8Mb
     sub-directories of 1Mb or more:
     libs 8.5Mb
Flavors: r-devel-linux-x86_64-fedora-clang, r-devel-linux-x86_64-fedora-gcc, r-release-osx-x86_64, r-oldrel-osx-x86_64