CRAN Package Check Results for Package RcppBDT

Last updated on 2018-08-20 04:49:15 CEST.

Flavor Version Tinstall Tcheck Ttotal Status Flags
r-devel-linux-x86_64-debian-clang 0.2.3 62.83 78.33 141.16 NOTE
r-devel-linux-x86_64-debian-gcc 0.2.3 64.63 60.96 125.59 NOTE
r-devel-linux-x86_64-fedora-clang 0.2.3 186.04 NOTE
r-devel-linux-x86_64-fedora-gcc 0.2.3 190.03 NOTE
r-devel-windows-ix86+x86_64 0.2.3 199.00 168.00 367.00 OK
r-patched-linux-x86_64 0.2.3 71.96 59.20 131.16 NOTE
r-patched-solaris-x86 0.2.3 190.00 OK
r-release-linux-x86_64 0.2.3 75.99 60.26 136.25 NOTE
r-release-windows-ix86+x86_64 0.2.3 207.00 101.00 308.00 OK
r-release-osx-x86_64 0.2.3 NOTE
r-oldrel-windows-ix86+x86_64 0.2.3 155.00 143.00 298.00 OK
r-oldrel-osx-x86_64 0.2.3 NOTE

Check Details

Version: 0.2.3
Check: compiled code
Result: NOTE
    File ‘RcppBDT/libs/RcppBDT.so’:
     Found no calls to: ‘R_registerRoutines’, ‘R_useDynamicSymbols’
    
    It is good practice to register native routines and to disable symbol
    search.
    
    See ‘Writing portable packages’ in the ‘Writing R Extensions’ manual.
Flavors: r-devel-linux-x86_64-debian-clang, r-devel-linux-x86_64-debian-gcc, r-devel-linux-x86_64-fedora-clang, r-devel-linux-x86_64-fedora-gcc, r-patched-linux-x86_64, r-release-linux-x86_64

Version: 0.2.3
Check: installed package size
Result: NOTE
     installed size is 8.8Mb
     sub-directories of 1Mb or more:
     libs 8.5Mb
Flavors: r-devel-linux-x86_64-fedora-clang, r-release-osx-x86_64, r-oldrel-osx-x86_64