CRAN Package Check Results for Package RcppBDT

Last updated on 2018-11-15 00:47:48 CET.

Flavor Version Tinstall Tcheck Ttotal Status Flags
r-devel-linux-x86_64-debian-clang 0.2.3 67.49 79.10 146.59 OK
r-devel-linux-x86_64-debian-gcc 0.2.3 62.77 60.22 122.99 OK
r-devel-linux-x86_64-fedora-clang 0.2.3 200.75 NOTE
r-devel-linux-x86_64-fedora-gcc 0.2.3 195.00 NOTE
r-devel-windows-ix86+x86_64 0.2.3 145.00 173.00 318.00 OK
r-patched-linux-x86_64 0.2.3 76.77 59.58 136.35 OK
r-patched-solaris-x86 0.2.3 188.50 OK
r-release-linux-x86_64 0.2.3 72.92 59.32 132.24 OK
r-release-windows-ix86+x86_64 0.2.3 215.00 135.00 350.00 OK
r-release-osx-x86_64 0.2.3 NOTE
r-oldrel-windows-ix86+x86_64 0.2.3 200.00 124.00 324.00 OK
r-oldrel-osx-x86_64 0.2.3 NOTE

Check Details

Version: 0.2.3
Check: installed package size
Result: NOTE
     installed size is 8.9Mb
     sub-directories of 1Mb or more:
     libs 8.7Mb
Flavors: r-devel-linux-x86_64-fedora-clang, r-release-osx-x86_64, r-oldrel-osx-x86_64

Version: 0.2.3
Check: compiled code
Result: NOTE
    File ‘RcppBDT/libs/RcppBDT.so’:
     Found no calls to: ‘R_registerRoutines’, ‘R_useDynamicSymbols’
    
    It is good practice to register native routines and to disable symbol
    search.
    
    See ‘Writing portable packages’ in the ‘Writing R Extensions’ manual.
Flavors: r-devel-linux-x86_64-fedora-clang, r-devel-linux-x86_64-fedora-gcc