Last updated on 2023-09-23 12:57:50 CEST.
Flavor | Version | Tinstall | Tcheck | Ttotal | Status | Flags |
---|---|---|---|---|---|---|
r-devel-linux-x86_64-debian-clang | 0.2.6 | 111.95 | 85.75 | 197.70 | NOTE | |
r-devel-linux-x86_64-debian-gcc | 0.2.6 | 85.38 | 69.61 | 154.99 | NOTE | |
r-devel-linux-x86_64-fedora-clang | 0.2.6 | 280.38 | NOTE | |||
r-devel-linux-x86_64-fedora-gcc | 0.2.6 | 298.61 | NOTE | |||
r-devel-windows-x86_64 | 0.2.6 | 91.00 | 121.00 | 212.00 | NOTE | |
r-patched-linux-x86_64 | 0.2.6 | 116.61 | 83.41 | 200.02 | NOTE | |
r-release-linux-x86_64 | 0.2.6 | 117.41 | 83.52 | 200.93 | NOTE | |
r-release-macos-arm64 | 0.2.6 | 68.00 | NOTE | |||
r-release-macos-x86_64 | 0.2.6 | 120.00 | NOTE | |||
r-release-windows-x86_64 | 0.2.6 | 91.00 | 144.00 | 235.00 | NOTE | |
r-oldrel-macos-arm64 | 0.2.6 | 67.00 | NOTE | |||
r-oldrel-macos-x86_64 | 0.2.6 | 83.00 | NOTE | |||
r-oldrel-windows-x86_64 | 0.2.6 | 118.00 | 120.00 | 238.00 | OK |
Version: 0.2.6
Check: C++ specification
Result: NOTE
Specified C++11: please drop specification unless essential
Flavors: r-devel-linux-x86_64-debian-clang, r-devel-linux-x86_64-debian-gcc, r-devel-linux-x86_64-fedora-clang, r-devel-linux-x86_64-fedora-gcc, r-devel-windows-x86_64, r-patched-linux-x86_64, r-release-linux-x86_64, r-release-macos-arm64, r-release-macos-x86_64, r-release-windows-x86_64
Version: 0.2.6
Check: installed package size
Result: NOTE
installed size is 9.4Mb
sub-directories of 1Mb or more:
libs 9.2Mb
Flavors: r-release-macos-arm64, r-release-macos-x86_64, r-oldrel-macos-arm64, r-oldrel-macos-x86_64