Last updated on 2023-03-31 23:50:32 CEST.
Flavor | Version | Tinstall | Tcheck | Ttotal | Status | Flags |
---|---|---|---|---|---|---|
r-devel-linux-x86_64-debian-clang | 0.2.6 | 108.13 | 85.80 | 193.93 | NOTE | |
r-devel-linux-x86_64-debian-gcc | 0.2.6 | 98.97 | 63.66 | 162.63 | NOTE | |
r-devel-linux-x86_64-fedora-clang | 0.2.6 | 277.07 | NOTE | |||
r-devel-linux-x86_64-fedora-gcc | 0.2.6 | 285.15 | NOTE | |||
r-devel-windows-x86_64 | 0.2.6 | 108.00 | 0.00 | 108.00 | NOTE | |
r-patched-linux-x86_64 | 0.2.6 | 101.12 | 81.50 | 182.62 | NOTE | |
r-release-linux-x86_64 | 0.2.6 | 101.12 | 81.49 | 182.61 | OK | |
r-release-macos-arm64 | 0.2.6 | 70.00 | NOTE | |||
r-release-macos-x86_64 | 0.2.6 | 83.00 | NOTE | |||
r-release-windows-x86_64 | 0.2.6 | 111.00 | 144.00 | 255.00 | OK | |
r-oldrel-macos-arm64 | 0.2.6 | 65.00 | NOTE | |||
r-oldrel-macos-x86_64 | 0.2.6 | 89.00 | NOTE | |||
r-oldrel-windows-ix86+x86_64 | 0.2.6 | 271.00 | 173.00 | 444.00 | OK |
Version: 0.2.6
Check: C++ specification
Result: NOTE
Specified C++11: please drop specification unless essential
Flavors: r-devel-linux-x86_64-debian-clang, r-devel-linux-x86_64-debian-gcc, r-devel-linux-x86_64-fedora-clang, r-devel-linux-x86_64-fedora-gcc, r-devel-windows-x86_64, r-patched-linux-x86_64
Version: 0.2.6
Check: installed package size
Result: NOTE
installed size is 8.9Mb
sub-directories of 1Mb or more:
libs 8.7Mb
Flavors: r-release-macos-arm64, r-release-macos-x86_64, r-oldrel-macos-arm64, r-oldrel-macos-x86_64