CRAN Package Check Results for Package RcppBDT

Last updated on 2019-02-16 22:46:40 CET.

Flavor Version Tinstall Tcheck Ttotal Status Flags
r-devel-linux-x86_64-debian-clang 0.2.3 66.78 61.59 128.37 OK
r-devel-linux-x86_64-debian-gcc 0.2.3 60.15 48.69 108.84 OK
r-devel-linux-x86_64-fedora-clang 0.2.3 190.36 NOTE
r-devel-linux-x86_64-fedora-gcc 0.2.3 180.45 NOTE
r-devel-windows-ix86+x86_64 0.2.3 295.00 122.00 417.00 OK
r-patched-linux-x86_64 0.2.3 71.80 59.53 131.33 OK
r-patched-solaris-x86 0.2.3 194.40 OK
r-release-linux-x86_64 0.2.3 OK
r-release-windows-ix86+x86_64 0.2.3 147.00 135.00 282.00 OK
r-release-osx-x86_64 0.2.3 NOTE
r-oldrel-windows-ix86+x86_64 0.2.3 212.00 153.00 365.00 OK
r-oldrel-osx-x86_64 0.2.3 NOTE

Check Details

Version: 0.2.3
Check: installed package size
Result: NOTE
     installed size is 8.1Mb
     sub-directories of 1Mb or more:
     libs 7.9Mb
Flavors: r-devel-linux-x86_64-fedora-clang, r-release-osx-x86_64, r-oldrel-osx-x86_64

Version: 0.2.3
Check: compiled code
Result: NOTE
    File ‘RcppBDT/libs/RcppBDT.so’:
     Found no calls to: ‘R_registerRoutines’, ‘R_useDynamicSymbols’
    
    It is good practice to register native routines and to disable symbol
    search.
    
    See ‘Writing portable packages’ in the ‘Writing R Extensions’ manual.
Flavors: r-devel-linux-x86_64-fedora-clang, r-devel-linux-x86_64-fedora-gcc