CRAN Package Check Results for Package RcppBigIntAlgos

Last updated on 2020-09-30 21:49:27 CEST.

Flavor Version Tinstall Tcheck Ttotal Status Flags
r-devel-linux-x86_64-debian-clang 0.3.1 96.07 53.31 149.38 OK
r-devel-linux-x86_64-debian-gcc 0.3.1 65.53 43.53 109.06 OK
r-devel-linux-x86_64-fedora-clang 0.3.1 221.89 NOTE
r-devel-linux-x86_64-fedora-gcc 0.3.1 153.56 OK
r-devel-windows-ix86+x86_64 0.3.1 200.00 118.00 318.00 OK
r-patched-linux-x86_64 0.3.1 81.61 54.37 135.98 OK
r-patched-solaris-x86 0.3.1 191.70 OK
r-release-linux-x86_64 0.3.1 77.96 53.31 131.27 OK
r-release-macos-x86_64 0.3.1 OK
r-release-windows-ix86+x86_64 0.2.4 196.00 84.00 280.00 OK
r-oldrel-macos-x86_64 0.3.1 OK
r-oldrel-windows-ix86+x86_64 0.3.1 154.00 91.00 245.00 OK

Additional issues

clang-ASAN gcc-ASAN valgrind

Check Details

Version: 0.3.1
Check: installed package size
Result: NOTE
     installed size is 5.3Mb
     sub-directories of 1Mb or more:
     libs 5.0Mb
Flavor: r-devel-linux-x86_64-fedora-clang