Last updated on 2023-01-30 11:52:58 CET.
Flavor | Version | Tinstall | Tcheck | Ttotal | Status | Flags |
---|---|---|---|---|---|---|
r-devel-linux-x86_64-debian-clang | 1.0.1 | 108.99 | 88.94 | 197.93 | OK | |
r-devel-linux-x86_64-debian-gcc | 1.0.1 | 83.80 | 74.07 | 157.87 | NOTE | |
r-devel-linux-x86_64-fedora-clang | 1.0.1 | 280.11 | NOTE | |||
r-devel-linux-x86_64-fedora-gcc | 1.0.1 | 248.73 | NOTE | |||
r-devel-windows-x86_64 | 1.0.1 | 111.00 | 129.00 | 240.00 | NOTE | |
r-patched-linux-x86_64 | 1.0.1 | 96.46 | 89.85 | 186.31 | OK | |
r-release-linux-x86_64 | 1.0.1 | 93.76 | 92.38 | 186.14 | OK | |
r-release-macos-arm64 | 1.0.1 | 66.00 | NOTE | |||
r-release-macos-x86_64 | 1.0.1 | 85.00 | NOTE | |||
r-release-windows-x86_64 | 1.0.1 | 174.00 | 153.00 | 327.00 | OK | |
r-oldrel-macos-arm64 | 1.0.1 | 76.00 | NOTE | |||
r-oldrel-macos-x86_64 | 1.0.1 | 102.00 | NOTE | |||
r-oldrel-windows-ix86+x86_64 | 1.0.1 | 253.00 | 205.00 | 458.00 | OK |
Version: 1.0.1
Check: C++ specification
Result: NOTE
Specified C++11: please update to current default of C++17
Flavors: r-devel-linux-x86_64-debian-gcc, r-devel-linux-x86_64-fedora-clang, r-devel-linux-x86_64-fedora-gcc, r-devel-windows-x86_64
Version: 1.0.1
Check: installed package size
Result: NOTE
installed size is 6.0Mb
sub-directories of 1Mb or more:
libs 5.7Mb
Flavors: r-release-macos-arm64, r-release-macos-x86_64, r-oldrel-macos-arm64, r-oldrel-macos-x86_64
Version: 1.0.1
Check: package dependencies
Result: NOTE
Package suggested but not available for checking: ‘RcppAlgos’
Flavor: r-release-macos-x86_64
Version: 1.0.1
Check: Rd cross-references
Result: NOTE
Package unavailable to check Rd xrefs: ‘RcppAlgos’
Flavor: r-release-macos-x86_64