CRAN Package Check Results for Package RcppCCTZ

Last updated on 2017-11-20 02:50:49.

Flavor Version Tinstall Tcheck Ttotal Status Flags
r-devel-linux-x86_64-debian-clang 0.2.3 25.86 13.83 39.70 OK
r-devel-linux-x86_64-debian-gcc 0.2.3 27.82 29.34 57.16 OK
r-devel-linux-x86_64-fedora-clang 0.2.3 80.44 OK
r-devel-linux-x86_64-fedora-gcc 0.2.3 112.16 OK
r-devel-windows-ix86+x86_64 0.2.3 129.00 54.00 183.00 OK
r-patched-linux-x86_64 0.2.3 27.36 14.91 42.27 OK
r-patched-solaris-x86 0.2.3 87.40 ERROR
r-release-linux-x86_64 0.2.3 26.93 14.75 41.68 OK
r-release-windows-ix86+x86_64 0.2.3 96.00 65.00 161.00 OK
r-release-osx-x86_64 0.2.3 OK
r-oldrel-windows-ix86+x86_64 0.2.3 87.00 63.00 150.00 OK
r-oldrel-osx-x86_64 0.2.3 OK

Check Details

Version: 0.2.3
Check: examples
Result: ERROR
    Running examples in ‘RcppCCTZ-Ex.R’ failed
    The error most likely occurred in:
    
    > ### Name: toTz
    > ### Title: Shift datetime object from one timezone to another
    > ### Aliases: toTz
    >
    > ### ** Examples
    >
    > toTz(Sys.time(), "America/New_York", "Europe/London")
    Error in toTz(Sys.time(), "America/New_York", "Europe/London") :
     Bad 'from' timezone
    Calls: toTz -> .Call
    Execution halted
Flavor: r-patched-solaris-x86

Version: 0.2.3
Check: tests
Result: ERROR
     Running ‘simpleTests.R’
    Running the tests in ‘tests/simpleTests.R’ failed.
    Complete output:
     >
     > library(RcppCCTZ)
     >
     > ord <- "America/Chicago"
     > lax <- "America/Los_Angeles"
     > lga <- "America/New_York"
     > htr <- "Europe/London"
     > utc <- "UTC"
     >
     > now <- ISOdatetime(2016, 11, 29, 12, 00, 00, tz="UTC")
     >
     > format(toTz(now, utc, lax), tz=lax)
     Error in toTz(now, utc, lax) : Bad 'to' timezone
     Calls: format -> toTz -> .Call
     Execution halted
Flavor: r-patched-solaris-x86