CRAN Package Check Results for Package RcppCCTZ

Last updated on 2018-04-19 18:55:39 CEST.

Flavor Version Tinstall Tcheck Ttotal Status Flags
r-devel-linux-x86_64-debian-clang 0.2.3 35.24 19.45 54.69 OK
r-devel-linux-x86_64-debian-gcc 0.2.3 28.48 16.92 45.40 OK
r-devel-linux-x86_64-fedora-clang 0.2.3 82.87 OK
r-devel-linux-x86_64-fedora-gcc 0.2.3 74.83 OK
r-devel-windows-ix86+x86_64 0.2.3 121.00 57.00 178.00 OK
r-devel-osx-x86_64 0.2.3 OK
r-patched-linux-x86_64 0.2.3 39.92 20.75 60.67 OK
r-patched-solaris-x86 0.2.3 92.60 ERROR
r-release-linux-x86_64 0.2.3 38.64 20.88 59.52 OK
r-release-windows-ix86+x86_64 0.2.3 121.00 70.00 191.00 OK
r-release-osx-x86_64 0.2.3 OK
r-oldrel-windows-ix86+x86_64 0.2.3 129.00 60.00 189.00 OK

Check Details

Version: 0.2.3
Check: examples
Result: ERROR
    Running examples in ‘RcppCCTZ-Ex.R’ failed
    The error most likely occurred in:
    
    > ### Name: toTz
    > ### Title: Shift datetime object from one timezone to another
    > ### Aliases: toTz
    >
    > ### ** Examples
    >
    > toTz(Sys.time(), "America/New_York", "Europe/London")
    Error in toTz(Sys.time(), "America/New_York", "Europe/London") :
     Bad 'from' timezone
    Execution halted
Flavor: r-patched-solaris-x86

Version: 0.2.3
Check: tests
Result: ERROR
     Running ‘simpleTests.R’
    Running the tests in ‘tests/simpleTests.R’ failed.
    Complete output:
     >
     > library(RcppCCTZ)
     >
     > ord <- "America/Chicago"
     > lax <- "America/Los_Angeles"
     > lga <- "America/New_York"
     > htr <- "Europe/London"
     > utc <- "UTC"
     >
     > now <- ISOdatetime(2016, 11, 29, 12, 00, 00, tz="UTC")
     >
     > format(toTz(now, utc, lax), tz=lax)
     Error in toTz(now, utc, lax) : Bad 'to' timezone
     Calls: format -> toTz
     Execution halted
Flavor: r-patched-solaris-x86