Last updated on 2023-04-01 00:53:09 CEST.
Flavor | Version | Tinstall | Tcheck | Ttotal | Status | Flags |
---|---|---|---|---|---|---|
r-devel-linux-x86_64-debian-clang | 0.2.12 | 52.20 | 30.01 | 82.21 | NOTE | |
r-devel-linux-x86_64-debian-gcc | 0.2.12 | 33.98 | 23.54 | 57.52 | NOTE | |
r-devel-linux-x86_64-fedora-clang | 0.2.12 | 127.80 | NOTE | |||
r-devel-linux-x86_64-fedora-gcc | 0.2.12 | 103.37 | NOTE | |||
r-devel-windows-x86_64 | 0.2.12 | 66.00 | 0.00 | 66.00 | NOTE | |
r-patched-linux-x86_64 | 0.2.12 | 38.84 | 28.87 | 67.71 | NOTE | |
r-release-linux-x86_64 | 0.2.12 | 40.81 | 29.56 | 70.37 | OK | |
r-release-macos-arm64 | 0.2.12 | 35.00 | OK | |||
r-release-macos-x86_64 | 0.2.12 | 43.00 | OK | |||
r-release-windows-x86_64 | 0.2.12 | 63.00 | 87.00 | 150.00 | OK | |
r-oldrel-macos-arm64 | 0.2.12 | 36.00 | OK | |||
r-oldrel-macos-x86_64 | 0.2.12 | 46.00 | OK | |||
r-oldrel-windows-ix86+x86_64 | 0.2.12 | 123.00 | 97.00 | 220.00 | OK |
Version: 0.2.12
Check: C++ specification
Result: NOTE
Specified C++11: please drop specification unless essential
Flavors: r-devel-linux-x86_64-debian-clang, r-devel-linux-x86_64-debian-gcc, r-devel-linux-x86_64-fedora-clang, r-devel-linux-x86_64-fedora-gcc, r-devel-windows-x86_64, r-patched-linux-x86_64