CRAN Package Check Results for Package RcppCCTZ

Last updated on 2023-09-28 14:00:35 CEST.

Flavor Version Tinstall Tcheck Ttotal Status Flags
r-devel-linux-x86_64-debian-clang 0.2.12 51.74 30.84 82.58 NOTE
r-devel-linux-x86_64-debian-gcc 0.2.12 32.97 23.87 56.84 NOTE
r-devel-linux-x86_64-fedora-clang 0.2.12 127.73 NOTE
r-devel-linux-x86_64-fedora-gcc 0.2.12 114.17 NOTE
r-devel-windows-x86_64 0.2.12 35.00 76.00 111.00 NOTE
r-patched-linux-x86_64 0.2.12 46.16 29.93 76.09 NOTE
r-release-linux-x86_64 0.2.12 47.80 29.59 77.39 NOTE
r-release-macos-arm64 0.2.12 34.00 NOTE
r-release-macos-x86_64 0.2.12 53.00 NOTE
r-release-windows-x86_64 0.2.12 40.00 80.00 120.00 NOTE
r-oldrel-macos-arm64 0.2.12 32.00 OK
r-oldrel-macos-x86_64 0.2.12 43.00 OK
r-oldrel-windows-x86_64 0.2.12 54.00 74.00 128.00 OK

Check Details

Version: 0.2.12
Check: C++ specification
Result: NOTE
     Specified C++11: please drop specification unless essential
Flavors: r-devel-linux-x86_64-debian-clang, r-devel-linux-x86_64-debian-gcc, r-devel-linux-x86_64-fedora-clang, r-devel-linux-x86_64-fedora-gcc, r-devel-windows-x86_64, r-patched-linux-x86_64, r-release-linux-x86_64, r-release-macos-arm64, r-release-macos-x86_64, r-release-windows-x86_64