CRAN Package Check Results for Package RcppCCTZ

Last updated on 2018-07-19 07:50:23 CEST.

Flavor Version Tinstall Tcheck Ttotal Status Flags
r-devel-linux-x86_64-debian-clang 0.2.3 35.81 21.11 56.92 OK
r-devel-linux-x86_64-debian-gcc 0.2.3 30.85 18.90 49.75 OK
r-devel-linux-x86_64-fedora-clang 0.2.3 86.10 OK
r-devel-linux-x86_64-fedora-gcc 0.2.3 79.43 OK
r-devel-windows-ix86+x86_64 0.2.3 92.00 82.00 174.00 OK
r-patched-linux-x86_64 0.2.3 37.57 21.55 59.12 OK
r-patched-solaris-x86 0.2.3 92.60 ERROR
r-release-linux-x86_64 0.2.3 39.42 21.36 60.78 OK
r-release-windows-ix86+x86_64 0.2.3 124.00 83.00 207.00 OK
r-release-osx-x86_64 0.2.3 OK
r-oldrel-windows-ix86+x86_64 0.2.3 132.00 68.00 200.00 OK
r-oldrel-osx-x86_64 0.2.3 OK

Check Details

Version: 0.2.3
Check: examples
Result: ERROR
    Running examples in ‘RcppCCTZ-Ex.R’ failed
    The error most likely occurred in:
    
    > ### Name: toTz
    > ### Title: Shift datetime object from one timezone to another
    > ### Aliases: toTz
    >
    > ### ** Examples
    >
    > toTz(Sys.time(), "America/New_York", "Europe/London")
    Error in toTz(Sys.time(), "America/New_York", "Europe/London") :
     Bad 'from' timezone
    Execution halted
Flavor: r-patched-solaris-x86

Version: 0.2.3
Check: tests
Result: ERROR
     Running ‘simpleTests.R’
    Running the tests in ‘tests/simpleTests.R’ failed.
    Complete output:
     >
     > library(RcppCCTZ)
     >
     > ord <- "America/Chicago"
     > lax <- "America/Los_Angeles"
     > lga <- "America/New_York"
     > htr <- "Europe/London"
     > utc <- "UTC"
     >
     > now <- ISOdatetime(2016, 11, 29, 12, 00, 00, tz="UTC")
     >
     > format(toTz(now, utc, lax), tz=lax)
     Error in toTz(now, utc, lax) : Bad 'to' timezone
     Calls: format -> toTz
     Execution halted
Flavor: r-patched-solaris-x86