Last updated on 2023-03-31 23:50:32 CEST.
Flavor | Version | Tinstall | Tcheck | Ttotal | Status | Flags |
---|---|---|---|---|---|---|
r-devel-linux-x86_64-debian-clang | 0.2.11 | 24.79 | 38.01 | 62.80 | NOTE | |
r-devel-linux-x86_64-debian-gcc | 0.2.11 | 17.73 | 30.37 | 48.10 | NOTE | |
r-devel-linux-x86_64-fedora-clang | 0.2.11 | 89.32 | NOTE | |||
r-devel-linux-x86_64-fedora-gcc | 0.2.11 | 93.37 | NOTE | |||
r-devel-windows-x86_64 | 0.2.11 | 31.00 | 0.00 | 31.00 | NOTE | |
r-patched-linux-x86_64 | 0.2.11 | 22.30 | 37.24 | 59.54 | NOTE | |
r-release-linux-x86_64 | 0.2.11 | 21.88 | 39.29 | 61.17 | OK | |
r-release-macos-arm64 | 0.2.11 | 29.00 | OK | |||
r-release-macos-x86_64 | 0.2.11 | 39.00 | OK | |||
r-release-windows-x86_64 | 0.2.11 | 30.00 | 113.00 | 143.00 | OK | |
r-oldrel-macos-arm64 | 0.2.11 | 31.00 | OK | |||
r-oldrel-macos-x86_64 | 0.2.11 | 40.00 | OK | |||
r-oldrel-windows-ix86+x86_64 | 0.2.11 | 54.00 | 96.00 | 150.00 | OK |
Version: 0.2.11
Check: C++ specification
Result: NOTE
Specified C++11: please drop specification unless essential
Flavors: r-devel-linux-x86_64-debian-clang, r-devel-linux-x86_64-debian-gcc, r-devel-linux-x86_64-fedora-clang, r-devel-linux-x86_64-fedora-gcc, r-devel-windows-x86_64, r-patched-linux-x86_64