Last updated on 2023-09-24 08:58:27 CEST.
Flavor | Version | Tinstall | Tcheck | Ttotal | Status | Flags |
---|---|---|---|---|---|---|
r-devel-linux-x86_64-debian-clang | 0.2.11 | 25.16 | 38.34 | 63.50 | NOTE | |
r-devel-linux-x86_64-debian-gcc | 0.2.11 | 16.19 | 30.59 | 46.78 | NOTE | |
r-devel-linux-x86_64-fedora-clang | 0.2.11 | 88.03 | NOTE | |||
r-devel-linux-x86_64-fedora-gcc | 0.2.11 | 104.54 | NOTE | |||
r-devel-windows-x86_64 | 0.2.11 | 20.00 | 120.00 | 140.00 | NOTE | |
r-patched-linux-x86_64 | 0.2.11 | 22.01 | 37.66 | 59.67 | NOTE | |
r-release-linux-x86_64 | 0.2.11 | 22.95 | 37.82 | 60.77 | NOTE | |
r-release-macos-arm64 | 0.2.11 | 36.00 | NOTE | |||
r-release-macos-x86_64 | 0.2.11 | 55.00 | NOTE | |||
r-release-windows-x86_64 | 0.2.11 | 21.00 | 92.00 | 113.00 | NOTE | |
r-oldrel-macos-arm64 | 0.2.11 | 32.00 | OK | |||
r-oldrel-macos-x86_64 | 0.2.11 | 39.00 | OK | |||
r-oldrel-windows-x86_64 | 0.2.11 | 25.00 | 93.00 | 118.00 | OK |
Version: 0.2.11
Check: C++ specification
Result: NOTE
Specified C++11: please drop specification unless essential
Flavors: r-devel-linux-x86_64-debian-clang, r-devel-linux-x86_64-debian-gcc, r-devel-linux-x86_64-fedora-clang, r-devel-linux-x86_64-fedora-gcc, r-devel-windows-x86_64, r-patched-linux-x86_64, r-release-linux-x86_64, r-release-macos-arm64, r-release-macos-x86_64, r-release-windows-x86_64