CRAN Package Check Results for Package RcppCNPy

Last updated on 2018-06-21 15:49:22 CEST.

Flavor Version Tinstall Tcheck Ttotal Status Flags
r-devel-linux-x86_64-debian-clang 0.2.9 12.02 30.86 42.88 WARN
r-devel-linux-x86_64-debian-gcc 0.2.9 9.74 27.64 37.38 WARN
r-devel-linux-x86_64-fedora-clang 0.2.9 61.49 WARN
r-devel-linux-x86_64-fedora-gcc 0.2.9 56.26 WARN
r-devel-windows-ix86+x86_64 0.2.9 38.00 134.00 172.00 OK
r-patched-linux-x86_64 0.2.9 13.25 31.93 45.18 WARN
r-patched-solaris-x86 0.2.9 72.80 OK
r-release-linux-x86_64 0.2.9 11.12 31.36 42.48 WARN
r-release-windows-ix86+x86_64 0.2.9 28.00 102.00 130.00 OK
r-release-osx-x86_64 0.2.9 OK
r-oldrel-windows-ix86+x86_64 0.2.9 45.00 102.00 147.00 OK
r-oldrel-osx-x86_64 0.2.9 OK

Check Details

Version: 0.2.9
Check: re-building of vignette outputs
Result: WARN
    Error in re-building vignettes:
     ...
    running: python -c 'import numpy as np
    
    mat = np.arange(12).reshape(3,4) * 1.1
    np.save("fmat.npy", mat)
    print mat
    
    vec = np.arange(5) * 1.1
    np.save("fvec.npy", vec)
    print vec'
    running: python -c 'import numpy as np
    m = np.load("randmat.npy")
    print m
    v = np.load("simplevec.npy")
    print v'
    ! LaTeX Error: Lonely \item--perhaps a missing list environment.
    
    Error: processing vignette ‘RcppCNPy-intro.Rmd’ failed with diagnostics:
    Failed to compile RcppCNPy-intro.tex. See RcppCNPy-intro.log for more info.
    Execution halted
Flavors: r-devel-linux-x86_64-debian-clang, r-devel-linux-x86_64-debian-gcc, r-devel-linux-x86_64-fedora-clang, r-devel-linux-x86_64-fedora-gcc, r-patched-linux-x86_64, r-release-linux-x86_64