CRAN Package Check Results for Package RcppClassic

Last updated on 2021-09-23 16:50:36 CEST.

Flavor Version Tinstall Tcheck Ttotal Status Flags
r-devel-linux-x86_64-debian-clang 0.9.12 98.52 31.34 129.86 OK
r-devel-linux-x86_64-debian-gcc 0.9.12 53.07 25.03 78.10 OK
r-devel-linux-x86_64-fedora-clang 0.9.12 198.91 NOTE
r-devel-linux-x86_64-fedora-gcc 0.9.12 155.04 OK
r-devel-windows-x86_64 0.9.12 87.00 91.00 178.00 OK
r-devel-windows-x86_64-gcc10-UCRT 0.9.12 OK
r-patched-linux-x86_64 0.9.12 73.08 30.74 103.82 OK
r-patched-solaris-x86 0.9.12 198.70 OK
r-release-linux-x86_64 0.9.12 66.70 30.31 97.01 OK
r-release-macos-arm64 0.9.12 WARN
r-release-macos-x86_64 0.9.12 WARN
r-release-windows-ix86+x86_64 0.9.12 225.00 180.00 405.00 OK
r-oldrel-macos-x86_64 0.9.12 WARN
r-oldrel-windows-ix86+x86_64 0.9.12 177.00 146.00 323.00 OK

Check Details

Version: 0.9.12
Check: installed package size
Result: NOTE
     installed size is 6.3Mb
     sub-directories of 1Mb or more:
     lib 4.5Mb
     libs 1.3Mb
Flavors: r-devel-linux-x86_64-fedora-clang, r-release-macos-arm64

Version: 0.9.12
Check: whether package can be installed
Result: WARN
    Found the following significant warnings:
     WARNING: shared objects/dynamic libraries with hard-coded temporary installation paths
Flavors: r-release-macos-arm64, r-release-macos-x86_64, r-oldrel-macos-x86_64