CRAN Package Check Results for Package RcppClassicExamples

Last updated on 2017-11-20 04:47:53.

Flavor Version Tinstall Tcheck Ttotal Status Flags
r-devel-linux-x86_64-debian-clang 0.1.1 22.58 13.35 35.93 NOTE
r-devel-linux-x86_64-debian-gcc 0.1.1 21.70 28.22 49.92 NOTE
r-devel-linux-x86_64-fedora-clang 0.1.1 74.65 NOTE
r-devel-linux-x86_64-fedora-gcc 0.1.1 99.23 NOTE
r-devel-windows-ix86+x86_64 0.1.1 102.00 52.00 154.00 NOTE
r-patched-linux-x86_64 0.1.1 22.77 13.84 36.61 NOTE
r-patched-solaris-x86 0.1.1 78.20 NOTE
r-release-linux-x86_64 0.1.1 22.75 14.22 36.97 NOTE
r-release-windows-ix86+x86_64 0.1.1 78.00 64.00 142.00 NOTE
r-release-osx-x86_64 0.1.1 NOTE
r-oldrel-windows-ix86+x86_64 0.1.1 63.00 60.00 123.00 NOTE
r-oldrel-osx-x86_64 0.1.1 NOTE

Check Details

Version: 0.1.1
Check: dependencies in R code
Result: NOTE
    Packages in Depends field not imported from:
     ‘Rcpp’ ‘RcppClassic’
     These packages need to be imported from (in the NAMESPACE file)
     for when this namespace is loaded but not attached.
Flavors: r-devel-linux-x86_64-debian-clang, r-devel-linux-x86_64-debian-gcc, r-devel-linux-x86_64-fedora-clang, r-devel-linux-x86_64-fedora-gcc, r-devel-windows-ix86+x86_64, r-patched-linux-x86_64, r-patched-solaris-x86, r-release-linux-x86_64, r-release-windows-ix86+x86_64, r-release-osx-x86_64, r-oldrel-windows-ix86+x86_64, r-oldrel-osx-x86_64

Version: 0.1.1
Check: S3 generic/method consistency
Result: NOTE
    Found the following apparent S3 methods exported but not registered:
     print.RcppExample
    See section ‘Registering S3 methods’ in the ‘Writing R Extensions’
    manual.
Flavors: r-devel-linux-x86_64-debian-clang, r-devel-linux-x86_64-debian-gcc, r-devel-linux-x86_64-fedora-clang, r-devel-linux-x86_64-fedora-gcc, r-patched-linux-x86_64, r-patched-solaris-x86, r-release-linux-x86_64

Version: 0.1.1
Check: compiled code
Result: NOTE
    File ‘RcppClassicExamples/libs/RcppClassicExamples.so’:
     Found no calls to: ‘R_registerRoutines’, ‘R_useDynamicSymbols’
    
    It is good practice to register native routines and to disable symbol
    search.
    
    See ‘Writing portable packages’ in the ‘Writing R Extensions’ manual.
Flavors: r-devel-linux-x86_64-debian-clang, r-devel-linux-x86_64-debian-gcc, r-devel-linux-x86_64-fedora-clang, r-devel-linux-x86_64-fedora-gcc, r-patched-linux-x86_64, r-release-linux-x86_64