CRAN Package Check Results for Package RcppClassicExamples

Last updated on 2021-09-23 16:50:36 CEST.

Flavor Version Tinstall Tcheck Ttotal Status Flags
r-devel-linux-x86_64-debian-clang 0.1.2 50.62 27.58 78.20 OK
r-devel-linux-x86_64-debian-gcc 0.1.2 29.82 21.81 51.63 OK
r-devel-linux-x86_64-fedora-clang 0.1.2 119.40 NOTE
r-devel-linux-x86_64-fedora-gcc 0.1.2 95.66 OK
r-devel-windows-x86_64 0.1.2 48.00 45.00 93.00 OK
r-devel-windows-x86_64-gcc10-UCRT 0.1.2 OK
r-patched-linux-x86_64 0.1.2 36.80 26.81 63.61 OK
r-patched-solaris-x86 0.1.2 103.60 OK
r-release-linux-x86_64 0.1.2 36.60 26.54 63.14 OK
r-release-macos-arm64 0.1.2 OK
r-release-macos-x86_64 0.1.2 OK
r-release-windows-ix86+x86_64 0.1.2 123.00 73.00 196.00 OK
r-oldrel-macos-x86_64 0.1.2 OK
r-oldrel-windows-ix86+x86_64 0.1.2 100.00 52.00 152.00 OK

Check Details

Version: 0.1.2
Check: Rd cross-references
Result: NOTE
    Undeclared package ‘RcppExamples’ in Rd xrefs
Flavor: r-devel-linux-x86_64-fedora-clang