Last updated on 2023-12-11 07:49:41 CET.
Flavor | Version | Tinstall | Tcheck | Ttotal | Status | Flags |
---|---|---|---|---|---|---|
r-devel-linux-x86_64-debian-clang | 0.1.3 | 51.99 | 28.73 | 80.72 | OK | |
r-devel-linux-x86_64-debian-gcc | 0.1.3 | 30.55 | 22.12 | 52.67 | OK | |
r-devel-linux-x86_64-fedora-clang | 0.1.3 | 121.76 | NOTE | |||
r-devel-linux-x86_64-fedora-gcc | 0.1.3 | 116.58 | OK | |||
r-devel-windows-x86_64 | 0.1.3 | 42.00 | 81.00 | 123.00 | OK | |
r-patched-linux-x86_64 | 0.1.3 | 41.88 | 28.43 | 70.31 | OK | |
r-release-linux-x86_64 | 0.1.3 | 39.41 | 28.06 | 67.47 | OK | |
r-release-macos-arm64 | 0.1.3 | 35.00 | OK | |||
r-release-macos-x86_64 | 0.1.3 | 47.00 | OK | |||
r-release-windows-x86_64 | 0.1.3 | 56.00 | 89.00 | 145.00 | OK | |
r-oldrel-macos-arm64 | 0.1.3 | 34.00 | OK | |||
r-oldrel-macos-x86_64 | 0.1.2 | 41.00 | OK | |||
r-oldrel-windows-x86_64 | 0.1.3 | 51.00 | 78.00 | 129.00 | OK |
Version: 0.1.3
Check: Rd cross-references
Result: NOTE
Undeclared package ‘RcppExamples’ in Rd xrefs
Flavor: r-devel-linux-x86_64-fedora-clang