CRAN Package Check Results for Package RcppClassicExamples

Last updated on 2018-06-22 10:50:38 CEST.

Flavor Version Tinstall Tcheck Ttotal Status Flags
r-devel-linux-x86_64-debian-clang 0.1.2 37.28 21.39 58.67 OK
r-devel-linux-x86_64-debian-gcc 0.1.2 30.32 18.42 48.74 OK
r-devel-linux-x86_64-fedora-clang 0.1.2 84.07 OK
r-devel-linux-x86_64-fedora-gcc 0.1.2 68.86 OK
r-devel-windows-ix86+x86_64 0.1.2 105.00 70.00 175.00 OK
r-patched-linux-x86_64 0.1.2 39.84 21.38 61.22 OK
r-patched-solaris-x86 0.1.2 85.10 OK
r-release-linux-x86_64 0.1.2 36.88 21.13 58.01 OK
r-release-windows-ix86+x86_64 0.1.2 72.00 51.00 123.00 OK
r-release-osx-x86_64 0.1.2 OK
r-oldrel-windows-ix86+x86_64 0.1.2 107.00 52.00 159.00 OK
r-oldrel-osx-x86_64 0.1.2 ERROR

Check Details

Version: 0.1.2
Check: whether package can be installed
Result: ERROR
    Installation failed.
Flavor: r-oldrel-osx-x86_64