Last updated on 2023-03-31 23:50:32 CEST.
Flavor | Version | Tinstall | Tcheck | Ttotal | Status | Flags |
---|---|---|---|---|---|---|
r-devel-linux-x86_64-debian-clang | 0.1.2 | 56.60 | 28.15 | 84.75 | OK | |
r-devel-linux-x86_64-debian-gcc | 0.1.2 | 38.62 | 22.34 | 60.96 | OK | |
r-devel-linux-x86_64-fedora-clang | 0.1.2 | 123.39 | NOTE | |||
r-devel-linux-x86_64-fedora-gcc | 0.1.2 | 104.26 | OK | |||
r-devel-windows-x86_64 | 0.1.2 | 111.00 | 0.00 | 111.00 | OK | |
r-patched-linux-x86_64 | 0.1.2 | 42.92 | 27.83 | 70.75 | OK | |
r-release-linux-x86_64 | 0.1.2 | 39.02 | 28.79 | 67.81 | OK | |
r-release-macos-arm64 | 0.1.2 | 31.00 | OK | |||
r-release-macos-x86_64 | 0.1.2 | 41.00 | OK | |||
r-release-windows-x86_64 | 0.1.2 | 62.00 | 85.00 | 147.00 | OK | |
r-oldrel-macos-arm64 | 0.1.2 | 34.00 | OK | |||
r-oldrel-macos-x86_64 | 0.1.2 | 55.00 | OK | |||
r-oldrel-windows-ix86+x86_64 | 0.1.2 | 129.00 | 98.00 | 227.00 | OK |
Version: 0.1.2
Check: Rd cross-references
Result: NOTE
Undeclared package ‘RcppExamples’ in Rd xrefs
Flavor: r-devel-linux-x86_64-fedora-clang