Last updated on 2023-03-29 06:04:54 CEST.
Flavor | Version | Tinstall | Tcheck | Ttotal | Status | Flags |
---|---|---|---|---|---|---|
r-devel-linux-x86_64-debian-clang | 0.1.7 | 61.51 | 48.45 | 109.96 | NOTE | |
r-devel-linux-x86_64-debian-gcc | 0.1.7 | 45.27 | 37.94 | 83.21 | NOTE | |
r-devel-linux-x86_64-fedora-clang | 0.1.7 | 159.14 | NOTE | |||
r-devel-linux-x86_64-fedora-gcc | 0.1.7 | 154.45 | NOTE | |||
r-devel-windows-x86_64 | 0.1.7 | 61.00 | 0.00 | 61.00 | NOTE | |
r-patched-linux-x86_64 | 0.1.7 | 48.58 | 46.58 | 95.16 | NOTE | |
r-release-linux-x86_64 | 0.1.7 | 47.41 | 47.13 | 94.54 | OK | |
r-release-macos-arm64 | 0.1.7 | 46.00 | OK | |||
r-release-macos-x86_64 | 0.1.7 | 58.00 | OK | |||
r-release-windows-x86_64 | 0.1.7 | 54.00 | 121.00 | 175.00 | OK | |
r-oldrel-macos-arm64 | 0.1.7 | 43.00 | OK | |||
r-oldrel-macos-x86_64 | 0.1.7 | 59.00 | OK | |||
r-oldrel-windows-ix86+x86_64 | 0.1.7 | 150.00 | 123.00 | 273.00 | OK |
Version: 0.1.7
Check: C++ specification
Result: NOTE
Specified C++11: please drop specification unless essential
Flavors: r-devel-linux-x86_64-debian-clang, r-devel-linux-x86_64-debian-gcc, r-devel-linux-x86_64-fedora-clang, r-devel-linux-x86_64-fedora-gcc, r-devel-windows-x86_64, r-patched-linux-x86_64