CRAN Package Check Results for Package RcppDE

Last updated on 2018-04-25 03:49:11 CEST.

Flavor Version Tinstall Tcheck Ttotal Status Flags
r-devel-linux-x86_64-debian-clang 0.1.5 39.99 36.81 76.80 NOTE
r-devel-linux-x86_64-debian-gcc 0.1.5 36.46 29.40 65.86 NOTE
r-devel-linux-x86_64-fedora-clang 0.1.5 101.60 NOTE
r-devel-linux-x86_64-fedora-gcc 0.1.5 98.42 NOTE
r-devel-windows-ix86+x86_64 0.1.5 105.00 78.00 183.00 OK
r-patched-linux-x86_64 0.1.5 46.56 36.63 83.19 NOTE
r-patched-solaris-x86 0.1.5 118.10 OK
r-release-linux-x86_64 0.1.5 44.82 35.94 80.76 NOTE
r-release-windows-ix86+x86_64 0.1.5 105.00 78.00 183.00 OK
r-release-osx-x86_64 0.1.5 OK
r-oldrel-windows-ix86+x86_64 0.1.5 75.00 94.00 169.00 OK
r-oldrel-osx-x86_64 0.1.5 OK

Check Details

Version: 0.1.5
Check: compiled code
Result: NOTE
    File ‘RcppDE/libs/RcppDE.so’:
     Found no calls to: ‘R_registerRoutines’, ‘R_useDynamicSymbols’
    
    It is good practice to register native routines and to disable symbol
    search.
    
    See ‘Writing portable packages’ in the ‘Writing R Extensions’ manual.
Flavors: r-devel-linux-x86_64-debian-clang, r-devel-linux-x86_64-debian-gcc, r-devel-linux-x86_64-fedora-clang, r-devel-linux-x86_64-fedora-gcc, r-patched-linux-x86_64, r-release-linux-x86_64