Last updated on 2023-09-29 08:54:08 CEST.
Flavor | Version | Tinstall | Tcheck | Ttotal | Status | Flags |
---|---|---|---|---|---|---|
r-devel-linux-x86_64-debian-clang | 0.1.7 | 56.90 | 47.89 | 104.79 | NOTE | |
r-devel-linux-x86_64-debian-gcc | 0.1.7 | 41.03 | 37.91 | 78.94 | NOTE | |
r-devel-linux-x86_64-fedora-clang | 0.1.7 | 159.77 | NOTE | |||
r-devel-linux-x86_64-fedora-gcc | 0.1.7 | 170.05 | NOTE | |||
r-devel-windows-x86_64 | 0.1.7 | 48.00 | 98.00 | 146.00 | NOTE | |
r-patched-linux-x86_64 | 0.1.7 | 57.49 | 48.02 | 105.51 | NOTE | |
r-release-linux-x86_64 | 0.1.7 | 53.87 | 47.96 | 101.83 | NOTE | |
r-release-macos-arm64 | 0.1.7 | 42.00 | NOTE | |||
r-release-macos-x86_64 | 0.1.7 | 81.00 | NOTE | |||
r-release-windows-x86_64 | 0.1.7 | 63.00 | 105.00 | 168.00 | NOTE | |
r-oldrel-macos-arm64 | 0.1.7 | 44.00 | OK | |||
r-oldrel-macos-x86_64 | 0.1.7 | 58.00 | OK | |||
r-oldrel-windows-x86_64 | 0.1.7 | 60.00 | 100.00 | 160.00 | OK |
Version: 0.1.7
Check: C++ specification
Result: NOTE
Specified C++11: please drop specification unless essential
Flavors: r-devel-linux-x86_64-debian-clang, r-devel-linux-x86_64-debian-gcc, r-devel-linux-x86_64-fedora-clang, r-devel-linux-x86_64-fedora-gcc, r-devel-windows-x86_64, r-patched-linux-x86_64, r-release-linux-x86_64, r-release-macos-arm64, r-release-macos-x86_64, r-release-windows-x86_64