CRAN Package Check Results for Package RcppDE

Last updated on 2017-11-19 14:47:57.

Flavor Version Tinstall Tcheck Ttotal Status Flags
r-devel-linux-x86_64-debian-clang 0.1.5 24.14 26.58 50.73 NOTE
r-devel-linux-x86_64-debian-gcc 0.1.5 27.26 28.21 55.47 NOTE
r-devel-linux-x86_64-fedora-clang 0.1.5 95.69 NOTE
r-devel-linux-x86_64-fedora-gcc 0.1.5 132.27 NOTE
r-devel-windows-ix86+x86_64 0.1.5 104.00 82.00 186.00 OK
r-patched-linux-x86_64 0.1.5 27.37 27.40 54.77 NOTE
r-patched-solaris-x86 0.1.5 111.20 OK
r-release-linux-x86_64 0.1.5 27.59 27.90 55.50 NOTE
r-release-windows-ix86+x86_64 0.1.5 79.00 103.00 182.00 OK
r-release-osx-x86_64 0.1.5 OK
r-oldrel-windows-ix86+x86_64 0.1.5 75.00 89.00 164.00 OK
r-oldrel-osx-x86_64 0.1.5 OK

Check Details

Version: 0.1.5
Check: compiled code
Result: NOTE
    File ‘RcppDE/libs/RcppDE.so’:
     Found no calls to: ‘R_registerRoutines’, ‘R_useDynamicSymbols’
    
    It is good practice to register native routines and to disable symbol
    search.
    
    See ‘Writing portable packages’ in the ‘Writing R Extensions’ manual.
Flavors: r-devel-linux-x86_64-debian-clang, r-devel-linux-x86_64-debian-gcc, r-devel-linux-x86_64-fedora-clang, r-devel-linux-x86_64-fedora-gcc, r-patched-linux-x86_64, r-release-linux-x86_64