CRAN Package Check Results for Package RcppDE

Last updated on 2018-01-20 05:49:21 CET.

Flavor Version Tinstall Tcheck Ttotal Status Flags
r-devel-linux-x86_64-debian-clang 0.1.5 34.23 42.89 77.12 NOTE
r-devel-linux-x86_64-debian-gcc 0.1.5 31.34 33.01 64.35 NOTE
r-devel-linux-x86_64-fedora-clang 0.1.5 102.21 NOTE
r-devel-linux-x86_64-fedora-gcc 0.1.5 99.52 NOTE
r-devel-windows-ix86+x86_64 0.1.5 104.00 117.00 221.00 OK
r-patched-linux-x86_64 0.1.5 41.26 41.24 82.50 NOTE
r-patched-solaris-x86 0.1.5 119.00 OK
r-release-linux-x86_64 0.1.5 39.49 41.79 81.28 NOTE
r-release-windows-ix86+x86_64 0.1.5 110.00 108.00 218.00 OK
r-release-osx-x86_64 0.1.5 OK
r-oldrel-windows-ix86+x86_64 0.1.5 109.00 88.00 197.00 OK
r-oldrel-osx-x86_64 0.1.5 OK

Check Details

Version: 0.1.5
Check: compiled code
Result: NOTE
    File ‘RcppDE/libs/RcppDE.so’:
     Found no calls to: ‘R_registerRoutines’, ‘R_useDynamicSymbols’
    
    It is good practice to register native routines and to disable symbol
    search.
    
    See ‘Writing portable packages’ in the ‘Writing R Extensions’ manual.
Flavors: r-devel-linux-x86_64-debian-clang, r-devel-linux-x86_64-debian-gcc, r-devel-linux-x86_64-fedora-clang, r-devel-linux-x86_64-fedora-gcc, r-patched-linux-x86_64, r-release-linux-x86_64