CRAN Package Check Results for Package RcppDist

Last updated on 2022-11-28 11:51:25 CET.

Flavor Version Tinstall Tcheck Ttotal Status Flags
r-devel-linux-x86_64-debian-clang 0.1.1 53.84 39.00 92.84 NOTE
r-devel-linux-x86_64-debian-gcc 0.1.1 45.27 29.87 75.14 NOTE
r-devel-linux-x86_64-fedora-clang 0.1.1 141.86 NOTE
r-devel-linux-x86_64-fedora-gcc 0.1.1 134.16 NOTE
r-devel-windows-x86_64 0.1.1 52.00 95.00 147.00 NOTE
r-patched-linux-x86_64 0.1.1 51.13 36.55 87.68 NOTE
r-release-linux-x86_64 0.1.1 50.39 37.19 87.58 NOTE
r-release-macos-arm64 0.1.1 39.00 NOTE
r-release-macos-x86_64 0.1.1 54.00 NOTE
r-release-windows-x86_64 0.1.1 93.00 95.00 188.00 NOTE
r-oldrel-macos-arm64 0.1.1 43.00 NOTE
r-oldrel-macos-x86_64 0.1.1 69.00 NOTE
r-oldrel-windows-ix86+x86_64 0.1.1 133.00 100.00 233.00 NOTE

Check Details

Version: 0.1.1
Check: LazyData
Result: NOTE
     'LazyData' is specified without a 'data' directory
Flavors: r-devel-linux-x86_64-debian-clang, r-devel-linux-x86_64-debian-gcc, r-devel-linux-x86_64-fedora-clang, r-devel-linux-x86_64-fedora-gcc, r-devel-windows-x86_64, r-patched-linux-x86_64, r-release-linux-x86_64, r-release-macos-arm64, r-release-macos-x86_64, r-release-windows-x86_64, r-oldrel-macos-arm64, r-oldrel-macos-x86_64, r-oldrel-windows-ix86+x86_64

Version: 0.1.1
Check: installed package size
Result: NOTE
     installed size is 5.2Mb
     sub-directories of 1Mb or more:
     libs 4.7Mb
Flavor: r-oldrel-macos-arm64