CRAN Package Check Results for Package RcppEigen

Last updated on 2018-07-19 07:50:23 CEST.

Flavor Version Tinstall Tcheck Ttotal Status Flags
r-devel-linux-x86_64-debian-clang 0.3.3.4.0 68.61 308.38 376.99 OK
r-devel-linux-x86_64-debian-gcc 0.3.3.4.0 55.72 259.85 315.57 OK
r-devel-linux-x86_64-fedora-clang 0.3.3.4.0 495.87 NOTE
r-devel-linux-x86_64-fedora-gcc 0.3.3.4.0 498.98 OK
r-devel-windows-ix86+x86_64 0.3.3.4.0 102.00 779.00 881.00 NOTE
r-patched-linux-x86_64 0.3.3.4.0 67.69 352.38 420.07 OK
r-patched-solaris-x86 0.3.3.4.0 443.60 NOTE
r-release-linux-x86_64 0.3.3.4.0 62.00 351.39 413.39 OK
r-release-windows-ix86+x86_64 0.3.3.4.0 147.00 741.00 888.00 NOTE
r-release-osx-x86_64 0.3.3.4.0 NOTE
r-oldrel-windows-ix86+x86_64 0.3.3.4.0 155.00 528.00 683.00 NOTE
r-oldrel-osx-x86_64 0.3.3.4.0 NOTE

Check Details

Version: 0.3.3.4.0
Check: installed package size
Result: NOTE
     installed size is 32.1Mb
     sub-directories of 1Mb or more:
     include 7.9Mb
     libs 23.5Mb
Flavors: r-devel-linux-x86_64-fedora-clang, r-devel-windows-ix86+x86_64, r-patched-solaris-x86, r-release-windows-ix86+x86_64, r-release-osx-x86_64, r-oldrel-windows-ix86+x86_64, r-oldrel-osx-x86_64