CRAN Package Check Results for Package RcppEigen

Last updated on 2018-10-22 01:50:58 CEST.

Flavor Version Tinstall Tcheck Ttotal Status Flags
r-devel-linux-x86_64-debian-clang 0.3.3.4.0 67.90 360.58 428.48 OK
r-devel-linux-x86_64-debian-gcc 0.3.3.4.0 66.04 282.61 348.65 OK
r-devel-linux-x86_64-fedora-clang 0.3.3.4.0 536.90 NOTE
r-devel-linux-x86_64-fedora-gcc 0.3.3.4.0 504.26 OK
r-devel-windows-ix86+x86_64 0.3.3.4.0 142.00 777.00 919.00 NOTE
r-patched-linux-x86_64 0.3.3.4.0 70.66 377.30 447.96 OK
r-patched-solaris-x86 0.3.3.4.0 441.50 NOTE
r-release-linux-x86_64 0.3.3.4.0 72.89 377.77 450.66 OK
r-release-windows-ix86+x86_64 0.3.3.4.0 145.00 745.00 890.00 NOTE
r-release-osx-x86_64 0.3.3.4.0 NOTE
r-oldrel-windows-ix86+x86_64 0.3.3.4.0 109.00 687.00 796.00 NOTE
r-oldrel-osx-x86_64 0.3.3.4.0 NOTE

Check Details

Version: 0.3.3.4.0
Check: installed package size
Result: NOTE
     installed size is 32.4Mb
     sub-directories of 1Mb or more:
     include 7.9Mb
     libs 23.9Mb
Flavors: r-devel-linux-x86_64-fedora-clang, r-devel-windows-ix86+x86_64, r-patched-solaris-x86, r-release-windows-ix86+x86_64, r-release-osx-x86_64, r-oldrel-windows-ix86+x86_64, r-oldrel-osx-x86_64