Last updated on 2023-03-31 22:59:42 CEST.
Flavor | Version | Tinstall | Tcheck | Ttotal | Status | Flags |
---|---|---|---|---|---|---|
r-devel-linux-x86_64-debian-clang | 0.3.3.9.3 | 86.83 | 86.95 | 173.78 | OK | |
r-devel-linux-x86_64-debian-gcc | 0.3.3.9.3 | 66.40 | 70.24 | 136.64 | OK | |
r-devel-linux-x86_64-fedora-clang | 0.3.3.9.3 | 214.80 | NOTE | |||
r-devel-linux-x86_64-fedora-gcc | 0.3.3.9.3 | 246.40 | OK | |||
r-devel-windows-x86_64 | 0.3.3.9.3 | 677.00 | 0.00 | 677.00 | NOTE | |
r-patched-linux-x86_64 | 0.3.3.9.3 | 74.66 | 89.11 | 163.77 | OK | |
r-release-linux-x86_64 | 0.3.3.9.3 | 70.17 | 86.53 | 156.70 | OK | |
r-release-macos-arm64 | 0.3.3.9.3 | 113.00 | NOTE | |||
r-release-macos-x86_64 | 0.3.3.9.3 | 133.00 | NOTE | |||
r-release-windows-x86_64 | 0.3.3.9.3 | 265.00 | 290.00 | 555.00 | NOTE | |
r-oldrel-macos-arm64 | 0.3.3.9.3 | 112.00 | NOTE | |||
r-oldrel-macos-x86_64 | 0.3.3.9.3 | 151.00 | NOTE | |||
r-oldrel-windows-ix86+x86_64 | 0.3.3.9.3 | 173.00 | 390.00 | 563.00 | NOTE |
Version: 0.3.3.9.3
Check: installed package size
Result: NOTE
installed size is 8.9Mb
sub-directories of 1Mb or more:
include 7.9Mb
Flavors: r-devel-linux-x86_64-fedora-clang, r-devel-windows-x86_64, r-release-macos-arm64, r-release-macos-x86_64, r-release-windows-x86_64, r-oldrel-macos-arm64, r-oldrel-macos-x86_64, r-oldrel-windows-ix86+x86_64