CRAN Package Check Results for Package RcppEigen

Last updated on 2019-01-22 01:51:08 CET.

Flavor Version Tinstall Tcheck Ttotal Status Flags
r-devel-linux-x86_64-debian-clang 0.3.3.5.0 67.66 343.70 411.36 OK
r-devel-linux-x86_64-debian-gcc 0.3.3.5.0 66.68 281.79 348.47 OK
r-devel-linux-x86_64-fedora-clang 0.3.3.5.0 532.54 NOTE
r-devel-linux-x86_64-fedora-gcc 0.3.3.5.0 504.85 OK
r-devel-windows-ix86+x86_64 0.3.3.5.0 143.00 743.00 886.00 NOTE
r-patched-linux-x86_64 0.3.3.5.0 84.14 384.31 468.45 OK
r-patched-solaris-x86 0.3.3.5.0 455.50 NOTE
r-release-linux-x86_64 0.3.3.5.0 82.09 382.95 465.04 OK
r-release-windows-ix86+x86_64 0.3.3.5.0 147.00 740.00 887.00 NOTE
r-release-osx-x86_64 0.3.3.5.0 NOTE
r-oldrel-windows-ix86+x86_64 0.3.3.5.0 154.00 513.00 667.00 NOTE
r-oldrel-osx-x86_64 0.3.3.5.0 NOTE

Check Details

Version: 0.3.3.5.0
Check: installed package size
Result: NOTE
     installed size is 34.7Mb
     sub-directories of 1Mb or more:
     include 7.9Mb
     libs 26.1Mb
Flavors: r-devel-linux-x86_64-fedora-clang, r-devel-windows-ix86+x86_64, r-patched-solaris-x86, r-release-windows-ix86+x86_64, r-release-osx-x86_64, r-oldrel-windows-ix86+x86_64, r-oldrel-osx-x86_64