Last updated on 2023-09-25 21:05:52 CEST.
Flavor | Version | Tinstall | Tcheck | Ttotal | Status | Flags |
---|---|---|---|---|---|---|
r-devel-linux-x86_64-debian-clang | 0.3.3.9.3 | 75.78 | 86.42 | 162.20 | OK | |
r-devel-linux-x86_64-debian-gcc | 0.3.3.9.3 | 63.28 | 70.22 | 133.50 | OK | |
r-devel-linux-x86_64-fedora-clang | 0.3.3.9.3 | 210.75 | NOTE | |||
r-devel-linux-x86_64-fedora-gcc | 0.3.3.9.3 | 257.63 | OK | |||
r-devel-windows-x86_64 | 0.3.3.9.3 | 65.00 | 227.00 | 292.00 | NOTE | |
r-patched-linux-x86_64 | 0.3.3.9.3 | 92.37 | 88.38 | 180.75 | OK | |
r-release-linux-x86_64 | 0.3.3.9.3 | 81.88 | 88.54 | 170.42 | OK | |
r-release-macos-arm64 | 0.3.3.9.3 | 124.00 | NOTE | |||
r-release-macos-x86_64 | 0.3.3.9.3 | 193.00 | NOTE | |||
r-release-windows-x86_64 | 0.3.3.9.3 | 84.00 | 264.00 | 348.00 | NOTE | |
r-oldrel-macos-arm64 | 0.3.3.9.3 | 123.00 | NOTE | |||
r-oldrel-macos-x86_64 | 0.3.3.9.3 | 133.00 | NOTE | |||
r-oldrel-windows-x86_64 | 0.3.3.9.3 | 76.00 | 248.00 | 324.00 | NOTE |
Version: 0.3.3.9.3
Check: installed package size
Result: NOTE
installed size is 8.9Mb
sub-directories of 1Mb or more:
include 7.9Mb
Flavors: r-devel-linux-x86_64-fedora-clang, r-devel-windows-x86_64, r-release-macos-arm64, r-release-macos-x86_64, r-release-windows-x86_64, r-oldrel-macos-arm64, r-oldrel-macos-x86_64, r-oldrel-windows-x86_64