CRAN Package Check Results for Package RcppEigen

Last updated on 2021-07-29 00:49:22 CEST.

Flavor Version Tinstall Tcheck Ttotal Status Flags
r-devel-linux-x86_64-debian-clang 0.3.3.9.1 OK
r-devel-linux-x86_64-debian-gcc 0.3.3.9.1 60.06 66.75 126.81 OK
r-devel-linux-x86_64-fedora-clang 0.3.3.9.1 222.61 NOTE
r-devel-linux-x86_64-fedora-gcc 0.3.3.9.1 210.26 OK
r-devel-windows-x86_64 0.3.3.9.1 68.00 241.00 309.00 NOTE
r-devel-windows-x86_64-gcc10-UCRT 0.3.3.9.1 OK
r-patched-linux-x86_64 0.3.3.9.1 68.68 82.17 150.85 OK
r-patched-solaris-x86 0.3.3.9.1 299.70 NOTE
r-release-linux-x86_64 0.3.3.9.1 70.72 82.85 153.57 OK
r-release-macos-arm64 0.3.3.9.1 NOTE
r-release-macos-x86_64 0.3.3.9.1 NOTE
r-release-windows-ix86+x86_64 0.3.3.9.1 170.00 298.00 468.00 NOTE
r-oldrel-macos-x86_64 0.3.3.9.1 NOTE
r-oldrel-windows-ix86+x86_64 0.3.3.9.1 128.00 379.00 507.00 NOTE

Check Details

Version: 0.3.3.9.1
Check: installed package size
Result: NOTE
     installed size is 32.1Mb
     sub-directories of 1Mb or more:
     include 7.9Mb
     libs 23.5Mb
Flavors: r-devel-linux-x86_64-fedora-clang, r-devel-windows-x86_64, r-patched-solaris-x86, r-release-macos-arm64, r-release-macos-x86_64, r-release-windows-ix86+x86_64, r-oldrel-macos-x86_64, r-oldrel-windows-ix86+x86_64