CRAN Package Check Results for Package RcppExamples

Last updated on 2017-11-22 09:50:58 CET.

Flavor Version Tinstall Tcheck Ttotal Status Flags
r-devel-linux-x86_64-debian-clang 0.1.8 30.46 13.14 43.60 NOTE
r-devel-linux-x86_64-debian-gcc 0.1.8 35.18 32.66 67.85 NOTE
r-devel-linux-x86_64-fedora-clang 0.1.8 89.05 NOTE
r-devel-linux-x86_64-fedora-gcc 0.1.8 117.48 NOTE
r-devel-windows-ix86+x86_64 0.1.8 96.00 48.00 144.00 OK
r-patched-linux-x86_64 0.1.8 31.83 14.22 46.05 NOTE
r-patched-solaris-x86 0.1.8 93.90 OK
r-release-linux-x86_64 0.1.8 32.45 15.04 47.49 NOTE
r-release-windows-ix86+x86_64 0.1.8 103.00 72.00 175.00 OK
r-release-osx-x86_64 0.1.8 OK
r-oldrel-windows-ix86+x86_64 0.1.8 87.00 59.00 146.00 OK
r-oldrel-osx-x86_64 0.1.8 OK

Check Details

Version: 0.1.8
Check: compiled code
Result: NOTE
    File ‘RcppExamples/libs/RcppExamples.so’:
     Found no calls to: ‘R_registerRoutines’, ‘R_useDynamicSymbols’
    
    It is good practice to register native routines and to disable symbol
    search.
    
    See ‘Writing portable packages’ in the ‘Writing R Extensions’ manual.
Flavors: r-devel-linux-x86_64-debian-clang, r-devel-linux-x86_64-debian-gcc, r-devel-linux-x86_64-fedora-clang, r-devel-linux-x86_64-fedora-gcc, r-patched-linux-x86_64, r-release-linux-x86_64