CRAN Package Check Results for Package RcppExamples

Last updated on 2018-10-17 22:51:52 CEST.

Flavor Version Tinstall Tcheck Ttotal Status Flags
r-devel-linux-x86_64-debian-clang 0.1.8 52.62 23.48 76.10 OK
r-devel-linux-x86_64-debian-gcc 0.1.8 45.83 18.92 64.75 OK
r-devel-linux-x86_64-fedora-clang 0.1.8 109.74 NOTE
r-devel-linux-x86_64-fedora-gcc 0.1.8 102.69 NOTE
r-devel-windows-ix86+x86_64 0.1.8 127.00 71.00 198.00 OK
r-patched-linux-x86_64 0.1.8 61.68 20.68 82.36 OK
r-patched-solaris-x86 0.1.8 100.60 OK
r-release-linux-x86_64 0.1.8 61.21 20.72 81.93 OK
r-release-windows-ix86+x86_64 0.1.8 103.00 70.00 173.00 OK
r-release-osx-x86_64 0.1.8 OK
r-oldrel-windows-ix86+x86_64 0.1.8 125.00 54.00 179.00 OK
r-oldrel-osx-x86_64 0.1.8 OK

Check Details

Version: 0.1.8
Check: compiled code
Result: NOTE
    File ‘RcppExamples/libs/RcppExamples.so’:
     Found no calls to: ‘R_registerRoutines’, ‘R_useDynamicSymbols’
    
    It is good practice to register native routines and to disable symbol
    search.
    
    See ‘Writing portable packages’ in the ‘Writing R Extensions’ manual.
Flavors: r-devel-linux-x86_64-fedora-clang, r-devel-linux-x86_64-fedora-gcc