CRAN Package Check Results for Package RcppExamples

Last updated on 2018-05-24 01:46:45 CEST.

Flavor Version Tinstall Tcheck Ttotal Status Flags
r-devel-linux-x86_64-debian-clang 0.1.8 51.42 19.10 70.52 NOTE
r-devel-linux-x86_64-debian-gcc 0.1.8 42.02 17.88 59.90 NOTE
r-devel-linux-x86_64-fedora-clang 0.1.8 98.02 NOTE
r-devel-linux-x86_64-fedora-gcc 0.1.8 91.41 NOTE
r-devel-windows-ix86+x86_64 0.1.8 117.00 73.00 190.00 OK
r-patched-linux-x86_64 0.1.8 50.46 20.50 70.96 NOTE
r-patched-solaris-x86 0.1.8 104.70 OK
r-release-linux-x86_64 0.1.8 49.61 20.27 69.88 NOTE
r-release-windows-ix86+x86_64 0.1.8 121.00 70.00 191.00 OK
r-release-osx-x86_64 0.1.8 OK
r-oldrel-windows-ix86+x86_64 0.1.8 125.00 60.00 185.00 OK
r-oldrel-osx-x86_64 0.1.8 OK

Check Details

Version: 0.1.8
Check: compiled code
Result: NOTE
    File ‘RcppExamples/libs/RcppExamples.so’:
     Found no calls to: ‘R_registerRoutines’, ‘R_useDynamicSymbols’
    
    It is good practice to register native routines and to disable symbol
    search.
    
    See ‘Writing portable packages’ in the ‘Writing R Extensions’ manual.
Flavors: r-devel-linux-x86_64-debian-clang, r-devel-linux-x86_64-debian-gcc, r-devel-linux-x86_64-fedora-clang, r-devel-linux-x86_64-fedora-gcc, r-patched-linux-x86_64, r-release-linux-x86_64