CRAN Package Check Results for Package RcppExamples

Last updated on 2018-02-20 09:50:19 CET.

Flavor Version Tinstall Tcheck Ttotal Status Flags
r-devel-linux-x86_64-debian-clang 0.1.8 43.45 18.76 62.21 NOTE
r-devel-linux-x86_64-debian-gcc 0.1.8 37.06 16.46 53.52 NOTE
r-devel-linux-x86_64-fedora-clang 0.1.8 95.01 NOTE
r-devel-linux-x86_64-fedora-gcc 0.1.8 85.75 NOTE
r-devel-windows-ix86+x86_64 0.1.8 81.00 55.00 136.00 OK
r-patched-linux-x86_64 0.1.8 42.93 20.33 63.26 NOTE
r-patched-solaris-x86 0.1.8 98.20 OK
r-release-linux-x86_64 0.1.8 47.85 20.17 68.02 NOTE
r-release-windows-ix86+x86_64 0.1.8 120.00 49.00 169.00 OK
r-release-osx-x86_64 0.1.8 OK
r-oldrel-windows-ix86+x86_64 0.1.8 134.00 68.00 202.00 OK
r-oldrel-osx-x86_64 0.1.8 OK

Check Details

Version: 0.1.8
Check: compiled code
Result: NOTE
    File ‘RcppExamples/libs/RcppExamples.so’:
     Found no calls to: ‘R_registerRoutines’, ‘R_useDynamicSymbols’
    
    It is good practice to register native routines and to disable symbol
    search.
    
    See ‘Writing portable packages’ in the ‘Writing R Extensions’ manual.
Flavors: r-devel-linux-x86_64-debian-clang, r-devel-linux-x86_64-debian-gcc, r-devel-linux-x86_64-fedora-clang, r-devel-linux-x86_64-fedora-gcc, r-patched-linux-x86_64, r-release-linux-x86_64