Last updated on 2023-09-23 07:09:06 CEST.
Flavor | Version | Tinstall | Tcheck | Ttotal | Status | Flags |
---|---|---|---|---|---|---|
r-devel-linux-x86_64-debian-clang | 0.1.9 | 72.46 | 27.39 | 99.85 | NOTE | |
r-devel-linux-x86_64-debian-gcc | 0.1.9 | 44.52 | 23.12 | 67.64 | NOTE | |
r-devel-linux-x86_64-fedora-clang | 0.1.9 | 143.29 | NOTE | |||
r-devel-linux-x86_64-fedora-gcc | 0.1.9 | 134.63 | NOTE | |||
r-devel-windows-x86_64 | 0.1.9 | 54.00 | 79.00 | 133.00 | OK | |
r-patched-linux-x86_64 | 0.1.9 | 64.96 | 27.07 | 92.03 | NOTE | |
r-release-linux-x86_64 | 0.1.9 | 59.67 | 27.00 | 86.67 | NOTE | |
r-release-macos-arm64 | 0.1.9 | 34.00 | NOTE | |||
r-release-macos-x86_64 | 0.1.9 | 54.00 | NOTE | |||
r-release-windows-x86_64 | 0.1.9 | 64.00 | 83.00 | 147.00 | OK | |
r-oldrel-macos-arm64 | 0.1.9 | 37.00 | OK | |||
r-oldrel-macos-x86_64 | 0.1.9 | 43.00 | OK | |||
r-oldrel-windows-x86_64 | 0.1.9 | 62.00 | 77.00 | 139.00 | OK |
Version: 0.1.9
Check: C++ specification
Result: NOTE
Specified C++11: please drop specification unless essential
Flavors: r-devel-linux-x86_64-debian-clang, r-devel-linux-x86_64-debian-gcc, r-devel-linux-x86_64-fedora-clang, r-devel-linux-x86_64-fedora-gcc, r-patched-linux-x86_64, r-release-linux-x86_64, r-release-macos-arm64, r-release-macos-x86_64