CRAN Package Check Results for Package RcppFastAD

Last updated on 2023-10-03 20:02:13 CEST.

Flavor Version Tinstall Tcheck Ttotal Status Flags
r-devel-linux-x86_64-debian-clang 0.0.2 57.08 28.51 85.59 OK
r-devel-linux-x86_64-debian-gcc 0.0.2 40.31 23.10 63.41 OK
r-devel-linux-x86_64-fedora-clang 0.0.2 123.09 OK
r-devel-linux-x86_64-fedora-gcc 0.0.2 128.42 OK
r-devel-windows-x86_64 0.0.2 50.00 74.00 124.00 OK
r-patched-linux-x86_64 0.0.2 54.88 28.62 83.50 OK
r-release-linux-x86_64 0.0.2 60.32 28.42 88.74 OK
r-release-macos-arm64 0.0.2 37.00 NOTE
r-release-macos-x86_64 0.0.2 56.00 NOTE
r-release-windows-x86_64 0.0.2 60.00 85.00 145.00 OK
r-oldrel-macos-arm64 0.0.2 34.00 NOTE
r-oldrel-macos-x86_64 0.0.2 46.00 NOTE
r-oldrel-windows-x86_64 0.0.2 59.00 71.00 130.00 OK

Check Details

Version: 0.0.2
Check: installed package size
Result: NOTE
     installed size is 6.9Mb
     sub-directories of 1Mb or more:
     libs 6.5Mb
Flavors: r-release-macos-arm64, r-release-macos-x86_64, r-oldrel-macos-arm64, r-oldrel-macos-x86_64