Last updated on 2023-06-07 17:55:47 CEST.
Flavor | Version | Tinstall | Tcheck | Ttotal | Status | Flags |
---|---|---|---|---|---|---|
r-devel-linux-x86_64-debian-clang | 0.0.2 | 62.14 | 27.91 | 90.05 | OK | |
r-devel-linux-x86_64-debian-gcc | 0.0.2 | 44.58 | 23.05 | 67.63 | OK | |
r-devel-linux-x86_64-fedora-clang | 0.0.2 | 124.82 | OK | |||
r-devel-linux-x86_64-fedora-gcc | 0.0.2 | 129.24 | OK | |||
r-devel-windows-x86_64 | 0.0.2 | 48.00 | 74.00 | 122.00 | OK | |
r-patched-linux-x86_64 | 0.0.2 | 49.87 | 28.24 | 78.11 | OK | |
r-release-linux-x86_64 | 0.0.2 | 46.82 | 28.56 | 75.38 | OK | |
r-release-macos-arm64 | 0.0.2 | 37.00 | NOTE | |||
r-release-macos-x86_64 | 0.0.2 | 56.00 | NOTE | |||
r-release-windows-x86_64 | 0.0.2 | 59.00 | 88.00 | 147.00 | OK | |
r-oldrel-macos-arm64 | 0.0.2 | 34.00 | NOTE | |||
r-oldrel-macos-x86_64 | 0.0.2 | 46.00 | NOTE | |||
r-oldrel-windows-x86_64 | 0.0.2 | 61.00 | 69.00 | 130.00 | OK |
Version: 0.0.2
Check: installed package size
Result: NOTE
installed size is 6.9Mb
sub-directories of 1Mb or more:
libs 6.5Mb
Flavors: r-release-macos-arm64, r-release-macos-x86_64, r-oldrel-macos-arm64, r-oldrel-macos-x86_64