CRAN Package Check Results for Package RcppGSL

Last updated on 2018-05-21 02:46:56 CEST.

Flavor Version Tinstall Tcheck Ttotal Status Flags
r-devel-linux-x86_64-debian-clang 0.3.5 20.71 114.69 135.40 OK
r-devel-linux-x86_64-debian-gcc 0.3.5 17.04 95.46 112.50 OK
r-devel-linux-x86_64-fedora-clang 0.3.5 98.35 OK
r-devel-linux-x86_64-fedora-gcc 0.3.5 94.59 OK
r-devel-windows-ix86+x86_64 0.3.4 65.00 224.00 289.00 OK
r-patched-linux-x86_64 0.3.4 20.83 130.19 151.02 OK
r-patched-solaris-x86 0.3.5 125.20 OK
r-release-linux-x86_64 0.3.4 20.16 129.42 149.58 OK
r-release-windows-ix86+x86_64 0.3.5 61.00 279.00 340.00 OK
r-release-osx-x86_64 0.3.5 OK
r-oldrel-windows-ix86+x86_64 0.3.5 60.00 302.00 362.00 OK
r-oldrel-osx-x86_64 0.3.3 ERROR

Check Details

Version: 0.3.3
Check: tests
Result: ERROR
     Running ‘doRUnit.R’ [86s/88s]
    Running the tests in ‘tests/doRUnit.R’ failed.
    Last 13 lines of output:
     Error 1 occurred building shared library.
     .setUp (before test.gsl.vector): ERROR !!
     Error executing .setUp before test.gsl.vector : Error in sourceCpp(file.path(pathRcppTests, "cpp/gsl.cpp")) :
     Error 1 occurred building shared library.
     .setUp (before test.gsl.vector.input.SEXP): ERROR !!
     Error executing .setUp before test.gsl.vector.input.SEXP : Error in sourceCpp(file.path(pathRcppTests, "cpp/gsl.cpp")) :
     Error 1 occurred building shared library.
     .setUp (before test.gsl.vector.view): ERROR !!
     Error executing .setUp before test.gsl.vector.view : Error in sourceCpp(file.path(pathRcppTests, "cpp/gsl.cpp")) :
     Error 1 occurred building shared library.
     .setUp (before test.gsl.vector.wrappers): ERROR !!
     Error executing .setUp before test.gsl.vector.wrappers : Error in sourceCpp(file.path(pathRcppTests, "cpp/gsl.cpp")) :
     Error 1 occurred building shared library.
     Error: TEST HAD ERRORS!
     Execution halted
Flavor: r-oldrel-osx-x86_64

Version: 0.3.3
Check: running R code from vignettes
Result: ERROR
    Errors in running code in vignettes:
    when running code in ‘RcppGSL-unitTests.Rnw’
     ...
    
    > if (err$nFail > 0) stop(sprintf("unit test problems: %d failures",
    + err$nFail))
    
    > if (err$nErr > 0) stop(sprintf("unit test problems: %d errors",
    + err$nErr))
    
     When sourcing ‘RcppGSL-unitTests.R’:
    Error: unit test problems: 14 errors
    Execution halted
Flavor: r-oldrel-osx-x86_64

Version: 0.3.3
Check: re-building of vignette outputs
Result: NOTE
    Error in re-building vignettes:
     ...
    /usr/local/clang4/bin/../include/c++/v1/algorithm:1932:1: note: candidate function template not viable: requires 5 arguments, but 4 were provided
    transform(_InputIterator1 __first1, _InputIterator1 __last1, _InputIterator2 __first2,
    ^
    1 error generated.
    make: *** [gsl.o] Error 1
    Error in sourceCpp(file.path(pathRcppTests, "cpp/gsl.cpp")) :
     Error 1 occurred building shared library.
    gsl.cpp:293:5: error: no matching function for call to 'transform'
     std::transform(vec.begin(), vec.end(), res.begin(), ::sqrt);
     ^~~~~~~~~~~~~~
    /usr/local/clang4/bin/../include/c++/v1/algorithm:1922:1: note: candidate template ignored: couldn't infer template argument '_UnaryOperation'
    transform(_InputIterator __first, _InputIterator __last, _OutputIterator __result, _UnaryOperation __op)
    ^
    /usr/local/clang4/bin/../include/c++/v1/algorithm:1932:1: note: candidate function template not viable: requires 5 arguments, but 4 were provided
    transform(_InputIterator1 __first1, _InputIterator1 __last1, _InputIterator2 __first2,
    ^
    1 error generated.
    make: *** [gsl.o] Error 1
    Error in sourceCpp(file.path(pathRcppTests, "cpp/gsl.cpp")) :
     Error 1 occurred building shared library.
    
    Error: processing vignette 'RcppGSL-unitTests.Rnw' failed with diagnostics:
     chunk 2 (label = unitTesting)
    Error in eval(expr, .GlobalEnv) : unit test problems: 14 errors
    Execution halted
Flavor: r-oldrel-osx-x86_64