CRAN Package Check Results for Package RcppGSL

Last updated on 2021-09-26 14:49:17 CEST.

Flavor Version Tinstall Tcheck Ttotal Status Flags
r-devel-linux-x86_64-debian-clang 0.3.9 27.41 35.72 63.13 WARN
r-devel-linux-x86_64-debian-gcc 0.3.9 17.10 28.83 45.93 WARN
r-devel-linux-x86_64-fedora-clang 0.3.9 95.78 OK
r-devel-linux-x86_64-fedora-gcc 0.3.9 78.21 OK
r-devel-windows-x86_64 0.3.9 29.00 95.00 124.00 OK
r-devel-windows-x86_64-gcc10-UCRT 0.3.9 OK
r-patched-linux-x86_64 0.3.9 22.29 35.04 57.33 WARN
r-patched-solaris-x86 0.3.9 117.10 OK
r-release-linux-x86_64 0.3.9 22.55 35.50 58.05 WARN
r-release-macos-arm64 0.3.9 OK
r-release-macos-x86_64 0.3.9 OK
r-release-windows-ix86+x86_64 0.3.9 69.00 239.00 308.00 OK
r-oldrel-macos-x86_64 0.3.9 OK
r-oldrel-windows-ix86+x86_64 0.3.9 82.00 191.00 273.00 OK

Check Details

Version: 0.3.9
Check: top-level files
Result: WARN
     Output from running autoreconf:
     configure.ac:35: warning: AC_OUTPUT should be used without arguments.
     configure.ac:35: You should run autoupdate.
Flavors: r-devel-linux-x86_64-debian-clang, r-devel-linux-x86_64-debian-gcc, r-patched-linux-x86_64, r-release-linux-x86_64