CRAN Package Check Results for Package RcppGetconf

Last updated on 2023-01-29 23:03:18 CET.

Flavor Version Tinstall Tcheck Ttotal Status Flags
r-devel-linux-x86_64-debian-clang 0.0.3 19.75 26.32 46.07 OK
r-devel-linux-x86_64-debian-gcc 0.0.3 16.42 20.61 37.03 OK
r-devel-linux-x86_64-fedora-clang 0.0.3 65.40 NOTE
r-devel-linux-x86_64-fedora-gcc 0.0.3 60.52 NOTE
r-patched-linux-x86_64 0.0.3 18.55 26.35 44.90 OK
r-release-linux-x86_64 0.0.3 19.19 26.55 45.74 OK
r-release-macos-arm64 0.0.3 21.00 OK
r-release-macos-x86_64 0.0.3 28.00 OK
r-oldrel-macos-arm64 0.0.3 25.00 OK
r-oldrel-macos-x86_64 0.0.3 33.00 OK

Check Details

Version: 0.0.3
Check: top-level files
Result: NOTE
    ‘configure’: /bin/bash is not portable
Flavors: r-devel-linux-x86_64-fedora-clang, r-devel-linux-x86_64-fedora-gcc