CRAN Package Check Results for Package RcppGetconf

Last updated on 2018-07-19 07:50:23 CEST.

Flavor Version Tinstall Tcheck Ttotal Status Flags
r-devel-linux-x86_64-debian-clang 0.0.2 12.40 19.13 31.53 NOTE
r-devel-linux-x86_64-debian-gcc 0.0.2 11.87 17.74 29.61 NOTE
r-devel-linux-x86_64-fedora-clang 0.0.2 46.74 NOTE
r-devel-linux-x86_64-fedora-gcc 0.0.2 46.27 NOTE
r-patched-linux-x86_64 0.0.2 18.72 20.05 38.77 NOTE
r-patched-solaris-x86 0.0.2 57.50 ERROR
r-release-linux-x86_64 0.0.2 16.00 19.92 35.92 NOTE
r-release-osx-x86_64 0.0.2 OK
r-oldrel-osx-x86_64 0.0.2 OK

Check Details

Version: 0.0.2
Check: compiled code
Result: NOTE
    File ‘RcppGetconf/libs/RcppGetconf.so’:
     Found no calls to: ‘R_registerRoutines’, ‘R_useDynamicSymbols’
    
    It is good practice to register native routines and to disable symbol
    search.
    
    See ‘Writing portable packages’ in the ‘Writing R Extensions’ manual.
Flavors: r-devel-linux-x86_64-debian-clang, r-devel-linux-x86_64-debian-gcc, r-devel-linux-x86_64-fedora-clang, r-devel-linux-x86_64-fedora-gcc, r-patched-linux-x86_64, r-release-linux-x86_64

Version: 0.0.2
Check: examples
Result: ERROR
    Running examples in ‘RcppGetconf-Ex.R’ failed
    The error most likely occurred in:
    
    > ### Name: getAll
    > ### Title: Return all System Configuration Settings
    > ### Aliases: getAll
    >
    > ### ** Examples
    >
    > head(getAll(), 30)
    Error in getAll() : Memory allocation error
    Calls: head -> getAll
    Execution halted
Flavor: r-patched-solaris-x86