CRAN Package Check Results for Package RcppGetconf

Last updated on 2021-09-23 16:50:36 CEST.

Flavor Version Tinstall Tcheck Ttotal Status Flags
r-devel-linux-x86_64-debian-clang 0.0.3 21.87 25.65 47.52 OK
r-devel-linux-x86_64-debian-gcc 0.0.3 13.69 20.45 34.14 OK
r-devel-linux-x86_64-fedora-clang 0.0.3 70.33 NOTE
r-devel-linux-x86_64-fedora-gcc 0.0.3 55.84 NOTE
r-patched-linux-x86_64 0.0.3 15.21 24.82 40.03 OK
r-patched-solaris-x86 0.0.3 70.50 OK
r-release-linux-x86_64 0.0.3 17.13 24.86 41.99 OK
r-release-macos-arm64 0.0.3 OK
r-release-macos-x86_64 0.0.3 OK
r-oldrel-macos-x86_64 0.0.3 OK

Check Details

Version: 0.0.3
Check: top-level files
Result: NOTE
    ‘configure’: /bin/bash is not portable
Flavors: r-devel-linux-x86_64-fedora-clang, r-devel-linux-x86_64-fedora-gcc