CRAN Package Check Results for Package RcppGetconf

Last updated on 2018-10-22 01:50:58 CEST.

Flavor Version Tinstall Tcheck Ttotal Status Flags
r-devel-linux-x86_64-debian-clang 0.0.2 14.70 22.66 37.36 OK
r-devel-linux-x86_64-debian-gcc 0.0.2 14.69 18.25 32.94 OK
r-devel-linux-x86_64-fedora-clang 0.0.2 49.52 NOTE
r-devel-linux-x86_64-fedora-gcc 0.0.2 47.44 NOTE
r-patched-linux-x86_64 0.0.2 19.04 19.93 38.97 OK
r-patched-solaris-x86 0.0.2 57.00 ERROR
r-release-linux-x86_64 0.0.2 17.29 19.77 37.06 OK
r-release-osx-x86_64 0.0.2 OK
r-oldrel-osx-x86_64 0.0.2 OK

Check Details

Version: 0.0.2
Check: compiled code
Result: NOTE
    File ‘RcppGetconf/libs/RcppGetconf.so’:
     Found no calls to: ‘R_registerRoutines’, ‘R_useDynamicSymbols’
    
    It is good practice to register native routines and to disable symbol
    search.
    
    See ‘Writing portable packages’ in the ‘Writing R Extensions’ manual.
Flavors: r-devel-linux-x86_64-fedora-clang, r-devel-linux-x86_64-fedora-gcc

Version: 0.0.2
Check: examples
Result: ERROR
    Running examples in ‘RcppGetconf-Ex.R’ failed
    The error most likely occurred in:
    
    > ### Name: getAll
    > ### Title: Return all System Configuration Settings
    > ### Aliases: getAll
    >
    > ### ** Examples
    >
    > head(getAll(), 30)
    Error in getAll() : Memory allocation error
    Calls: head -> getAll
    Execution halted
Flavor: r-patched-solaris-x86