CRAN Package Check Results for Package RcppGetconf

Last updated on 2017-11-19 16:48:44.

Flavor Version Tinstall Tcheck Ttotal Status Flags
r-devel-linux-x86_64-debian-clang 0.0.2 9.02 12.88 21.90 NOTE
r-devel-linux-x86_64-debian-gcc 0.0.2 9.78 13.78 23.55 NOTE
r-devel-linux-x86_64-fedora-clang 0.0.2 39.93 NOTE
r-devel-linux-x86_64-fedora-gcc 0.0.2 72.91 NOTE
r-patched-linux-x86_64 0.0.2 9.74 13.81 23.56 NOTE
r-patched-solaris-x86 0.0.2 52.30 ERROR
r-release-linux-x86_64 0.0.2 9.86 13.65 23.51 NOTE
r-release-osx-x86_64 0.0.2 OK
r-oldrel-osx-x86_64 0.0.2 OK

Check Details

Version: 0.0.2
Check: compiled code
Result: NOTE
    File ‘RcppGetconf/libs/RcppGetconf.so’:
     Found no calls to: ‘R_registerRoutines’, ‘R_useDynamicSymbols’
    
    It is good practice to register native routines and to disable symbol
    search.
    
    See ‘Writing portable packages’ in the ‘Writing R Extensions’ manual.
Flavors: r-devel-linux-x86_64-debian-clang, r-devel-linux-x86_64-debian-gcc, r-devel-linux-x86_64-fedora-clang, r-devel-linux-x86_64-fedora-gcc, r-patched-linux-x86_64, r-release-linux-x86_64

Version: 0.0.2
Check: examples
Result: ERROR
    Running examples in ‘RcppGetconf-Ex.R’ failed
    The error most likely occurred in:
    
    > ### Name: getAll
    > ### Title: Return all System Configuration Settings
    > ### Aliases: getAll
    >
    > ### ** Examples
    >
    > head(getAll(), 30)
    Error in getAll() : Memory allocation error
    Calls: head -> getAll -> .Call
    Execution halted
Flavor: r-patched-solaris-x86