CRAN Package Check Results for Package RcppGetconf

Last updated on 2018-04-19 18:55:39 CEST.

Flavor Version Tinstall Tcheck Ttotal Status Flags
r-devel-linux-x86_64-debian-clang 0.0.2 16.63 18.06 34.69 NOTE
r-devel-linux-x86_64-debian-gcc 0.0.2 12.30 15.83 28.13 NOTE
r-devel-linux-x86_64-fedora-clang 0.0.2 43.84 NOTE
r-devel-linux-x86_64-fedora-gcc 0.0.2 40.81 NOTE
r-devel-osx-x86_64 0.0.2 OK
r-patched-linux-x86_64 0.0.2 12.95 19.26 32.21 NOTE
r-patched-solaris-x86 0.0.2 57.40 ERROR
r-release-linux-x86_64 0.0.2 14.95 18.98 33.93 NOTE
r-release-osx-x86_64 0.0.2 OK

Check Details

Version: 0.0.2
Check: compiled code
Result: NOTE
    File ‘RcppGetconf/libs/RcppGetconf.so’:
     Found no calls to: ‘R_registerRoutines’, ‘R_useDynamicSymbols’
    
    It is good practice to register native routines and to disable symbol
    search.
    
    See ‘Writing portable packages’ in the ‘Writing R Extensions’ manual.
Flavors: r-devel-linux-x86_64-debian-clang, r-devel-linux-x86_64-debian-gcc, r-devel-linux-x86_64-fedora-clang, r-devel-linux-x86_64-fedora-gcc, r-patched-linux-x86_64, r-release-linux-x86_64

Version: 0.0.2
Check: examples
Result: ERROR
    Running examples in ‘RcppGetconf-Ex.R’ failed
    The error most likely occurred in:
    
    > ### Name: getAll
    > ### Title: Return all System Configuration Settings
    > ### Aliases: getAll
    >
    > ### ** Examples
    >
    > head(getAll(), 30)
    Error in getAll() : Memory allocation error
    Calls: head -> getAll
    Execution halted
Flavor: r-patched-solaris-x86