Last updated on 2023-10-03 00:08:43 CEST.
Flavor | Version | Tinstall | Tcheck | Ttotal | Status | Flags |
---|---|---|---|---|---|---|
r-devel-linux-x86_64-debian-clang | 0.0.3 | 19.73 | 26.29 | 46.02 | OK | |
r-devel-linux-x86_64-debian-gcc | 0.0.3 | 14.78 | 20.97 | 35.75 | OK | |
r-devel-linux-x86_64-fedora-clang | 0.0.3 | 66.50 | NOTE | |||
r-devel-linux-x86_64-fedora-gcc | 0.0.3 | 65.02 | NOTE | |||
r-patched-linux-x86_64 | 0.0.3 | 23.21 | 26.02 | 49.23 | OK | |
r-release-linux-x86_64 | 0.0.3 | 22.42 | 26.01 | 48.43 | OK | |
r-release-macos-arm64 | 0.0.3 | 23.00 | OK | |||
r-release-macos-x86_64 | 0.0.3 | 34.00 | OK | |||
r-oldrel-macos-arm64 | 0.0.3 | 24.00 | OK | |||
r-oldrel-macos-x86_64 | 0.0.3 | 28.00 | OK |
Version: 0.0.3
Check: top-level files
Result: NOTE
‘configure’: /bin/bash is not portable
Flavors: r-devel-linux-x86_64-fedora-clang, r-devel-linux-x86_64-fedora-gcc