CRAN Package Check Results for Package RcppGetconf

Last updated on 2018-01-21 08:48:38 CET.

Flavor Version Tinstall Tcheck Ttotal Status Flags
r-devel-linux-x86_64-debian-clang 0.0.2 12.67 20.26 32.93 NOTE
r-devel-linux-x86_64-debian-gcc 0.0.2 10.46 16.14 26.60 NOTE
r-devel-linux-x86_64-fedora-clang 0.0.2 43.09 NOTE
r-devel-linux-x86_64-fedora-gcc 0.0.2 41.34 NOTE
r-patched-linux-x86_64 0.0.2 12.67 19.35 32.02 NOTE
r-patched-solaris-x86 0.0.2 57.10 ERROR
r-release-linux-x86_64 0.0.2 12.25 19.36 31.61 NOTE
r-release-osx-x86_64 0.0.2 OK
r-oldrel-osx-x86_64 0.0.2 OK

Check Details

Version: 0.0.2
Check: compiled code
Result: NOTE
    File ‘RcppGetconf/libs/RcppGetconf.so’:
     Found no calls to: ‘R_registerRoutines’, ‘R_useDynamicSymbols’
    
    It is good practice to register native routines and to disable symbol
    search.
    
    See ‘Writing portable packages’ in the ‘Writing R Extensions’ manual.
Flavors: r-devel-linux-x86_64-debian-clang, r-devel-linux-x86_64-debian-gcc, r-devel-linux-x86_64-fedora-clang, r-devel-linux-x86_64-fedora-gcc, r-patched-linux-x86_64, r-release-linux-x86_64

Version: 0.0.2
Check: examples
Result: ERROR
    Running examples in ‘RcppGetconf-Ex.R’ failed
    The error most likely occurred in:
    
    > ### Name: getAll
    > ### Title: Return all System Configuration Settings
    > ### Aliases: getAll
    >
    > ### ** Examples
    >
    > head(getAll(), 30)
    Error in getAll() : Memory allocation error
    Calls: head -> getAll -> .Call
    Execution halted
Flavor: r-patched-solaris-x86