CRAN Package Check Results for Package RcppML

Last updated on 2021-10-26 17:50:16 CEST.

Flavor Version Tinstall Tcheck Ttotal Status Flags
r-devel-linux-x86_64-debian-clang 0.3.7 51.20 70.70 121.90 OK
r-devel-linux-x86_64-debian-gcc 0.3.7 35.61 55.32 90.93 OK
r-devel-linux-x86_64-fedora-clang 0.3.7 169.16 NOTE
r-devel-linux-x86_64-fedora-gcc 0.3.7 153.01 OK
r-devel-windows-x86_64 0.3.7 55.00 110.00 165.00 OK
r-devel-windows-x86_64-gcc10-UCRT 0.3.7 OK
r-patched-linux-x86_64 0.3.7 41.94 68.56 110.50 OK
r-patched-solaris-x86 0.3.7 152.60 OK
r-release-linux-x86_64 0.3.7 43.65 68.12 111.77 OK
r-release-macos-arm64 0.3.7 NOTE
r-release-macos-x86_64 0.3.7 NOTE
r-release-windows-ix86+x86_64 0.3.7 76.00 138.00 214.00 OK
r-oldrel-macos-x86_64 0.3.7 NOTE
r-oldrel-windows-ix86+x86_64 0.3.7 107.00 142.00 249.00 OK

Check Details

Version: 0.3.7
Check: installed package size
Result: NOTE
     installed size is 7.2Mb
     sub-directories of 1Mb or more:
     libs 7.0Mb
Flavors: r-devel-linux-x86_64-fedora-clang, r-release-macos-arm64, r-release-macos-x86_64, r-oldrel-macos-x86_64