CRAN Package Check Results for Package RcppMsgPack

Last updated on 2018-02-20 09:50:19 CET.

Flavor Version Tinstall Tcheck Ttotal Status Flags
r-devel-linux-x86_64-debian-clang 0.2.1 38.77 46.35 85.12 OK
r-devel-linux-x86_64-debian-gcc 0.2.1 29.67 41.21 70.88 OK
r-devel-linux-x86_64-fedora-clang 0.2.1 125.38 NOTE
r-devel-linux-x86_64-fedora-gcc 0.2.1 118.55 NOTE
r-devel-windows-ix86+x86_64 0.2.1 83.00 145.00 228.00 NOTE
r-patched-linux-x86_64 0.2.1 37.91 56.55 94.46 OK
r-patched-solaris-x86 0.2.1 49.90 ERROR
r-release-linux-x86_64 0.2.1 39.31 55.35 94.66 OK
r-release-windows-ix86+x86_64 0.2.1 117.00 184.00 301.00 NOTE
r-release-osx-x86_64 0.2.1 NOTE
r-oldrel-windows-ix86+x86_64 0.2.1 142.00 66.00 208.00 NOTE
r-oldrel-osx-x86_64 0.2.0 NOTE

Check Details

Version: 0.2.1
Check: installed package size
Result: NOTE
     installed size is 10.1Mb
     sub-directories of 1Mb or more:
     include 7.0Mb
     libs 2.6Mb
Flavors: r-devel-linux-x86_64-fedora-clang, r-devel-linux-x86_64-fedora-gcc, r-devel-windows-ix86+x86_64, r-release-windows-ix86+x86_64, r-release-osx-x86_64, r-oldrel-windows-ix86+x86_64

Version: 0.2.1
Check: whether package can be installed
Result: ERROR
    Installation failed.
Flavor: r-patched-solaris-x86

Version: 0.2.0
Check: installed package size
Result: NOTE
     installed size is 14.7Mb
     sub-directories of 1Mb or more:
     include 6.7Mb
     libs 7.6Mb
Flavor: r-oldrel-osx-x86_64