CRAN Package Check Results for Package RcppMsgPack

Last updated on 2018-05-24 01:46:45 CEST.

Flavor Version Tinstall Tcheck Ttotal Status Flags
r-devel-linux-x86_64-debian-clang 0.2.2 36.13 47.96 84.09 OK
r-devel-linux-x86_64-debian-gcc 0.2.2 31.17 42.62 73.79 OK
r-devel-linux-x86_64-fedora-clang 0.2.2 126.68 NOTE
r-devel-linux-x86_64-fedora-gcc 0.2.2 123.90 NOTE
r-devel-windows-ix86+x86_64 0.2.2 125.00 192.00 317.00 NOTE
r-patched-linux-x86_64 0.2.2 37.22 51.32 88.54 OK
r-patched-solaris-x86 0.2.2 49.20 ERROR
r-release-linux-x86_64 0.2.2 36.44 51.84 88.28 OK
r-release-windows-ix86+x86_64 0.2.2 139.00 185.00 324.00 NOTE
r-release-osx-x86_64 0.2.2 NOTE
r-oldrel-windows-ix86+x86_64 0.2.2 125.00 186.00 311.00 NOTE
r-oldrel-osx-x86_64 0.2.1 NOTE

Check Details

Version: 0.2.2
Check: installed package size
Result: NOTE
     installed size is 10.1Mb
     sub-directories of 1Mb or more:
     include 7.0Mb
     libs 2.6Mb
Flavors: r-devel-linux-x86_64-fedora-clang, r-devel-linux-x86_64-fedora-gcc, r-devel-windows-ix86+x86_64, r-release-windows-ix86+x86_64, r-release-osx-x86_64, r-oldrel-windows-ix86+x86_64

Version: 0.2.2
Check: whether package can be installed
Result: ERROR
    Installation failed.
Flavor: r-patched-solaris-x86

Version: 0.2.1
Check: installed package size
Result: NOTE
     installed size is 9.3Mb
     sub-directories of 1Mb or more:
     include 6.7Mb
     libs 2.3Mb
Flavor: r-oldrel-osx-x86_64