CRAN Package Check Results for Package RcppMsgPack

Last updated on 2023-09-24 22:08:08 CEST.

Flavor Version Tinstall Tcheck Ttotal Status Flags
r-devel-linux-x86_64-debian-clang 0.2.3 44.29 78.81 123.10 NOTE
r-devel-linux-x86_64-debian-gcc 0.2.3 35.57 58.81 94.38 NOTE
r-devel-linux-x86_64-fedora-clang 0.2.3 175.12 NOTE
r-devel-linux-x86_64-fedora-gcc 0.2.3 197.18 NOTE
r-devel-windows-x86_64 0.2.3 46.00 114.00 160.00 NOTE
r-patched-linux-x86_64 0.2.3 50.16 77.44 127.60 NOTE
r-release-linux-x86_64 0.2.3 51.32 73.25 124.57 NOTE
r-release-macos-arm64 0.2.3 60.00 NOTE
r-release-macos-x86_64 0.2.3 94.00 NOTE
r-release-windows-x86_64 0.2.3 49.00 118.00 167.00 NOTE
r-oldrel-macos-arm64 0.2.3 55.00 NOTE
r-oldrel-macos-x86_64 0.2.3 84.00 NOTE
r-oldrel-windows-x86_64 0.2.3 62.00 118.00 180.00 NOTE

Check Details

Version: 0.2.3
Check: C++ specification
Result: NOTE
     Specified C++11: please drop specification unless essential
Flavors: r-devel-linux-x86_64-debian-clang, r-devel-linux-x86_64-debian-gcc, r-devel-linux-x86_64-fedora-clang, r-devel-linux-x86_64-fedora-gcc, r-devel-windows-x86_64, r-patched-linux-x86_64, r-release-linux-x86_64, r-release-macos-arm64, r-release-macos-x86_64, r-release-windows-x86_64

Version: 0.2.3
Check: installed package size
Result: NOTE
     installed size is 7.8Mb
     sub-directories of 1Mb or more:
     include 7.0Mb
Flavors: r-devel-linux-x86_64-fedora-clang, r-devel-windows-x86_64, r-release-macos-arm64, r-release-macos-x86_64, r-release-windows-x86_64, r-oldrel-macos-arm64, r-oldrel-macos-x86_64, r-oldrel-windows-x86_64