CRAN Package Check Results for Package RcppMsgPack

Last updated on 2019-01-22 17:50:24 CET.

Flavor Version Tinstall Tcheck Ttotal Status Flags
r-devel-linux-x86_64-debian-clang 0.2.3 38.07 63.33 101.40 OK
r-devel-linux-x86_64-debian-gcc 0.2.3 33.01 54.11 87.12 OK
r-devel-linux-x86_64-fedora-clang 0.2.3 137.90 NOTE
r-devel-linux-x86_64-fedora-gcc 0.2.3 133.69 OK
r-devel-windows-ix86+x86_64 0.2.3 143.00 269.00 412.00 NOTE
r-patched-linux-x86_64 0.2.3 43.62 61.14 104.76 OK
r-patched-solaris-x86 0.2.3 188.70 NOTE
r-release-linux-x86_64 0.2.3 41.27 61.67 102.94 OK
r-release-windows-ix86+x86_64 0.2.3 88.00 264.00 352.00 NOTE
r-release-osx-x86_64 0.2.3 NOTE
r-oldrel-windows-ix86+x86_64 0.2.3 136.00 213.00 349.00 NOTE
r-oldrel-osx-x86_64 0.2.3 NOTE

Check Details

Version: 0.2.3
Check: installed package size
Result: NOTE
     installed size is 10.2Mb
     sub-directories of 1Mb or more:
     include 7.0Mb
     libs 2.8Mb
Flavors: r-devel-linux-x86_64-fedora-clang, r-devel-windows-ix86+x86_64, r-patched-solaris-x86, r-release-windows-ix86+x86_64, r-release-osx-x86_64, r-oldrel-windows-ix86+x86_64, r-oldrel-osx-x86_64