Last updated on 2023-03-31 23:50:32 CEST.
Flavor | Version | Tinstall | Tcheck | Ttotal | Status | Flags |
---|---|---|---|---|---|---|
r-devel-linux-x86_64-debian-clang | 0.2.3 | 51.71 | 76.29 | 128.00 | NOTE | |
r-devel-linux-x86_64-debian-gcc | 0.2.3 | 36.06 | 59.25 | 95.31 | NOTE | |
r-devel-linux-x86_64-fedora-clang | 0.2.3 | 175.41 | NOTE | |||
r-devel-linux-x86_64-fedora-gcc | 0.2.3 | 185.19 | NOTE | |||
r-devel-windows-x86_64 | 0.2.3 | 672.00 | 166.00 | 838.00 | NOTE | |
r-patched-linux-x86_64 | 0.2.3 | 45.58 | 75.69 | 121.27 | NOTE | |
r-release-linux-x86_64 | 0.2.3 | 42.45 | 76.18 | 118.63 | OK | |
r-release-macos-arm64 | 0.2.3 | 51.00 | NOTE | |||
r-release-macos-x86_64 | 0.2.3 | 84.00 | NOTE | |||
r-release-windows-x86_64 | 0.2.3 | 1275.00 | 180.00 | 1455.00 | NOTE | |
r-oldrel-macos-arm64 | 0.2.3 | 61.00 | NOTE | |||
r-oldrel-macos-x86_64 | 0.2.3 | 102.00 | NOTE | |||
r-oldrel-windows-ix86+x86_64 | 0.2.3 | 123.00 | 208.00 | 331.00 | NOTE |
Version: 0.2.3
Check: C++ specification
Result: NOTE
Specified C++11: please drop specification unless essential
Flavors: r-devel-linux-x86_64-debian-clang, r-devel-linux-x86_64-debian-gcc, r-devel-linux-x86_64-fedora-clang, r-devel-linux-x86_64-fedora-gcc, r-devel-windows-x86_64, r-patched-linux-x86_64
Version: 0.2.3
Check: installed package size
Result: NOTE
installed size is 7.8Mb
sub-directories of 1Mb or more:
include 7.0Mb
Flavors: r-devel-linux-x86_64-fedora-clang, r-devel-windows-x86_64, r-release-macos-arm64, r-release-macos-x86_64, r-release-windows-x86_64, r-oldrel-macos-arm64, r-oldrel-macos-x86_64, r-oldrel-windows-ix86+x86_64