CRAN Package Check Results for Package RcppMsgPack

Last updated on 2017-11-21 22:48:24 CET.

Flavor Version Tinstall Tcheck Ttotal Status Flags
r-devel-linux-x86_64-debian-clang 0.2.0 31.68 20.51 52.19 OK
r-devel-linux-x86_64-debian-gcc 0.2.0 37.96 47.04 84.99 OK
r-devel-linux-x86_64-fedora-clang 0.2.0 99.64 NOTE
r-devel-linux-x86_64-fedora-gcc 0.2.0 137.10 NOTE
r-devel-windows-ix86+x86_64 0.2.0 173.00 65.00 238.00 NOTE
r-patched-linux-x86_64 0.2.0 34.57 22.17 56.74 OK
r-patched-solaris-x86 0.2.0 26.70 ERROR
r-release-linux-x86_64 0.2.0 34.75 22.13 56.88 OK
r-release-windows-ix86+x86_64 0.2.0 116.00 64.00 180.00 NOTE
r-release-osx-x86_64 0.2.0 NOTE
r-oldrel-windows-ix86+x86_64 0.2.0 125.00 56.00 181.00 NOTE
r-oldrel-osx-x86_64 0.2.0 NOTE

Check Details

Version: 0.2.0
Check: installed package size
Result: NOTE
     installed size is 13.9Mb
     sub-directories of 1Mb or more:
     include 7.0Mb
     libs 6.5Mb
Flavors: r-devel-linux-x86_64-fedora-clang, r-devel-linux-x86_64-fedora-gcc, r-devel-windows-ix86+x86_64, r-release-windows-ix86+x86_64, r-release-osx-x86_64, r-oldrel-windows-ix86+x86_64, r-oldrel-osx-x86_64

Version: 0.2.0
Check: package dependencies
Result: NOTE
    Package suggested but not available for checking: ‘microbenchmark’
Flavor: r-patched-solaris-x86

Version: 0.2.0
Check: whether package can be installed
Result: ERROR
    Installation failed.
Flavor: r-patched-solaris-x86