CRAN Package Check Results for Package RcppNLoptExample

Last updated on 2021-09-23 15:51:07 CEST.

Flavor Version Tinstall Tcheck Ttotal Status Flags
r-devel-linux-x86_64-debian-clang 0.0.1 17.63 27.95 45.58 OK
r-devel-linux-x86_64-debian-gcc 0.0.1 10.93 21.95 32.88 OK
r-devel-linux-x86_64-fedora-clang 0.0.1 71.22 OK
r-devel-linux-x86_64-fedora-gcc 0.0.1 56.30 OK
r-devel-windows-x86_64 0.0.1 19.00 44.00 63.00 OK
r-devel-windows-x86_64-gcc10-UCRT 0.0.1 ERROR
r-patched-linux-x86_64 0.0.1 14.87 27.10 41.97 OK
r-patched-solaris-x86 0.0.1 71.00 OK
r-release-linux-x86_64 0.0.1 14.18 27.29 41.47 OK
r-release-macos-arm64 0.0.1 OK
r-release-macos-x86_64 0.0.1 OK
r-release-windows-ix86+x86_64 0.0.1 45.00 73.00 118.00 OK
r-oldrel-macos-x86_64 0.0.1 OK
r-oldrel-windows-ix86+x86_64 0.0.1 31.00 53.00 84.00 OK

Check Details

Version: 0.0.1
Check: whether package can be installed
Result: ERROR
    Installation failed.
Flavor: r-devel-windows-x86_64-gcc10-UCRT