CRAN Package Check Results for Package RcppNumerical

Last updated on 2018-10-17 09:49:23 CEST.

Flavor Version Tinstall Tcheck Ttotal Status Flags
r-devel-linux-x86_64-debian-clang 0.3-2 31.78 109.27 141.05 OK
r-devel-linux-x86_64-debian-gcc 0.3-2 34.25 99.36 133.61 OK
r-devel-linux-x86_64-fedora-clang 0.3-2 176.35 NOTE
r-devel-linux-x86_64-fedora-gcc 0.3-2 191.86 OK
r-devel-windows-ix86+x86_64 0.3-2 85.00 173.00 258.00 OK
r-patched-linux-x86_64 0.3-2 38.07 128.25 166.32 OK
r-patched-solaris-x86 0.3-2 179.70 OK
r-release-linux-x86_64 0.3-2 38.68 129.64 168.32 OK
r-release-windows-ix86+x86_64 0.3-2 87.00 174.00 261.00 OK
r-release-osx-x86_64 0.3-2 NOTE
r-oldrel-windows-ix86+x86_64 0.3-2 89.00 164.00 253.00 OK
r-oldrel-osx-x86_64 0.3-2 NOTE

Check Details

Version: 0.3-2
Check: installed package size
Result: NOTE
     installed size is 5.8Mb
     sub-directories of 1Mb or more:
     libs 5.3Mb
Flavors: r-devel-linux-x86_64-fedora-clang, r-release-osx-x86_64, r-oldrel-osx-x86_64