CRAN Package Check Results for Package RcppNumerical

Last updated on 2017-12-15 12:48:06 CET.

Flavor Version Tinstall Tcheck Ttotal Status Flags
r-devel-linux-x86_64-debian-clang 0.3-1 26.18 94.53 120.71 NOTE
r-devel-linux-x86_64-debian-gcc 0.3-1 25.73 82.54 108.27 NOTE
r-devel-linux-x86_64-fedora-clang 0.3-1 154.05 NOTE
r-devel-linux-x86_64-fedora-gcc 0.3-1 170.43 NOTE
r-devel-windows-ix86+x86_64 0.3-1 84.00 117.00 201.00 OK
r-patched-linux-x86_64 0.3-1 33.81 107.43 141.24 NOTE
r-patched-solaris-x86 0.3-1 172.50 OK
r-release-linux-x86_64 0.3-1 32.97 110.60 143.57 NOTE
r-release-windows-ix86+x86_64 0.3-1 60.00 119.00 179.00 OK
r-release-osx-x86_64 0.3-1 NOTE
r-oldrel-windows-ix86+x86_64 0.3-1 58.00 151.00 209.00 OK
r-oldrel-osx-x86_64 0.3-1 NOTE

Check Details

Version: 0.3-1
Check: compiled code
Result: NOTE
    File ‘RcppNumerical/libs/RcppNumerical.so’:
     Found no calls to: ‘R_registerRoutines’, ‘R_useDynamicSymbols’
    
    It is good practice to register native routines and to disable symbol
    search.
    
    See ‘Writing portable packages’ in the ‘Writing R Extensions’ manual.
Flavors: r-devel-linux-x86_64-debian-clang, r-devel-linux-x86_64-debian-gcc, r-devel-linux-x86_64-fedora-clang, r-devel-linux-x86_64-fedora-gcc, r-patched-linux-x86_64, r-release-linux-x86_64

Version: 0.3-1
Check: installed package size
Result: NOTE
     installed size is 5.6Mb
     sub-directories of 1Mb or more:
     libs 5.2Mb
Flavors: r-devel-linux-x86_64-fedora-clang, r-devel-linux-x86_64-fedora-gcc, r-release-osx-x86_64, r-oldrel-osx-x86_64