CRAN Package Check Results for Package RcppNumerical

Last updated on 2019-07-16 02:49:38 CEST.

Flavor Version Tinstall Tcheck Ttotal Status Flags
r-devel-linux-x86_64-debian-clang 0.3-3 30.79 103.72 134.51 OK
r-devel-linux-x86_64-debian-gcc 0.3-3 29.63 88.59 118.22 OK
r-devel-linux-x86_64-fedora-clang 0.3-3 172.51 NOTE
r-devel-linux-x86_64-fedora-gcc 0.3-3 179.96 OK
r-devel-windows-ix86+x86_64 0.3-3 91.00 182.00 273.00 OK
r-patched-linux-x86_64 0.3-3 33.31 113.53 146.84 OK
r-patched-solaris-x86 0.3-3 206.20 OK
r-release-linux-x86_64 0.3-3 36.92 113.12 150.04 OK
r-release-windows-ix86+x86_64 0.3-3 65.00 174.00 239.00 OK
r-release-osx-x86_64 0.3-3 NOTE
r-oldrel-windows-ix86+x86_64 0.3-3 88.00 135.00 223.00 OK
r-oldrel-osx-x86_64 0.3-3 NOTE

Check Details

Version: 0.3-3
Check: installed package size
Result: NOTE
     installed size is 5.3Mb
     sub-directories of 1Mb or more:
     libs 4.8Mb
Flavors: r-devel-linux-x86_64-fedora-clang, r-release-osx-x86_64, r-oldrel-osx-x86_64