CRAN Package Check Results for Package RcppNumerical

Last updated on 2018-07-18 15:48:25 CEST.

Flavor Version Tinstall Tcheck Ttotal Status Flags
r-devel-linux-x86_64-debian-clang 0.3-2 31.19 102.87 134.06 OK
r-devel-linux-x86_64-debian-gcc 0.3-2 30.82 90.14 120.96 OK
r-devel-linux-x86_64-fedora-clang 0.3-2 166.47 NOTE
r-devel-linux-x86_64-fedora-gcc 0.3-2 190.94 OK
r-devel-windows-ix86+x86_64 0.3-2 85.00 210.00 295.00 OK
r-patched-linux-x86_64 0.3-2 33.98 118.62 152.60 OK
r-patched-solaris-x86 0.3-2 183.30 OK
r-release-linux-x86_64 0.3-2 33.65 118.08 151.73 OK
r-release-windows-ix86+x86_64 0.3-2 74.00 166.00 240.00 OK
r-release-osx-x86_64 0.3-2 NOTE
r-oldrel-windows-ix86+x86_64 0.3-2 89.00 132.00 221.00 OK
r-oldrel-osx-x86_64 0.3-2 NOTE

Check Details

Version: 0.3-2
Check: installed package size
Result: NOTE
     installed size is 5.7Mb
     sub-directories of 1Mb or more:
     libs 5.2Mb
Flavors: r-devel-linux-x86_64-fedora-clang, r-release-osx-x86_64, r-oldrel-osx-x86_64