CRAN Package Check Results for Package RcppParallel

Last updated on 2021-09-22 06:48:44 CEST.

Flavor Version Tinstall Tcheck Ttotal Status Flags
r-devel-linux-x86_64-debian-clang 5.1.4 56.54 81.86 138.40 NOTE
r-devel-linux-x86_64-debian-gcc 5.1.4 35.61 51.67 87.28 NOTE
r-devel-linux-x86_64-fedora-clang 5.1.4 191.30 NOTE
r-devel-linux-x86_64-fedora-gcc 5.1.4 150.50 NOTE
r-devel-windows-x86_64 5.1.4 131.00 85.00 216.00 NOTE
r-devel-windows-x86_64-gcc10-UCRT 5.1.4 ERROR
r-patched-linux-x86_64 5.1.4 40.47 67.60 108.07 NOTE
r-patched-solaris-x86 5.1.4 201.70 NOTE
r-release-linux-x86_64 5.1.4 41.83 67.57 109.40 NOTE
r-release-macos-arm64 5.1.4 NOTE
r-release-macos-x86_64 5.1.4 NOTE
r-release-windows-ix86+x86_64 5.1.4 300.00 166.00 466.00 NOTE
r-oldrel-macos-x86_64 5.1.4 NOTE
r-oldrel-windows-ix86+x86_64 5.1.4 304.00 173.00 477.00 NOTE

Additional issues

gcc-ASAN

Check Details

Version: 5.1.4
Check: for GNU extensions in Makefiles
Result: NOTE
    GNU make is a SystemRequirements.
Flavors: r-devel-linux-x86_64-debian-clang, r-devel-linux-x86_64-debian-gcc, r-devel-linux-x86_64-fedora-clang, r-devel-linux-x86_64-fedora-gcc, r-devel-windows-x86_64, r-patched-linux-x86_64, r-patched-solaris-x86, r-release-linux-x86_64, r-release-macos-arm64, r-release-macos-x86_64, r-release-windows-ix86+x86_64, r-oldrel-macos-x86_64, r-oldrel-windows-ix86+x86_64

Version: 5.1.4
Check: installed package size
Result: NOTE
     installed size is 5.0Mb
     sub-directories of 1Mb or more:
     include 2.1Mb
     lib 2.6Mb
Flavors: r-devel-linux-x86_64-fedora-clang, r-release-windows-ix86+x86_64, r-oldrel-windows-ix86+x86_64

Version: 5.1.4
Check: whether package can be installed
Result: ERROR
    Installation failed.
Flavor: r-devel-windows-x86_64-gcc10-UCRT