CRAN Package Check Results for Package RcppQuantuccia

Last updated on 2023-09-21 15:54:38 CEST.

Flavor Version Tinstall Tcheck Ttotal Status Flags
r-devel-linux-x86_64-debian-clang 0.1.1 193.99 30.56 224.55 NOTE
r-devel-linux-x86_64-debian-gcc 0.1.1 131.52 23.51 155.03 NOTE
r-devel-linux-x86_64-fedora-clang 0.1.1 390.58 NOTE
r-devel-linux-x86_64-fedora-gcc 0.1.1 338.80 NOTE
r-devel-windows-x86_64 0.1.1 152.00 88.00 240.00 NOTE
r-patched-linux-x86_64 0.1.1 189.66 29.78 219.44 NOTE
r-release-linux-x86_64 0.1.1 193.52 29.51 223.03 NOTE
r-release-macos-arm64 0.1.1 74.00 NOTE
r-release-macos-x86_64 0.1.1 122.00 NOTE
r-release-windows-x86_64 0.1.1 179.00 107.00 286.00 NOTE
r-oldrel-macos-arm64 0.1.1 74.00 NOTE
r-oldrel-macos-x86_64 0.1.1 102.00 NOTE
r-oldrel-windows-x86_64 0.1.1 201.00 89.00 290.00 OK

Check Details

Version: 0.1.1
Check: C++ specification
Result: NOTE
     Specified C++14: please drop specification unless essential
Flavors: r-devel-linux-x86_64-debian-clang, r-devel-linux-x86_64-debian-gcc, r-devel-linux-x86_64-fedora-clang, r-devel-linux-x86_64-fedora-gcc, r-devel-windows-x86_64, r-patched-linux-x86_64, r-release-linux-x86_64, r-release-macos-arm64, r-release-macos-x86_64, r-release-windows-x86_64

Version: 0.1.1
Check: installed package size
Result: NOTE
     installed size is 9.2Mb
     sub-directories of 1Mb or more:
     libs 9.0Mb
Flavors: r-release-macos-arm64, r-release-macos-x86_64, r-oldrel-macos-arm64, r-oldrel-macos-x86_64