CRAN Package Check Results for Package RcppQuantuccia

Last updated on 2018-11-15 00:47:48 CET.

Flavor Version Tinstall Tcheck Ttotal Status Flags
r-devel-linux-x86_64-debian-clang 0.0.2 77.07 25.19 102.26 NOTE
r-devel-linux-x86_64-debian-gcc 0.0.2 100.04 22.68 122.72 NOTE
r-devel-linux-x86_64-fedora-clang 0.0.2 148.50 NOTE
r-devel-linux-x86_64-fedora-gcc 0.0.2 200.82 NOTE
r-devel-windows-ix86+x86_64 0.0.2 295.00 164.00 459.00 NOTE
r-patched-linux-x86_64 0.0.2 126.31 24.48 150.79 NOTE
r-patched-solaris-x86 0.0.2 385.00 NOTE
r-release-linux-x86_64 0.0.2 121.71 24.83 146.54 NOTE
r-release-windows-ix86+x86_64 0.0.2 382.00 138.00 520.00 NOTE
r-release-osx-x86_64 0.0.2 NOTE
r-oldrel-windows-ix86+x86_64 0.0.2 369.00 152.00 521.00 NOTE
r-oldrel-osx-x86_64 0.0.2 NOTE

Check Details

Version: 0.0.2
Check: pragmas in C/C++ headers and code
Result: NOTE
    Files which contain pragma(s) suppressing diagnostics:
     ‘inst/include/ql/math/distributions/normaldistribution.hpp’
     ‘inst/include/ql/math/matrix.hpp’
     ‘inst/include/ql/math/optimization/levenbergmarquardt.hpp’
     ‘inst/include/ql/math/statistics/incrementalstatistics.hpp’
     ‘inst/include/ql/time/date.hpp’ ‘inst/include/ql/time/imm.hpp’
     ‘inst/include/ql/utilities/dataparsers.hpp’
     ‘inst/include/ql/utilities/null.hpp’
Flavors: r-devel-linux-x86_64-debian-clang, r-devel-linux-x86_64-debian-gcc, r-devel-linux-x86_64-fedora-clang, r-devel-linux-x86_64-fedora-gcc, r-devel-windows-ix86+x86_64, r-patched-linux-x86_64, r-release-linux-x86_64, r-release-windows-ix86+x86_64

Version: 0.0.2
Check: installed package size
Result: NOTE
     installed size is 23.1Mb
     sub-directories of 1Mb or more:
     include 8.9Mb
     libs 14.1Mb
Flavors: r-devel-linux-x86_64-fedora-clang, r-devel-windows-ix86+x86_64, r-patched-solaris-x86, r-release-windows-ix86+x86_64, r-release-osx-x86_64, r-oldrel-windows-ix86+x86_64, r-oldrel-osx-x86_64