CRAN Package Check Results for Package RcppQuantuccia

Last updated on 2018-08-20 05:49:27 CEST.

Flavor Version Tinstall Tcheck Ttotal Status Flags
r-devel-linux-x86_64-debian-clang 0.0.2 77.88 25.13 103.01 NOTE
r-devel-linux-x86_64-debian-gcc 0.0.2 108.10 22.29 130.39 NOTE
r-devel-linux-x86_64-fedora-clang 0.0.2 140.78 NOTE
r-devel-linux-x86_64-fedora-gcc 0.0.2 195.75 NOTE
r-devel-windows-ix86+x86_64 0.0.2 370.00 167.00 537.00 NOTE
r-patched-linux-x86_64 0.0.2 120.34 24.79 145.13 NOTE
r-patched-solaris-x86 0.0.2 395.60 NOTE
r-release-linux-x86_64 0.0.2 122.82 24.87 147.69 NOTE
r-release-windows-ix86+x86_64 0.0.2 383.00 133.00 516.00 NOTE
r-release-osx-x86_64 0.0.2 NOTE
r-oldrel-windows-ix86+x86_64 0.0.2 309.00 154.00 463.00 NOTE
r-oldrel-osx-x86_64 0.0.2 NOTE

Check Details

Version: 0.0.2
Check: pragmas in C/C++ headers and code
Result: NOTE
    Files which contain pragma(s) suppressing diagnostics:
     ‘inst/include/ql/math/distributions/normaldistribution.hpp’
     ‘inst/include/ql/math/matrix.hpp’
     ‘inst/include/ql/math/optimization/levenbergmarquardt.hpp’
     ‘inst/include/ql/math/statistics/incrementalstatistics.hpp’
     ‘inst/include/ql/time/date.hpp’ ‘inst/include/ql/time/imm.hpp’
     ‘inst/include/ql/utilities/dataparsers.hpp’
     ‘inst/include/ql/utilities/null.hpp’
Flavors: r-devel-linux-x86_64-debian-clang, r-devel-linux-x86_64-debian-gcc, r-devel-linux-x86_64-fedora-clang, r-devel-linux-x86_64-fedora-gcc, r-devel-windows-ix86+x86_64, r-patched-linux-x86_64, r-release-linux-x86_64, r-release-windows-ix86+x86_64

Version: 0.0.2
Check: installed package size
Result: NOTE
     installed size is 23.1Mb
     sub-directories of 1Mb or more:
     include 8.9Mb
     libs 14.0Mb
Flavors: r-devel-linux-x86_64-fedora-clang, r-devel-windows-ix86+x86_64, r-patched-solaris-x86, r-release-windows-ix86+x86_64, r-release-osx-x86_64, r-oldrel-windows-ix86+x86_64, r-oldrel-osx-x86_64