CRAN Package Check Results for Package RcppQuantuccia

Last updated on 2019-02-16 22:46:40 CET.

Flavor Version Tinstall Tcheck Ttotal Status Flags
r-devel-linux-x86_64-debian-clang 0.0.2 79.05 24.19 103.24 NOTE
r-devel-linux-x86_64-debian-gcc 0.0.2 92.74 21.48 114.22 NOTE
r-devel-linux-x86_64-fedora-clang 0.0.2 151.92 NOTE
r-devel-linux-x86_64-fedora-gcc 0.0.2 197.58 NOTE
r-devel-windows-ix86+x86_64 0.0.2 467.00 142.00 609.00 NOTE
r-patched-linux-x86_64 0.0.2 111.11 24.66 135.77 NOTE
r-patched-solaris-x86 0.0.2 384.80 NOTE
r-release-linux-x86_64 0.0.2 NOTE
r-release-windows-ix86+x86_64 0.0.2 295.00 149.00 444.00 NOTE
r-release-osx-x86_64 0.0.2 NOTE
r-oldrel-windows-ix86+x86_64 0.0.2 384.00 407.00 791.00 NOTE
r-oldrel-osx-x86_64 0.0.2 NOTE

Check Details

Version: 0.0.2
Check: pragmas in C/C++ headers and code
Result: NOTE
    Files which contain pragma(s) suppressing diagnostics:
     ‘inst/include/ql/math/distributions/normaldistribution.hpp’
     ‘inst/include/ql/math/matrix.hpp’
     ‘inst/include/ql/math/optimization/levenbergmarquardt.hpp’
     ‘inst/include/ql/math/statistics/incrementalstatistics.hpp’
     ‘inst/include/ql/time/date.hpp’ ‘inst/include/ql/time/imm.hpp’
     ‘inst/include/ql/utilities/dataparsers.hpp’
     ‘inst/include/ql/utilities/null.hpp’
Flavors: r-devel-linux-x86_64-debian-clang, r-devel-linux-x86_64-debian-gcc, r-devel-linux-x86_64-fedora-clang, r-devel-linux-x86_64-fedora-gcc, r-devel-windows-ix86+x86_64, r-patched-linux-x86_64, r-release-linux-x86_64, r-release-windows-ix86+x86_64

Version: 0.0.2
Check: installed package size
Result: NOTE
     installed size is 16.6Mb
     sub-directories of 1Mb or more:
     include 8.9Mb
     libs 7.5Mb
Flavors: r-devel-linux-x86_64-fedora-clang, r-devel-windows-ix86+x86_64, r-patched-solaris-x86, r-release-windows-ix86+x86_64, r-release-osx-x86_64, r-oldrel-windows-ix86+x86_64, r-oldrel-osx-x86_64