CRAN Package Check Results for Package RcppQuantuccia

Last updated on 2018-05-27 04:47:48 CEST.

Flavor Version Tinstall Tcheck Ttotal Status Flags
r-devel-linux-x86_64-debian-clang 0.0.2 79.28 24.14 103.42 NOTE
r-devel-linux-x86_64-debian-gcc 0.0.2 97.08 20.96 118.04 NOTE
r-devel-linux-x86_64-fedora-clang 0.0.2 155.61 NOTE
r-devel-linux-x86_64-fedora-gcc 0.0.2 194.65 NOTE
r-devel-windows-ix86+x86_64 0.0.2 287.00 174.00 461.00 NOTE
r-patched-linux-x86_64 0.0.2 116.41 24.04 140.45 NOTE
r-patched-solaris-x86 0.0.2 395.10 NOTE
r-release-linux-x86_64 0.0.2 116.96 24.10 141.06 NOTE
r-release-windows-ix86+x86_64 0.0.2 370.00 159.00 529.00 NOTE
r-release-osx-x86_64 0.0.2 NOTE
r-oldrel-windows-ix86+x86_64 0.0.2 373.00 164.00 537.00 NOTE
r-oldrel-osx-x86_64 0.0.2 NOTE

Check Details

Version: 0.0.2
Check: pragmas in C/C++ headers and code
Result: NOTE
    Files which contain pragma(s) suppressing diagnostics:
     ‘inst/include/ql/math/distributions/normaldistribution.hpp’
     ‘inst/include/ql/math/matrix.hpp’
     ‘inst/include/ql/math/optimization/levenbergmarquardt.hpp’
     ‘inst/include/ql/math/statistics/incrementalstatistics.hpp’
     ‘inst/include/ql/time/date.hpp’ ‘inst/include/ql/time/imm.hpp’
     ‘inst/include/ql/utilities/dataparsers.hpp’
     ‘inst/include/ql/utilities/null.hpp’
Flavors: r-devel-linux-x86_64-debian-clang, r-devel-linux-x86_64-debian-gcc, r-devel-linux-x86_64-fedora-clang, r-devel-linux-x86_64-fedora-gcc, r-devel-windows-ix86+x86_64, r-patched-linux-x86_64, r-release-linux-x86_64, r-release-windows-ix86+x86_64

Version: 0.0.2
Check: installed package size
Result: NOTE
     installed size is 23.1Mb
     sub-directories of 1Mb or more:
     include 8.9Mb
     libs 14.0Mb
Flavors: r-devel-linux-x86_64-fedora-clang, r-devel-linux-x86_64-fedora-gcc, r-devel-windows-ix86+x86_64, r-patched-solaris-x86, r-release-windows-ix86+x86_64, r-release-osx-x86_64, r-oldrel-windows-ix86+x86_64, r-oldrel-osx-x86_64