CRAN Package Check Results for Package RcppQuantuccia

Last updated on 2018-02-22 16:47:58 CET.

Flavor Version Tinstall Tcheck Ttotal Status Flags
r-devel-linux-x86_64-debian-clang 0.0.2 71.93 19.97 91.90 NOTE
r-devel-linux-x86_64-debian-gcc 0.0.2 99.58 19.45 119.03 NOTE
r-devel-linux-x86_64-fedora-clang 0.0.2 145.58 NOTE
r-devel-linux-x86_64-fedora-gcc 0.0.2 190.51 NOTE
r-devel-windows-ix86+x86_64 0.0.2 374.00 132.00 506.00 NOTE
r-patched-linux-x86_64 0.0.2 117.71 22.81 140.52 OK
r-patched-solaris-x86 0.0.2 389.30 NOTE
r-release-linux-x86_64 0.0.2 116.16 22.77 138.93 OK
r-release-windows-ix86+x86_64 0.0.2 399.00 195.00 594.00 NOTE
r-release-osx-x86_64 0.0.2 NOTE
r-oldrel-windows-ix86+x86_64 0.0.2 301.00 130.00 431.00 NOTE
r-oldrel-osx-x86_64 0.0.2 NOTE

Check Details

Version: 0.0.2
Check: pragmas in C/C++ headers and code
Result: NOTE
    Files which contain pragma(s) suppressing diagnostics:
     ‘inst/include/ql/math/distributions/normaldistribution.hpp’
     ‘inst/include/ql/math/matrix.hpp’
     ‘inst/include/ql/math/optimization/levenbergmarquardt.hpp’
     ‘inst/include/ql/math/statistics/incrementalstatistics.hpp’
     ‘inst/include/ql/time/date.hpp’ ‘inst/include/ql/time/imm.hpp’
     ‘inst/include/ql/utilities/dataparsers.hpp’
     ‘inst/include/ql/utilities/null.hpp’
Flavors: r-devel-linux-x86_64-debian-clang, r-devel-linux-x86_64-debian-gcc, r-devel-linux-x86_64-fedora-clang, r-devel-linux-x86_64-fedora-gcc, r-devel-windows-ix86+x86_64

Version: 0.0.2
Check: installed package size
Result: NOTE
     installed size is 23.1Mb
     sub-directories of 1Mb or more:
     include 8.9Mb
     libs 14.0Mb
Flavors: r-devel-linux-x86_64-fedora-clang, r-devel-linux-x86_64-fedora-gcc, r-devel-windows-ix86+x86_64, r-patched-solaris-x86, r-release-windows-ix86+x86_64, r-release-osx-x86_64, r-oldrel-windows-ix86+x86_64, r-oldrel-osx-x86_64