CRAN Package Check Results for Package RcppQuantuccia

Last updated on 2017-11-23 18:47:25 CET.

Flavor Version Tinstall Tcheck Ttotal Status Flags
r-devel-linux-x86_64-debian-clang 0.0.2 53.91 21.77 75.68 OK
r-devel-linux-x86_64-debian-gcc 0.0.2 99.45 39.25 138.70 OK
r-devel-linux-x86_64-fedora-clang 0.0.2 137.78 NOTE
r-devel-linux-x86_64-fedora-gcc 0.0.2 182.54 NOTE
r-devel-windows-ix86+x86_64 0.0.2 280.00 158.00 438.00 NOTE
r-patched-linux-x86_64 0.0.2 116.81 43.18 159.99 OK
r-patched-solaris-x86 0.0.2 383.10 NOTE
r-release-linux-x86_64 0.0.2 93.22 16.61 109.83 OK
r-release-windows-ix86+x86_64 0.0.2 311.00 164.00 475.00 NOTE
r-release-osx-x86_64 0.0.2 NOTE
r-oldrel-windows-ix86+x86_64 0.0.2 306.00 120.00 426.00 NOTE
r-oldrel-osx-x86_64 0.0.2 NOTE

Check Details

Version: 0.0.2
Check: installed package size
Result: NOTE
     installed size is 23.0Mb
     sub-directories of 1Mb or more:
     include 8.9Mb
     libs 14.0Mb
Flavors: r-devel-linux-x86_64-fedora-clang, r-devel-linux-x86_64-fedora-gcc, r-devel-windows-ix86+x86_64, r-patched-solaris-x86, r-release-windows-ix86+x86_64, r-release-osx-x86_64, r-oldrel-windows-ix86+x86_64, r-oldrel-osx-x86_64