CRAN Package Check Results for Package RcppQuantuccia

Last updated on 2019-07-16 07:51:01 CEST.

Flavor Version Tinstall Tcheck Ttotal Status Flags
r-devel-linux-x86_64-debian-clang 0.0.2 76.74 23.64 100.38 NOTE
r-devel-linux-x86_64-debian-gcc 0.0.2 94.53 21.43 115.96 NOTE
r-devel-linux-x86_64-fedora-clang 0.0.2 149.93 NOTE
r-devel-linux-x86_64-fedora-gcc 0.0.2 215.01 NOTE
r-devel-windows-ix86+x86_64 0.0.2 383.00 129.00 512.00 NOTE
r-patched-linux-x86_64 0.0.2 109.56 26.18 135.74 NOTE
r-patched-solaris-x86 0.0.2 394.90 NOTE
r-release-linux-x86_64 0.0.2 108.85 26.03 134.88 NOTE
r-release-windows-ix86+x86_64 0.0.2 313.00 158.00 471.00 NOTE
r-release-osx-x86_64 0.0.2 NOTE
r-oldrel-windows-ix86+x86_64 0.0.2 389.00 123.00 512.00 NOTE
r-oldrel-osx-x86_64 0.0.2 NOTE

Check Details

Version: 0.0.2
Check: pragmas in C/C++ headers and code
Result: NOTE
    Files which contain pragma(s) suppressing diagnostics:
     'inst/include/ql/math/distributions/normaldistribution.hpp'
     'inst/include/ql/math/matrix.hpp'
     'inst/include/ql/math/optimization/levenbergmarquardt.hpp'
     'inst/include/ql/math/statistics/incrementalstatistics.hpp'
     'inst/include/ql/time/date.hpp' 'inst/include/ql/time/imm.hpp'
     'inst/include/ql/utilities/dataparsers.hpp'
     'inst/include/ql/utilities/null.hpp'
Flavors: r-devel-linux-x86_64-debian-clang, r-devel-linux-x86_64-debian-gcc, r-devel-linux-x86_64-fedora-clang, r-devel-linux-x86_64-fedora-gcc, r-devel-windows-ix86+x86_64, r-patched-linux-x86_64, r-release-linux-x86_64, r-release-windows-ix86+x86_64, r-oldrel-windows-ix86+x86_64

Version: 0.0.2
Check: installed package size
Result: NOTE
     installed size is 16.6Mb
     sub-directories of 1Mb or more:
     include 8.9Mb
     libs 7.5Mb
Flavors: r-devel-linux-x86_64-fedora-clang, r-devel-windows-ix86+x86_64, r-patched-solaris-x86, r-release-windows-ix86+x86_64, r-release-osx-x86_64, r-oldrel-windows-ix86+x86_64, r-oldrel-osx-x86_64