CRAN Package Check Results for Package RcppQuantuccia

Last updated on 2021-09-23 15:51:07 CEST.

Flavor Version Tinstall Tcheck Ttotal Status Flags
r-devel-linux-x86_64-debian-clang 0.0.3 75.27 28.53 103.80 OK
r-devel-linux-x86_64-debian-gcc 0.0.3 73.03 22.83 95.86 OK
r-devel-linux-x86_64-fedora-clang 0.0.3 152.81 OK
r-devel-linux-x86_64-fedora-gcc 0.0.3 170.58 OK
r-devel-windows-x86_64 0.0.3 85.00 50.00 135.00 OK
r-devel-windows-x86_64-gcc10-UCRT 0.0.3 ERROR
r-patched-linux-x86_64 0.0.3 80.12 27.41 107.53 OK
r-patched-solaris-x86 0.0.3 170.30 OK
r-release-linux-x86_64 0.0.3 84.82 27.05 111.87 OK
r-release-macos-arm64 0.0.3 OK
r-release-macos-x86_64 0.0.3 OK
r-release-windows-ix86+x86_64 0.0.3 226.00 81.00 307.00 OK
r-oldrel-macos-x86_64 0.0.3 OK
r-oldrel-windows-ix86+x86_64 0.0.3 158.00 67.00 225.00 OK

Check Details

Version: 0.0.3
Check: whether package can be installed
Result: ERROR
    Installation failed.
Flavor: r-devel-windows-x86_64-gcc10-UCRT