Last updated on 2023-03-29 03:53:13 CEST.
Flavor | Version | Tinstall | Tcheck | Ttotal | Status | Flags |
---|---|---|---|---|---|---|
r-devel-linux-x86_64-debian-clang | 0.1.1 | 190.70 | 29.84 | 220.54 | NOTE | |
r-devel-linux-x86_64-debian-gcc | 0.1.1 | 149.74 | 23.60 | 173.34 | NOTE | |
r-devel-linux-x86_64-fedora-clang | 0.1.1 | 394.89 | NOTE | |||
r-devel-linux-x86_64-fedora-gcc | 0.1.1 | 291.94 | NOTE | |||
r-devel-windows-x86_64 | 0.1.1 | 404.00 | 0.00 | 404.00 | NOTE | |
r-patched-linux-x86_64 | 0.1.1 | 159.69 | 29.17 | 188.86 | NOTE | |
r-release-linux-x86_64 | 0.1.1 | 161.67 | 29.66 | 191.33 | OK | |
r-release-macos-arm64 | 0.1.1 | 78.00 | NOTE | |||
r-release-macos-x86_64 | 0.1.1 | 102.00 | NOTE | |||
r-release-windows-x86_64 | 0.1.1 | 208.00 | 102.00 | 310.00 | OK | |
r-oldrel-macos-arm64 | 0.1.1 | 76.00 | NOTE | |||
r-oldrel-macos-x86_64 | 0.1.1 | 112.00 | NOTE | |||
r-oldrel-windows-ix86+x86_64 | 0.1.1 | 470.00 | 116.00 | 586.00 | OK |
Version: 0.1.1
Check: C++ specification
Result: NOTE
Specified C++14: please drop specification unless essential
Flavors: r-devel-linux-x86_64-debian-clang, r-devel-linux-x86_64-debian-gcc, r-devel-linux-x86_64-fedora-clang, r-devel-linux-x86_64-fedora-gcc, r-devel-windows-x86_64, r-patched-linux-x86_64
Version: 0.1.1
Check: installed package size
Result: NOTE
installed size is 9.1Mb
sub-directories of 1Mb or more:
libs 9.0Mb
Flavors: r-release-macos-arm64, r-release-macos-x86_64, r-oldrel-macos-arm64, r-oldrel-macos-x86_64