CRAN Package Check Results for Package RcppQuantuccia

Last updated on 2019-04-23 01:57:29 CEST.

Flavor Version Tinstall Tcheck Ttotal Status Flags
r-devel-linux-x86_64-debian-clang 0.0.2 79.10 23.61 102.71 NOTE
r-devel-linux-x86_64-debian-gcc 0.0.2 95.20 21.57 116.77 NOTE
r-devel-linux-x86_64-fedora-clang 0.0.2 156.26 NOTE
r-devel-linux-x86_64-fedora-gcc 0.0.2 194.61 NOTE
r-devel-windows-ix86+x86_64 0.0.2 381.00 163.00 544.00 NOTE
r-patched-linux-x86_64 0.0.2 106.39 26.39 132.78 NOTE
r-patched-solaris-x86 0.0.2 398.10 NOTE
r-release-linux-x86_64 0.0.2 113.27 24.74 138.01 NOTE
r-release-windows-ix86+x86_64 0.0.2 293.00 170.00 463.00 NOTE
r-release-osx-x86_64 0.0.2 NOTE
r-oldrel-windows-ix86+x86_64 0.0.2 299.00 157.00 456.00 NOTE
r-oldrel-osx-x86_64 0.0.2 NOTE

Check Details

Version: 0.0.2
Check: pragmas in C/C++ headers and code
Result: NOTE
    Files which contain pragma(s) suppressing diagnostics:
     'inst/include/ql/math/distributions/normaldistribution.hpp'
     'inst/include/ql/math/matrix.hpp'
     'inst/include/ql/math/optimization/levenbergmarquardt.hpp'
     'inst/include/ql/math/statistics/incrementalstatistics.hpp'
     'inst/include/ql/time/date.hpp' 'inst/include/ql/time/imm.hpp'
     'inst/include/ql/utilities/dataparsers.hpp'
     'inst/include/ql/utilities/null.hpp'
Flavors: r-devel-linux-x86_64-debian-clang, r-devel-linux-x86_64-debian-gcc, r-devel-linux-x86_64-fedora-clang, r-devel-linux-x86_64-fedora-gcc, r-devel-windows-ix86+x86_64, r-patched-linux-x86_64, r-release-linux-x86_64, r-release-windows-ix86+x86_64

Version: 0.0.2
Check: installed package size
Result: NOTE
     installed size is 16.6Mb
     sub-directories of 1Mb or more:
     include 8.9Mb
     libs 7.5Mb
Flavors: r-devel-linux-x86_64-fedora-clang, r-devel-windows-ix86+x86_64, r-patched-solaris-x86, r-release-windows-ix86+x86_64, r-release-osx-x86_64, r-oldrel-windows-ix86+x86_64, r-oldrel-osx-x86_64