CRAN Package Check Results for Package RcppRedis

Last updated on 2018-02-20 19:48:33 CET.

Flavor Version Tinstall Tcheck Ttotal Status Flags
r-devel-linux-x86_64-debian-clang 0.1.8 15.34 32.29 47.63 OK
r-devel-linux-x86_64-debian-gcc 0.1.8 15.03 25.35 40.38 OK
r-devel-linux-x86_64-fedora-clang 0.1.8 72.35 OK
r-devel-linux-x86_64-fedora-gcc 0.1.8 69.11 OK
r-devel-windows-ix86+x86_64 0.1.8 33.00 74.00 107.00 OK
r-patched-linux-x86_64 0.1.8 18.97 34.08 53.05 OK
r-release-linux-x86_64 0.1.8 19.45 33.51 52.96 OK
r-release-windows-ix86+x86_64 0.1.8 56.00 119.00 175.00 OK
r-release-osx-x86_64 0.1.8 ERROR
r-oldrel-windows-ix86+x86_64 0.1.8 56.00 73.00 129.00 OK
r-oldrel-osx-x86_64 0.1.8 OK

Check Details

Version: 0.1.8
Check: whether package can be installed
Result: ERROR
    Installation failed.
Flavor: r-release-osx-x86_64