CRAN Package Check Results for Package RcppRedis

Last updated on 2018-05-24 01:46:45 CEST.

Flavor Version Tinstall Tcheck Ttotal Status Flags
r-devel-linux-x86_64-debian-clang 0.1.8 18.34 32.95 51.29 OK
r-devel-linux-x86_64-debian-gcc 0.1.8 14.88 28.59 43.47 OK
r-devel-linux-x86_64-fedora-clang 0.1.8 79.18 OK
r-devel-linux-x86_64-fedora-gcc 0.1.8 76.94 OK
r-devel-windows-ix86+x86_64 0.1.8 48.00 97.00 145.00 OK
r-patched-linux-x86_64 0.1.8 17.52 31.98 49.50 OK
r-release-linux-x86_64 0.1.8 17.42 31.74 49.16 OK
r-release-windows-ix86+x86_64 0.1.8 47.00 85.00 132.00 OK
r-release-osx-x86_64 0.1.8 ERROR
r-oldrel-windows-ix86+x86_64 0.1.8 52.00 85.00 137.00 OK
r-oldrel-osx-x86_64 0.1.8 ERROR

Additional issues

gcc8

Check Details

Version: 0.1.8
Check: whether package can be installed
Result: ERROR
    Installation failed.
Flavors: r-release-osx-x86_64, r-oldrel-osx-x86_64