CRAN Package Check Results for Package RcppRedis

Last updated on 2017-11-23 23:56:58 CET.

Flavor Version Tinstall Tcheck Ttotal Status Flags
r-devel-linux-x86_64-debian-clang 0.1.8 12.47 33.57 46.05 OK
r-devel-linux-x86_64-debian-gcc 0.1.8 15.66 48.96 64.62 OK
r-devel-linux-x86_64-fedora-clang 0.1.8 66.20 OK
r-devel-linux-x86_64-fedora-gcc 0.1.8 65.93 OK
r-devel-windows-ix86+x86_64 0.1.8 35.00 90.00 125.00 OK
r-patched-linux-x86_64 0.1.8 17.34 57.72 75.06 OK
r-release-linux-x86_64 0.1.8 17.47 55.36 72.83 OK
r-release-windows-ix86+x86_64 0.1.8 37.00 96.00 133.00 OK
r-release-osx-x86_64 0.1.8 ERROR
r-oldrel-windows-ix86+x86_64 0.1.8 37.00 65.00 102.00 OK
r-oldrel-osx-x86_64 0.1.8 OK

Check Details

Version: 0.1.8
Check: whether package can be installed
Result: ERROR
    Installation failed.
Flavor: r-release-osx-x86_64