CRAN Package Check Results for Package RcppRedis

Last updated on 2018-08-18 07:48:30 CEST.

Flavor Version Tinstall Tcheck Ttotal Status Flags
r-devel-linux-x86_64-debian-clang 0.1.8 16.94 37.69 54.63 OK
r-devel-linux-x86_64-debian-gcc 0.1.8 17.24 29.89 47.13 OK
r-devel-linux-x86_64-fedora-clang 0.1.8 77.41 OK
r-devel-linux-x86_64-fedora-gcc 0.1.8 77.47 OK
r-devel-windows-ix86+x86_64 0.1.8 37.00 101.00 138.00 OK
r-patched-linux-x86_64 0.1.8 19.94 32.26 52.20 OK
r-release-linux-x86_64 0.1.8 18.26 32.52 50.78 OK
r-release-windows-ix86+x86_64 0.1.8 49.00 103.00 152.00 OK
r-release-osx-x86_64 0.1.8 ERROR
r-oldrel-windows-ix86+x86_64 0.1.8 40.00 86.00 126.00 OK
r-oldrel-osx-x86_64 0.1.8 ERROR

Check Details

Version: 0.1.8
Check: whether package can be installed
Result: ERROR
    Installation failed.
Flavors: r-release-osx-x86_64, r-oldrel-osx-x86_64