CRAN Package Check Results for Package RcppSMC

Last updated on 2019-01-22 01:51:08 CET.

Flavor Version Tinstall Tcheck Ttotal Status Flags
r-devel-linux-x86_64-debian-clang 0.2.1 95.87 28.74 124.61 NOTE
r-devel-linux-x86_64-debian-gcc 0.2.1 94.99 22.52 117.51 NOTE
r-devel-linux-x86_64-fedora-clang 0.2.1 198.74 NOTE
r-devel-linux-x86_64-fedora-gcc 0.2.1 190.21 NOTE
r-devel-windows-ix86+x86_64 0.2.1 239.00 91.00 330.00 NOTE
r-patched-linux-x86_64 0.2.1 124.21 26.85 151.06 OK
r-patched-solaris-x86 0.2.1 167.70 OK
r-release-linux-x86_64 0.2.1 121.30 26.68 147.98 OK
r-release-windows-ix86+x86_64 0.2.1 177.00 74.00 251.00 OK
r-release-osx-x86_64 0.2.1 OK
r-oldrel-windows-ix86+x86_64 0.2.1 252.00 72.00 324.00 OK
r-oldrel-osx-x86_64 0.2.1 OK

Check Details

Version: 0.2.1
Check: line endings in C/C++/Fortran sources/headers
Result: NOTE
    Found the following sources/headers not terminated with a newline:
     inst/include/pflineart.h
    Some compilers warn on such files.
Flavors: r-devel-linux-x86_64-debian-clang, r-devel-linux-x86_64-debian-gcc, r-devel-linux-x86_64-fedora-clang, r-devel-linux-x86_64-fedora-gcc, r-devel-windows-ix86+x86_64

Version: 0.2.1
Check: installed package size
Result: NOTE
     installed size is 6.5Mb
     sub-directories of 1Mb or more:
     libs 6.2Mb
Flavor: r-devel-linux-x86_64-fedora-clang