Last updated on 2023-03-29 06:04:54 CEST.
Flavor | Version | Tinstall | Tcheck | Ttotal | Status | Flags |
---|---|---|---|---|---|---|
r-devel-linux-x86_64-debian-clang | 0.2.7 | 154.66 | 37.52 | 192.18 | OK | |
r-devel-linux-x86_64-debian-gcc | 0.2.7 | 124.42 | 27.42 | 151.84 | OK | |
r-devel-linux-x86_64-fedora-clang | 0.2.7 | 288.30 | OK | |||
r-devel-linux-x86_64-fedora-gcc | 0.2.7 | 282.74 | OK | |||
r-devel-windows-x86_64 | 0.2.7 | 134.00 | 0.00 | 134.00 | OK | |
r-patched-linux-x86_64 | 0.2.7 | 145.07 | 34.57 | 179.64 | OK | |
r-release-linux-x86_64 | 0.2.7 | 123.15 | 34.52 | 157.67 | OK | |
r-release-macos-arm64 | 0.2.7 | 53.00 | NOTE | |||
r-release-macos-x86_64 | 0.2.7 | 79.00 | NOTE | |||
r-release-windows-x86_64 | 0.2.7 | 128.00 | 93.00 | 221.00 | OK | |
r-oldrel-macos-arm64 | 0.2.7 | 55.00 | NOTE | |||
r-oldrel-macos-x86_64 | 0.2.7 | 83.00 | NOTE | |||
r-oldrel-windows-ix86+x86_64 | 0.2.7 | 343.00 | 94.00 | 437.00 | OK |
Version: 0.2.7
Check: installed package size
Result: NOTE
installed size is 7.2Mb
sub-directories of 1Mb or more:
libs 6.9Mb
Flavors: r-release-macos-arm64, r-release-macos-x86_64, r-oldrel-macos-arm64, r-oldrel-macos-x86_64