CRAN Package Check Results for Package RcppSMC

Last updated on 2018-10-22 01:50:59 CEST.

Flavor Version Tinstall Tcheck Ttotal Status Flags
r-devel-linux-x86_64-debian-clang 0.2.1 106.47 29.65 136.12 OK
r-devel-linux-x86_64-debian-gcc 0.2.1 93.41 23.93 117.34 OK
r-devel-linux-x86_64-fedora-clang 0.2.1 197.36 NOTE
r-devel-linux-x86_64-fedora-gcc 0.2.1 187.79 OK
r-devel-windows-ix86+x86_64 0.2.1 235.00 103.00 338.00 OK
r-patched-linux-x86_64 0.2.1 110.70 26.56 137.26 OK
r-patched-solaris-x86 0.2.1 171.50 OK
r-release-linux-x86_64 0.2.1 111.55 26.39 137.94 OK
r-release-windows-ix86+x86_64 0.2.1 251.00 79.00 330.00 OK
r-release-osx-x86_64 0.2.1 OK
r-oldrel-windows-ix86+x86_64 0.2.1 174.00 87.00 261.00 OK
r-oldrel-osx-x86_64 0.2.1 OK

Check Details

Version: 0.2.1
Check: installed package size
Result: NOTE
     installed size is 6.5Mb
     sub-directories of 1Mb or more:
     libs 6.2Mb
Flavor: r-devel-linux-x86_64-fedora-clang