CRAN Package Check Results for Package RcppSMC

Last updated on 2018-01-22 02:49:26 CET.

Flavor Version Tinstall Tcheck Ttotal Status Flags
r-devel-linux-x86_64-debian-clang 0.2.0 114.27 24.80 139.07 OK
r-devel-linux-x86_64-debian-gcc 0.2.0 93.60 21.18 114.78 OK
r-devel-linux-x86_64-fedora-clang 0.2.0 207.91 NOTE
r-devel-linux-x86_64-fedora-gcc 0.2.0 198.32 NOTE
r-devel-windows-ix86+x86_64 0.2.0 293.00 66.00 359.00 OK
r-patched-linux-x86_64 0.2.0 112.24 26.01 138.25 OK
r-patched-solaris-x86 0.2.0 14.50 ERROR
r-release-linux-x86_64 0.2.0 117.47 25.58 143.05 OK
r-release-windows-ix86+x86_64 0.2.0 303.00 80.00 383.00 OK
r-release-osx-x86_64 0.2.0 OK
r-oldrel-windows-ix86+x86_64 0.2.0 294.00 82.00 376.00 OK
r-oldrel-osx-x86_64 0.2.0 NOTE

Check Details

Version: 0.2.0
Check: installed package size
Result: NOTE
     installed size is 6.2Mb
     sub-directories of 1Mb or more:
     libs 6.0Mb
Flavors: r-devel-linux-x86_64-fedora-clang, r-devel-linux-x86_64-fedora-gcc, r-oldrel-osx-x86_64

Version: 0.2.0
Check: whether package can be installed
Result: ERROR
    Installation failed.
Flavor: r-patched-solaris-x86