CRAN Package Check Results for Package RcppSMC

Last updated on 2021-01-20 01:49:01 CET.

Flavor Version Tinstall Tcheck Ttotal Status Flags
r-devel-linux-x86_64-debian-clang 0.2.2 137.06 33.09 170.15 OK
r-devel-linux-x86_64-debian-gcc 0.2.2 89.53 25.24 114.77 OK
r-devel-linux-x86_64-fedora-clang 0.2.2 241.43 NOTE
r-devel-linux-x86_64-fedora-gcc 0.2.2 212.05 OK
r-devel-windows-ix86+x86_64 0.2.2 223.00 67.00 290.00 OK
r-patched-linux-x86_64 0.2.2 107.79 30.80 138.59 OK
r-patched-solaris-x86 0.2.2 203.50 OK
r-release-linux-x86_64 0.2.2 103.99 30.96 134.95 OK
r-release-macos-x86_64 0.2.2 NOTE
r-release-windows-ix86+x86_64 0.2.2 312.00 74.00 386.00 OK
r-oldrel-macos-x86_64 0.2.2 NOTE
r-oldrel-windows-ix86+x86_64 0.2.2 209.00 68.00 277.00 OK

Check Details

Version: 0.2.2
Check: installed package size
Result: NOTE
     installed size is 7.1Mb
     sub-directories of 1Mb or more:
     libs 6.8Mb
Flavors: r-devel-linux-x86_64-fedora-clang, r-release-macos-x86_64, r-oldrel-macos-x86_64