Last updated on 2023-09-28 06:59:46 CEST.
Flavor | Version | Tinstall | Tcheck | Ttotal | Status | Flags |
---|---|---|---|---|---|---|
r-devel-linux-x86_64-debian-clang | 0.2.7 | 156.23 | 38.84 | 195.07 | OK | |
r-devel-linux-x86_64-debian-gcc | 0.2.7 | 116.28 | 27.77 | 144.05 | OK | |
r-devel-linux-x86_64-fedora-clang | 0.2.7 | 294.11 | OK | |||
r-devel-linux-x86_64-fedora-gcc | 0.2.7 | 311.40 | OK | |||
r-devel-windows-x86_64 | 0.2.7 | 118.00 | 79.00 | 197.00 | OK | |
r-patched-linux-x86_64 | 0.2.7 | 165.03 | 35.16 | 200.19 | OK | |
r-release-linux-x86_64 | 0.2.7 | 166.51 | 35.47 | 201.98 | OK | |
r-release-macos-arm64 | 0.2.7 | 61.00 | NOTE | |||
r-release-macos-x86_64 | 0.2.7 | 103.00 | NOTE | |||
r-release-windows-x86_64 | 0.2.7 | 157.00 | 81.00 | 238.00 | OK | |
r-oldrel-macos-arm64 | 0.2.7 | 62.00 | NOTE | |||
r-oldrel-macos-x86_64 | 0.2.7 | 79.00 | NOTE | |||
r-oldrel-windows-x86_64 | 0.2.7 | 144.00 | 78.00 | 222.00 | OK |
Version: 0.2.7
Check: installed package size
Result: NOTE
installed size is 7.3Mb
sub-directories of 1Mb or more:
libs 7.0Mb
Flavors: r-release-macos-arm64, r-release-macos-x86_64, r-oldrel-macos-arm64, r-oldrel-macos-x86_64