CRAN Package Check Results for Package RcppSMC

Last updated on 2018-07-19 07:50:23 CEST.

Flavor Version Tinstall Tcheck Ttotal Status Flags
r-devel-linux-x86_64-debian-clang 0.2.1 97.38 26.17 123.55 OK
r-devel-linux-x86_64-debian-gcc 0.2.1 88.55 22.51 111.06 OK
r-devel-linux-x86_64-fedora-clang 0.2.1 180.93 NOTE
r-devel-linux-x86_64-fedora-gcc 0.2.1 185.36 OK
r-devel-windows-ix86+x86_64 0.2.1 171.00 96.00 267.00 OK
r-patched-linux-x86_64 0.2.1 100.16 26.46 126.62 OK
r-patched-solaris-x86 0.2.1 170.40 OK
r-release-linux-x86_64 0.2.1 103.20 26.50 129.70 OK
r-release-windows-ix86+x86_64 0.2.1 247.00 82.00 329.00 OK
r-release-osx-x86_64 0.2.1 OK
r-oldrel-windows-ix86+x86_64 0.2.1 250.00 76.00 326.00 OK
r-oldrel-osx-x86_64 0.2.1 OK

Check Details

Version: 0.2.1
Check: installed package size
Result: NOTE
     installed size is 6.2Mb
     sub-directories of 1Mb or more:
     libs 5.9Mb
Flavor: r-devel-linux-x86_64-fedora-clang