Last updated on 2023-03-31 23:50:32 CEST.
Flavor | Version | Tinstall | Tcheck | Ttotal | Status | Flags |
---|---|---|---|---|---|---|
r-devel-linux-x86_64-debian-clang | 0.1.9 | 144.01 | 47.31 | 191.32 | OK | |
r-devel-linux-x86_64-debian-gcc | 0.1.9 | 112.18 | 37.24 | 149.42 | OK | |
r-devel-linux-x86_64-fedora-clang | 0.1.9 | 249.23 | NOTE | |||
r-devel-linux-x86_64-fedora-gcc | 0.1.9 | 261.89 | OK | |||
r-devel-windows-x86_64 | 0.1.9 | 191.00 | 0.00 | 191.00 | NOTE | |
r-patched-linux-x86_64 | 0.1.9 | 115.55 | 45.28 | 160.83 | OK | |
r-release-linux-x86_64 | 0.1.9 | 119.76 | 47.22 | 166.98 | OK | |
r-release-macos-arm64 | 0.1.9 | 62.00 | NOTE | |||
r-release-macos-x86_64 | 0.1.9 | 84.00 | NOTE | |||
r-release-windows-x86_64 | 0.1.9 | 161.00 | 115.00 | 276.00 | NOTE | |
r-oldrel-macos-arm64 | 0.1.9 | 58.00 | NOTE | |||
r-oldrel-macos-x86_64 | 0.1.9 | 88.00 | NOTE | |||
r-oldrel-windows-ix86+x86_64 | 0.1.9 | 257.00 | 19.00 | 276.00 | ERROR |
Version: 0.1.9
Check: installed package size
Result: NOTE
installed size is 7.8Mb
sub-directories of 1Mb or more:
include 2.0Mb
jsonexamples 3.8Mb
libs 1.7Mb
Flavors: r-devel-linux-x86_64-fedora-clang, r-devel-windows-x86_64, r-release-macos-arm64, r-release-macos-x86_64, r-release-windows-x86_64, r-oldrel-macos-arm64, r-oldrel-macos-x86_64
Version: 0.1.9
Check: whether package can be installed
Result: ERROR
Installation failed.
Flavor: r-oldrel-windows-ix86+x86_64