Last updated on 2023-09-29 15:53:29 CEST.
Flavor | Version | Tinstall | Tcheck | Ttotal | Status | Flags |
---|---|---|---|---|---|---|
r-devel-linux-x86_64-debian-clang | 0.1.10 | 136.17 | 47.66 | 183.83 | NOTE | |
r-devel-linux-x86_64-debian-gcc | 0.1.10 | 100.31 | 37.46 | 137.77 | NOTE | |
r-devel-linux-x86_64-fedora-clang | 0.1.10 | 248.30 | NOTE | |||
r-devel-linux-x86_64-fedora-gcc | 0.1.10 | 289.54 | NOTE | |||
r-devel-windows-x86_64 | 0.1.10 | 93.00 | 106.00 | 199.00 | NOTE | |
r-patched-linux-x86_64 | 0.1.10 | 144.45 | 47.32 | 191.77 | OK | |
r-release-linux-x86_64 | 0.1.10 | 139.21 | 46.65 | 185.86 | OK | |
r-release-macos-arm64 | 0.1.10 | 68.00 | NOTE | |||
r-release-macos-x86_64 | 0.1.10 | 129.00 | NOTE | |||
r-release-windows-x86_64 | 0.1.10 | 118.00 | 100.00 | 218.00 | NOTE | |
r-oldrel-macos-arm64 | 0.1.10 | 68.00 | NOTE | |||
r-oldrel-macos-x86_64 | 0.1.10 | 81.00 | NOTE | |||
r-oldrel-windows-x86_64 | 0.1.10 | 127.00 | 105.00 | 232.00 | NOTE |
Version: 0.1.10
Check: Rd files
Result: NOTE
NEWS.Rd:46: First argument to \href must be verbatim URL
problem found in ‘NEWS.Rd’
Flavors: r-devel-linux-x86_64-debian-clang, r-devel-linux-x86_64-debian-gcc, r-devel-linux-x86_64-fedora-clang, r-devel-linux-x86_64-fedora-gcc, r-devel-windows-x86_64
Version: 0.1.10
Check: installed package size
Result: NOTE
installed size is 7.8Mb
sub-directories of 1Mb or more:
include 2.0Mb
jsonexamples 3.8Mb
libs 1.7Mb
Flavors: r-devel-linux-x86_64-fedora-clang, r-devel-windows-x86_64, r-release-macos-arm64, r-release-macos-x86_64, r-release-windows-x86_64, r-oldrel-macos-arm64, r-oldrel-macos-x86_64, r-oldrel-windows-x86_64