Last updated on 2023-03-31 23:50:32 CEST.
Flavor | Version | Tinstall | Tcheck | Ttotal | Status | Flags |
---|---|---|---|---|---|---|
r-devel-linux-x86_64-debian-clang | 0.0.12 | 76.55 | 31.30 | 107.85 | NOTE | |
r-devel-linux-x86_64-debian-gcc | 0.0.12 | 67.30 | 24.55 | 91.85 | NOTE | |
r-devel-linux-x86_64-fedora-clang | 0.0.12 | 131.65 | NOTE | |||
r-devel-linux-x86_64-fedora-gcc | 0.0.12 | 170.75 | NOTE | |||
r-devel-windows-x86_64 | 0.0.12 | 122.00 | 101.00 | 223.00 | NOTE | |
r-patched-linux-x86_64 | 0.0.12 | 66.47 | 30.20 | 96.67 | NOTE | |
r-release-linux-x86_64 | 0.0.12 | 67.59 | 31.82 | 99.41 | OK | |
r-release-macos-arm64 | 0.0.12 | 44.00 | NOTE | |||
r-release-macos-x86_64 | 0.0.12 | 57.00 | NOTE | |||
r-release-windows-x86_64 | 0.0.12 | 159.00 | 101.00 | 260.00 | OK | |
r-oldrel-macos-arm64 | 0.0.12 | 46.00 | NOTE | |||
r-oldrel-macos-x86_64 | 0.0.12 | 59.00 | NOTE | |||
r-oldrel-windows-ix86+x86_64 | 0.0.12 | 182.00 | 107.00 | 289.00 | WARN |
Version: 0.0.12
Check: C++ specification
Result: NOTE
Specified C++11: please drop specification unless essential
Flavors: r-devel-linux-x86_64-debian-clang, r-devel-linux-x86_64-debian-gcc, r-devel-linux-x86_64-fedora-clang, r-devel-linux-x86_64-fedora-gcc, r-devel-windows-x86_64, r-patched-linux-x86_64
Version: 0.0.12
Check: installed package size
Result: NOTE
installed size is 6.8Mb
sub-directories of 1Mb or more:
include 1.1Mb
libs 5.4Mb
Flavors: r-release-macos-arm64, r-release-macos-x86_64, r-oldrel-macos-arm64, r-oldrel-macos-x86_64
Version: 0.0.12
Check: re-building of vignette outputs
Result: WARN
Error(s) in re-building vignettes:
--- re-building 'introduction.md' using mdweave_to_html
Error: processing vignette 'introduction.md' failed with diagnostics:
Running '' had status 127; this generally means that '' could not be found. Make sure '' in on the path.
--- failed re-building 'introduction.md'
SUMMARY: processing the following file failed:
'introduction.md'
Error: Vignette re-building failed.
Execution halted
Flavor: r-oldrel-windows-ix86+x86_64