Last updated on 2023-09-29 08:54:09 CEST.
Flavor | Version | Tinstall | Tcheck | Ttotal | Status | Flags |
---|---|---|---|---|---|---|
r-devel-linux-x86_64-debian-clang | 0.0.14 | 80.61 | 32.14 | 112.75 | NOTE | |
r-devel-linux-x86_64-debian-gcc | 0.0.14 | 61.95 | 25.00 | 86.95 | NOTE | |
r-devel-linux-x86_64-fedora-clang | 0.0.14 | 132.50 | NOTE | |||
r-devel-linux-x86_64-fedora-gcc | 0.0.14 | 181.84 | NOTE | |||
r-devel-windows-x86_64 | 0.0.14 | 59.00 | 90.00 | 149.00 | NOTE | |
r-patched-linux-x86_64 | 0.0.14 | 77.79 | 31.20 | 108.99 | OK | |
r-release-linux-x86_64 | 0.0.14 | 78.04 | 31.38 | 109.42 | OK | |
r-release-macos-arm64 | 0.0.14 | 62.00 | NOTE | |||
r-release-macos-x86_64 | 0.0.14 | 71.00 | NOTE | |||
r-release-windows-x86_64 | 0.0.14 | 60.00 | 96.00 | 156.00 | OK | |
r-oldrel-macos-arm64 | 0.0.14 | 55.00 | NOTE | |||
r-oldrel-macos-x86_64 | 0.0.14 | 79.00 | NOTE | |||
r-oldrel-windows-x86_64 | 0.0.14 | 79.00 | 82.00 | 161.00 | OK |
Version: 0.0.14
Check: Rd contents
Result: NOTE
Auto-generated content requiring editing in Rd object 'RcppSpdlog-package':
\references: ‘This optional section can contain literature or other refere...’
\seealso: ‘Optional links to other man pages’
\examples: ‘## Optional simple examples of the most important functions ...’
Flavors: r-devel-linux-x86_64-debian-clang, r-devel-linux-x86_64-debian-gcc, r-devel-linux-x86_64-fedora-clang, r-devel-linux-x86_64-fedora-gcc, r-devel-windows-x86_64
Version: 0.0.14
Check: installed package size
Result: NOTE
installed size is 6.6Mb
sub-directories of 1Mb or more:
include 1.1Mb
libs 5.2Mb
Flavors: r-release-macos-arm64, r-release-macos-x86_64, r-oldrel-macos-arm64, r-oldrel-macos-x86_64