CRAN Package Check Results for Package RcppStreams

Last updated on 2018-11-15 00:47:48 CET.

Flavor Version Tinstall Tcheck Ttotal Status Flags
r-devel-linux-x86_64-debian-clang 0.1.1 73.44 22.79 96.23 OK
r-devel-linux-x86_64-debian-gcc 0.1.1 68.32 18.57 86.89 OK
r-devel-linux-x86_64-fedora-clang 0.1.1 137.84 NOTE
r-devel-linux-x86_64-fedora-gcc 0.1.1 135.92 NOTE
r-devel-windows-ix86+x86_64 0.1.1 153.00 76.00 229.00 OK
r-patched-linux-x86_64 0.1.1 86.33 19.88 106.21 OK
r-patched-solaris-x86 0.1.1 148.40 OK
r-release-linux-x86_64 0.1.1 84.71 20.27 104.98 OK
r-release-windows-ix86+x86_64 0.1.1 229.00 70.00 299.00 OK
r-release-osx-x86_64 0.1.1 NOTE
r-oldrel-windows-ix86+x86_64 0.1.1 218.00 63.00 281.00 OK
r-oldrel-osx-x86_64 0.1.1 NOTE

Additional issues

clang-ASAN

Check Details

Version: 0.1.1
Check: installed package size
Result: NOTE
     installed size is 7.7Mb
     sub-directories of 1Mb or more:
     libs 6.9Mb
Flavors: r-devel-linux-x86_64-fedora-clang, r-release-osx-x86_64, r-oldrel-osx-x86_64

Version: 0.1.1
Check: compiled code
Result: NOTE
    File ‘RcppStreams/libs/RcppStreams.so’:
     Found no calls to: ‘R_registerRoutines’, ‘R_useDynamicSymbols’
    
    It is good practice to register native routines and to disable symbol
    search.
    
    See ‘Writing portable packages’ in the ‘Writing R Extensions’ manual.
Flavors: r-devel-linux-x86_64-fedora-clang, r-devel-linux-x86_64-fedora-gcc