CRAN Package Check Results for Package RcppStreams

Last updated on 2021-09-23 15:51:07 CEST.

Flavor Version Tinstall Tcheck Ttotal Status Flags
r-devel-linux-x86_64-debian-clang 0.1.3 88.46 25.97 114.43 OK
r-devel-linux-x86_64-debian-gcc 0.1.3 58.05 23.80 81.85 OK
r-devel-linux-x86_64-fedora-clang 0.1.3 166.63 OK
r-devel-linux-x86_64-fedora-gcc 0.1.3 151.37 OK
r-devel-windows-x86_64 0.1.3 85.00 51.00 136.00 OK
r-devel-windows-x86_64-gcc10-UCRT 0.1.3 ERROR
r-patched-linux-x86_64 0.1.3 75.22 25.36 100.58 OK
r-patched-solaris-x86 0.1.3 157.80 OK
r-release-linux-x86_64 0.1.3 74.36 25.26 99.62 OK
r-release-macos-arm64 0.1.3 NOTE
r-release-macos-x86_64 0.1.3 NOTE
r-release-windows-ix86+x86_64 0.1.3 218.00 75.00 293.00 OK
r-oldrel-macos-x86_64 0.1.3 NOTE
r-oldrel-windows-ix86+x86_64 0.1.3 162.00 62.00 224.00 OK

Check Details

Version: 0.1.3
Check: whether package can be installed
Result: ERROR
    Installation failed.
Flavor: r-devel-windows-x86_64-gcc10-UCRT

Version: 0.1.3
Check: installed package size
Result: NOTE
     installed size is 6.1Mb
     sub-directories of 1Mb or more:
     libs 5.3Mb
Flavors: r-release-macos-arm64, r-release-macos-x86_64, r-oldrel-macos-x86_64