CRAN Package Check Results for Package RcppStreams

Last updated on 2022-08-14 14:49:38 CEST.

Flavor Version Tinstall Tcheck Ttotal Status Flags
r-devel-linux-x86_64-debian-clang 0.1.3 73.73 27.47 101.20 OK
r-devel-linux-x86_64-debian-gcc 0.1.3 67.32 23.73 91.05 OK
r-devel-linux-x86_64-fedora-clang 0.1.3 169.55 OK
r-devel-linux-x86_64-fedora-gcc 0.1.3 162.64 OK
r-devel-windows-x86_64 0.1.3 186.00 80.00 266.00 OK
r-patched-linux-x86_64 0.1.3 79.23 30.66 109.89 OK
r-release-linux-x86_64 0.1.3 76.71 30.02 106.73 OK
r-release-macos-arm64 0.1.3 41.00 NOTE
r-release-macos-x86_64 0.1.3 62.00 NOTE
r-release-windows-x86_64 0.1.3 128.00 91.00 219.00 OK
r-oldrel-macos-arm64 0.1.3 45.00 NOTE
r-oldrel-macos-x86_64 0.1.3 74.00 NOTE
r-oldrel-windows-ix86+x86_64 0.1.3 218.00 119.00 337.00 OK

Check Details

Version: 0.1.3
Check: installed package size
Result: NOTE
     installed size is 5.3Mb
     sub-directories of 1Mb or more:
     libs 4.5Mb
Flavors: r-release-macos-arm64, r-release-macos-x86_64, r-oldrel-macos-arm64, r-oldrel-macos-x86_64