CRAN Package Check Results for Package RcppStreams

Last updated on 2020-06-07 04:47:47 CEST.

Flavor Version Tinstall Tcheck Ttotal Status Flags
r-devel-linux-x86_64-debian-clang 0.1.3 76.21 22.86 99.07 OK
r-devel-linux-x86_64-debian-gcc 0.1.3 65.91 18.28 84.19 OK
r-devel-linux-x86_64-fedora-clang 0.1.3 158.86 NOTE
r-devel-linux-x86_64-fedora-gcc 0.1.3 143.48 OK
r-devel-windows-ix86+x86_64 0.1.3 251.00 70.00 321.00 OK
r-patched-linux-x86_64 0.1.3 71.43 23.49 94.92 OK
r-patched-solaris-x86 0.1.3 150.90 OK
r-release-linux-x86_64 0.1.3 71.58 23.10 94.68 OK
r-release-osx-x86_64 0.1.3 NOTE
r-release-windows-ix86+x86_64 0.1.3 187.00 80.00 267.00 OK
r-oldrel-osx-x86_64 0.1.3 NOTE
r-oldrel-windows-ix86+x86_64 0.1.3 219.00 64.00 283.00 OK

Check Details

Version: 0.1.3
Check: installed package size
Result: NOTE
     installed size is 5.7Mb
     sub-directories of 1Mb or more:
     libs 4.8Mb
Flavors: r-devel-linux-x86_64-fedora-clang, r-release-osx-x86_64, r-oldrel-osx-x86_64