CRAN Package Check Results for Package RcppStreams

Last updated on 2018-08-20 13:48:14 CEST.

Flavor Version Tinstall Tcheck Ttotal Status Flags
r-devel-linux-x86_64-debian-clang 0.1.1 67.09 22.86 89.95 NOTE
r-devel-linux-x86_64-debian-gcc 0.1.1 68.11 18.29 86.40 NOTE
r-devel-linux-x86_64-fedora-clang 0.1.1 130.40 NOTE
r-devel-linux-x86_64-fedora-gcc 0.1.1 134.20 NOTE
r-devel-windows-ix86+x86_64 0.1.1 219.00 79.00 298.00 OK
r-patched-linux-x86_64 0.1.1 81.37 20.55 101.92 NOTE
r-patched-solaris-x86 0.1.1 149.30 OK
r-release-linux-x86_64 0.1.1 82.64 20.35 102.99 NOTE
r-release-windows-ix86+x86_64 0.1.1 222.00 60.00 282.00 OK
r-release-osx-x86_64 0.1.1 NOTE
r-oldrel-windows-ix86+x86_64 0.1.1 160.00 69.00 229.00 OK
r-oldrel-osx-x86_64 0.1.1 NOTE

Additional issues

clang-ASAN

Check Details

Version: 0.1.1
Check: compiled code
Result: NOTE
    File ‘RcppStreams/libs/RcppStreams.so’:
     Found no calls to: ‘R_registerRoutines’, ‘R_useDynamicSymbols’
    
    It is good practice to register native routines and to disable symbol
    search.
    
    See ‘Writing portable packages’ in the ‘Writing R Extensions’ manual.
Flavors: r-devel-linux-x86_64-debian-clang, r-devel-linux-x86_64-debian-gcc, r-devel-linux-x86_64-fedora-clang, r-devel-linux-x86_64-fedora-gcc, r-patched-linux-x86_64, r-release-linux-x86_64

Version: 0.1.1
Check: installed package size
Result: NOTE
     installed size is 7.6Mb
     sub-directories of 1Mb or more:
     libs 6.7Mb
Flavors: r-devel-linux-x86_64-fedora-clang, r-release-osx-x86_64, r-oldrel-osx-x86_64