CRAN Package Check Results for Package RcppStreams

Last updated on 2019-09-20 09:51:31 CEST.

Flavor Version Tinstall Tcheck Ttotal Status Flags
r-devel-linux-x86_64-debian-clang 0.1.3 65.13 21.02 86.15 OK
r-devel-linux-x86_64-debian-gcc 0.1.3 60.12 17.00 77.12 OK
r-devel-linux-x86_64-fedora-clang 0.1.3 140.29 NOTE
r-devel-linux-x86_64-fedora-gcc 0.1.3 140.37 OK
r-devel-windows-ix86+x86_64 0.1.3 206.00 62.00 268.00 OK
r-patched-linux-x86_64 0.1.3 67.02 20.72 87.74 OK
r-patched-solaris-x86 0.1.3 146.20 OK
r-release-linux-x86_64 0.1.3 70.55 20.73 91.28 OK
r-release-windows-ix86+x86_64 0.1.3 163.00 56.00 219.00 OK
r-release-osx-x86_64 0.1.3 NOTE
r-oldrel-windows-ix86+x86_64 0.1.3 157.00 56.00 213.00 OK
r-oldrel-osx-x86_64 0.1.3 OK

Check Details

Version: 0.1.3
Check: installed package size
Result: NOTE
     installed size is 5.1Mb
     sub-directories of 1Mb or more:
     libs 4.3Mb
Flavors: r-devel-linux-x86_64-fedora-clang, r-release-osx-x86_64