CRAN Package Check Results for Package RcppStreams

Last updated on 2019-07-21 21:47:03 CEST.

Flavor Version Tinstall Tcheck Ttotal Status Flags
r-devel-linux-x86_64-debian-clang 0.1.3 61.97 21.23 83.20 OK
r-devel-linux-x86_64-debian-gcc 0.1.3 56.78 17.73 74.51 OK
r-devel-linux-x86_64-fedora-clang 0.1.3 140.68 OK
r-devel-linux-x86_64-fedora-gcc 0.1.3 136.98 OK
r-devel-windows-ix86+x86_64 0.1.3 168.00 80.00 248.00 OK
r-patched-linux-x86_64 0.1.3 70.69 21.05 91.74 OK
r-patched-solaris-x86 0.1.3 152.80 OK
r-release-linux-x86_64 0.1.3 67.56 21.52 89.08 OK
r-release-windows-ix86+x86_64 0.1.3 159.00 62.00 221.00 OK
r-release-osx-x86_64 0.1.3 NOTE
r-oldrel-windows-ix86+x86_64 0.1.3 221.00 77.00 298.00 OK
r-oldrel-osx-x86_64 0.1.3 OK

Check Details

Version: 0.1.3
Check: installed package size
Result: NOTE
     installed size is 5.0Mb
     sub-directories of 1Mb or more:
     libs 4.2Mb
Flavor: r-release-osx-x86_64