CRAN Package Check Results for Package RcppStreams

Last updated on 2017-11-23 05:49:23 CET.

Flavor Version Tinstall Tcheck Ttotal Status Flags
r-devel-linux-x86_64-debian-clang 0.1.1 47.85 20.09 67.94 NOTE
r-devel-linux-x86_64-debian-gcc 0.1.1 65.39 31.04 96.42 NOTE
r-devel-linux-x86_64-fedora-clang 0.1.1 122.09 NOTE
r-devel-linux-x86_64-fedora-gcc 0.1.1 162.90 NOTE
r-devel-windows-ix86+x86_64 0.1.1 147.00 67.00 214.00 OK
r-patched-linux-x86_64 0.1.1 57.62 13.69 71.31 NOTE
r-patched-solaris-x86 0.1.1 141.30 OK
r-release-linux-x86_64 0.1.1 57.07 13.85 70.92 NOTE
r-release-windows-ix86+x86_64 0.1.1 172.00 77.00 249.00 OK
r-release-osx-x86_64 0.1.1 NOTE
r-oldrel-windows-ix86+x86_64 0.1.1 163.00 51.00 214.00 OK
r-oldrel-osx-x86_64 0.1.1 NOTE

Additional issues

clang-ASAN

Check Details

Version: 0.1.1
Check: compiled code
Result: NOTE
    File ‘RcppStreams/libs/RcppStreams.so’:
     Found no calls to: ‘R_registerRoutines’, ‘R_useDynamicSymbols’
    
    It is good practice to register native routines and to disable symbol
    search.
    
    See ‘Writing portable packages’ in the ‘Writing R Extensions’ manual.
Flavors: r-devel-linux-x86_64-debian-clang, r-devel-linux-x86_64-debian-gcc, r-devel-linux-x86_64-fedora-clang, r-devel-linux-x86_64-fedora-gcc, r-patched-linux-x86_64, r-release-linux-x86_64

Version: 0.1.1
Check: installed package size
Result: NOTE
     installed size is 7.4Mb
     sub-directories of 1Mb or more:
     libs 6.6Mb
Flavors: r-devel-linux-x86_64-fedora-clang, r-devel-linux-x86_64-fedora-gcc, r-release-osx-x86_64, r-oldrel-osx-x86_64