CRAN Package Check Results for Package RcppStreams

Last updated on 2023-04-01 21:54:18 CEST.

Flavor Version Tinstall Tcheck Ttotal Status Flags
r-devel-linux-x86_64-debian-clang 0.1.3 81.30 26.72 108.02 NOTE
r-devel-linux-x86_64-debian-gcc 0.1.3 72.32 24.89 97.21 NOTE
r-devel-linux-x86_64-fedora-clang 0.1.3 163.04 NOTE
r-devel-linux-x86_64-fedora-gcc 0.1.3 161.12 NOTE
r-devel-windows-x86_64 0.1.3 91.00 108.00 199.00 NOTE
r-patched-linux-x86_64 0.1.3 74.88 31.18 106.06 NOTE
r-release-linux-x86_64 0.1.3 78.35 31.25 109.60 OK
r-release-macos-arm64 0.1.3 41.00 NOTE
r-release-macos-x86_64 0.1.3 62.00 NOTE
r-release-windows-x86_64 0.1.3 281.00 89.00 370.00 OK
r-oldrel-macos-arm64 0.1.3 45.00 NOTE
r-oldrel-macos-x86_64 0.1.3 74.00 NOTE
r-oldrel-windows-ix86+x86_64 0.1.3 217.00 94.00 311.00 OK

Check Details

Version: 0.1.3
Check: C++ specification
Result: NOTE
     Specified C++11: please drop specification unless essential
Flavors: r-devel-linux-x86_64-debian-clang, r-devel-linux-x86_64-debian-gcc, r-devel-linux-x86_64-fedora-clang, r-devel-linux-x86_64-fedora-gcc, r-devel-windows-x86_64, r-patched-linux-x86_64

Version: 0.1.3
Check: installed package size
Result: NOTE
     installed size is 5.3Mb
     sub-directories of 1Mb or more:
     libs 4.5Mb
Flavors: r-release-macos-arm64, r-release-macos-x86_64, r-oldrel-macos-arm64, r-oldrel-macos-x86_64