CRAN Package Check Results for Package RcppStreams

Last updated on 2018-05-25 19:48:39 CEST.

Flavor Version Tinstall Tcheck Ttotal Status Flags
r-devel-linux-x86_64-debian-clang 0.1.1 64.83 22.12 86.95 NOTE
r-devel-linux-x86_64-debian-gcc 0.1.1 63.92 17.36 81.28 NOTE
r-devel-linux-x86_64-fedora-clang 0.1.1 143.03 NOTE
r-devel-linux-x86_64-fedora-gcc 0.1.1 135.24 NOTE
r-devel-windows-ix86+x86_64 0.1.1 158.00 78.00 236.00 OK
r-patched-linux-x86_64 0.1.1 78.16 20.01 98.17 NOTE
r-patched-solaris-x86 0.1.1 148.30 OK
r-release-linux-x86_64 0.1.1 78.42 19.77 98.19 NOTE
r-release-windows-ix86+x86_64 0.1.1 216.00 65.00 281.00 OK
r-release-osx-x86_64 0.1.1 NOTE
r-oldrel-windows-ix86+x86_64 0.1.1 223.00 68.00 291.00 OK
r-oldrel-osx-x86_64 0.1.1 NOTE

Additional issues

clang-ASAN

Check Details

Version: 0.1.1
Check: compiled code
Result: NOTE
    File ‘RcppStreams/libs/RcppStreams.so’:
     Found no calls to: ‘R_registerRoutines’, ‘R_useDynamicSymbols’
    
    It is good practice to register native routines and to disable symbol
    search.
    
    See ‘Writing portable packages’ in the ‘Writing R Extensions’ manual.
Flavors: r-devel-linux-x86_64-debian-clang, r-devel-linux-x86_64-debian-gcc, r-devel-linux-x86_64-fedora-clang, r-devel-linux-x86_64-fedora-gcc, r-patched-linux-x86_64, r-release-linux-x86_64

Version: 0.1.1
Check: installed package size
Result: NOTE
     installed size is 7.6Mb
     sub-directories of 1Mb or more:
     libs 6.7Mb
Flavors: r-devel-linux-x86_64-fedora-clang, r-devel-linux-x86_64-fedora-gcc, r-release-osx-x86_64, r-oldrel-osx-x86_64