Last updated on 2023-09-25 21:05:52 CEST.
Flavor | Version | Tinstall | Tcheck | Ttotal | Status | Flags |
---|---|---|---|---|---|---|
r-devel-linux-x86_64-debian-clang | 0.1.3 | 81.07 | 27.16 | 108.23 | NOTE | |
r-devel-linux-x86_64-debian-gcc | 0.1.3 | 64.22 | 25.29 | 89.51 | NOTE | |
r-devel-linux-x86_64-fedora-clang | 0.1.3 | 162.76 | NOTE | |||
r-devel-linux-x86_64-fedora-gcc | 0.1.3 | 176.71 | NOTE | |||
r-devel-windows-x86_64 | 0.1.3 | 61.00 | 79.00 | 140.00 | NOTE | |
r-patched-linux-x86_64 | 0.1.3 | 90.31 | 30.88 | 121.19 | NOTE | |
r-release-linux-x86_64 | 0.1.3 | 88.61 | 31.05 | 119.66 | NOTE | |
r-release-macos-arm64 | 0.1.3 | 43.00 | NOTE | |||
r-release-macos-x86_64 | 0.1.3 | 65.00 | NOTE | |||
r-release-windows-x86_64 | 0.1.3 | 75.00 | 78.00 | 153.00 | NOTE | |
r-oldrel-macos-arm64 | 0.1.3 | 41.00 | NOTE | |||
r-oldrel-macos-x86_64 | 0.1.3 | 62.00 | NOTE | |||
r-oldrel-windows-x86_64 | 0.1.3 | 91.00 | 78.00 | 169.00 | OK |
Version: 0.1.3
Check: C++ specification
Result: NOTE
Specified C++11: please drop specification unless essential
Flavors: r-devel-linux-x86_64-debian-clang, r-devel-linux-x86_64-debian-gcc, r-devel-linux-x86_64-fedora-clang, r-devel-linux-x86_64-fedora-gcc, r-devel-windows-x86_64, r-patched-linux-x86_64, r-release-linux-x86_64, r-release-macos-arm64, r-release-macos-x86_64, r-release-windows-x86_64
Version: 0.1.3
Check: installed package size
Result: NOTE
installed size is 5.4Mb
sub-directories of 1Mb or more:
libs 4.6Mb
Flavors: r-release-macos-arm64, r-oldrel-macos-arm64, r-oldrel-macos-x86_64