CRAN Package Check Results for Package RcppStreams

Last updated on 2018-02-23 18:47:50 CET.

Flavor Version Tinstall Tcheck Ttotal Status Flags
r-devel-linux-x86_64-debian-clang 0.1.1 62.57 19.95 82.52 NOTE
r-devel-linux-x86_64-debian-gcc 0.1.1 62.20 16.16 78.36 NOTE
r-devel-linux-x86_64-fedora-clang 0.1.1 130.95 NOTE
r-devel-linux-x86_64-fedora-gcc 0.1.1 131.85 NOTE
r-devel-windows-ix86+x86_64 0.1.1 242.00 68.00 310.00 OK
r-patched-linux-x86_64 0.1.1 73.59 19.48 93.07 NOTE
r-patched-solaris-x86 0.1.1 145.90 OK
r-release-linux-x86_64 0.1.1 71.30 19.34 90.64 NOTE
r-release-windows-ix86+x86_64 0.1.1 160.00 72.00 232.00 OK
r-release-osx-x86_64 0.1.1 NOTE
r-oldrel-windows-ix86+x86_64 0.1.1 156.00 51.00 207.00 OK
r-oldrel-osx-x86_64 0.1.1 NOTE

Additional issues

clang-ASAN

Check Details

Version: 0.1.1
Check: compiled code
Result: NOTE
    File ‘RcppStreams/libs/RcppStreams.so’:
     Found no calls to: ‘R_registerRoutines’, ‘R_useDynamicSymbols’
    
    It is good practice to register native routines and to disable symbol
    search.
    
    See ‘Writing portable packages’ in the ‘Writing R Extensions’ manual.
Flavors: r-devel-linux-x86_64-debian-clang, r-devel-linux-x86_64-debian-gcc, r-devel-linux-x86_64-fedora-clang, r-devel-linux-x86_64-fedora-gcc, r-patched-linux-x86_64, r-release-linux-x86_64

Version: 0.1.1
Check: installed package size
Result: NOTE
     installed size is 7.6Mb
     sub-directories of 1Mb or more:
     libs 6.7Mb
Flavors: r-devel-linux-x86_64-fedora-clang, r-devel-linux-x86_64-fedora-gcc, r-release-osx-x86_64, r-oldrel-osx-x86_64