CRAN Package Check Results for Package RcppTOML

Last updated on 2021-09-23 15:51:07 CEST.

Flavor Version Tinstall Tcheck Ttotal Status Flags
r-devel-linux-x86_64-debian-clang 0.1.7 36.67 27.62 64.29 OK
r-devel-linux-x86_64-debian-gcc 0.1.7 26.64 21.81 48.45 OK
r-devel-linux-x86_64-fedora-clang 0.1.7 88.93 OK
r-devel-linux-x86_64-fedora-gcc 0.1.7 84.50 OK
r-devel-windows-x86_64 0.1.7 34.00 48.00 82.00 OK
r-devel-windows-x86_64-gcc10-UCRT 0.1.7 ERROR
r-patched-linux-x86_64 0.1.7 33.45 27.05 60.50 OK
r-patched-solaris-x86 0.1.7 91.50 OK
r-release-linux-x86_64 0.1.7 30.95 27.11 58.06 OK
r-release-macos-arm64 0.1.7 OK
r-release-macos-x86_64 0.1.7 OK
r-release-windows-ix86+x86_64 0.1.7 81.00 77.00 158.00 OK
r-oldrel-macos-x86_64 0.1.7 OK
r-oldrel-windows-ix86+x86_64 0.1.7 103.00 67.00 170.00 OK

Check Details

Version: 0.1.7
Check: whether package can be installed
Result: ERROR
    Installation failed.
Flavor: r-devel-windows-x86_64-gcc10-UCRT