CRAN Package Check Results for Package RcppTOML

Last updated on 2017-11-19 07:50:21.

Flavor Version Tinstall Tcheck Ttotal Status Flags
r-devel-linux-x86_64-debian-clang 0.1.3 15.43 15.17 30.60 OK
r-devel-linux-x86_64-debian-gcc 0.1.3 16.44 18.23 34.68 OK
r-devel-linux-x86_64-fedora-clang 0.1.3 54.48 OK
r-devel-linux-x86_64-fedora-gcc 0.1.3 98.90 OK
r-devel-windows-ix86+x86_64 0.1.3 68.00 63.00 131.00 OK
r-patched-linux-x86_64 0.1.3 14.95 16.52 31.47 OK
r-patched-solaris-x86 0.1.3 71.10 OK
r-release-linux-x86_64 0.1.3 15.07 16.36 31.43 OK
r-release-windows-ix86+x86_64 0.1.3 47.00 85.00 132.00 OK
r-release-osx-x86_64 0.1.3 OK
r-oldrel-windows-ix86+x86_64 0.1.3 47.00 76.00 123.00 OK
r-oldrel-osx-x86_64 0.1.3 ERROR

Check Details

Version: 0.1.3
Check: whether package can be installed
Result: ERROR
    Installation failed.
Flavor: r-oldrel-osx-x86_64