CRAN Package Check Results for Package RcppXts

Last updated on 2018-11-15 00:47:48 CET.

Flavor Version Tinstall Tcheck Ttotal Status Flags
r-devel-linux-x86_64-debian-clang 0.0.4 9.59 27.78 37.37 NOTE
r-devel-linux-x86_64-debian-gcc 0.0.4 8.47 22.47 30.94 NOTE
r-devel-linux-x86_64-fedora-clang 0.0.4 46.51 NOTE
r-devel-linux-x86_64-fedora-gcc 0.0.4 44.77 NOTE
r-devel-windows-ix86+x86_64 0.0.4 22.00 79.00 101.00 NOTE
r-patched-linux-x86_64 0.0.4 9.16 23.56 32.72 NOTE
r-patched-solaris-x86 0.0.4 60.10 NOTE
r-release-linux-x86_64 0.0.4 10.08 24.38 34.46 NOTE
r-release-windows-ix86+x86_64 0.0.4 29.00 75.00 104.00 NOTE
r-release-osx-x86_64 0.0.4 NOTE
r-oldrel-windows-ix86+x86_64 0.0.4 33.00 62.00 95.00 NOTE
r-oldrel-osx-x86_64 0.0.4 NOTE

Check Details

Version: 0.0.4
Check: dependencies in R code
Result: NOTE
    Package in Depends field not imported from: ‘methods’
     These packages need to be imported from (in the NAMESPACE file)
     for when this namespace is loaded but not attached.
Flavors: r-devel-linux-x86_64-debian-clang, r-devel-linux-x86_64-debian-gcc, r-devel-linux-x86_64-fedora-clang, r-devel-linux-x86_64-fedora-gcc, r-devel-windows-ix86+x86_64, r-patched-linux-x86_64, r-patched-solaris-x86, r-release-linux-x86_64, r-release-windows-ix86+x86_64, r-release-osx-x86_64, r-oldrel-windows-ix86+x86_64, r-oldrel-osx-x86_64

Version: 0.0.4
Check: compiled code
Result: NOTE
    File ‘RcppXts/libs/RcppXts.so’:
     Found no calls to: ‘R_registerRoutines’, ‘R_useDynamicSymbols’
    
    It is good practice to register native routines and to disable symbol
    search.
    
    See ‘Writing portable packages’ in the ‘Writing R Extensions’ manual.
Flavors: r-devel-linux-x86_64-fedora-clang, r-devel-linux-x86_64-fedora-gcc