CRAN Package Check Results for Package RcppXts

Last updated on 2018-08-20 05:49:27 CEST.

Flavor Version Tinstall Tcheck Ttotal Status Flags
r-devel-linux-x86_64-debian-clang 0.0.4 9.00 27.20 36.20 NOTE
r-devel-linux-x86_64-debian-gcc 0.0.4 8.78 22.13 30.91 NOTE
r-devel-linux-x86_64-fedora-clang 0.0.4 45.69 NOTE
r-devel-linux-x86_64-fedora-gcc 0.0.4 44.45 NOTE
r-devel-windows-ix86+x86_64 0.0.4 32.00 81.00 113.00 NOTE
r-patched-linux-x86_64 0.0.4 11.67 24.09 35.76 NOTE
r-patched-solaris-x86 0.0.4 60.60 NOTE
r-release-linux-x86_64 0.0.4 9.61 24.43 34.04 NOTE
r-release-windows-ix86+x86_64 0.0.4 35.00 57.00 92.00 NOTE
r-release-osx-x86_64 0.0.4 NOTE
r-oldrel-windows-ix86+x86_64 0.0.4 26.00 79.00 105.00 NOTE
r-oldrel-osx-x86_64 0.0.4 NOTE

Check Details

Version: 0.0.4
Check: dependencies in R code
Result: NOTE
    Package in Depends field not imported from: ‘methods’
     These packages need to be imported from (in the NAMESPACE file)
     for when this namespace is loaded but not attached.
Flavors: r-devel-linux-x86_64-debian-clang, r-devel-linux-x86_64-debian-gcc, r-devel-linux-x86_64-fedora-clang, r-devel-linux-x86_64-fedora-gcc, r-devel-windows-ix86+x86_64, r-patched-linux-x86_64, r-patched-solaris-x86, r-release-linux-x86_64, r-release-windows-ix86+x86_64, r-release-osx-x86_64, r-oldrel-windows-ix86+x86_64, r-oldrel-osx-x86_64

Version: 0.0.4
Check: compiled code
Result: NOTE
    File ‘RcppXts/libs/RcppXts.so’:
     Found no calls to: ‘R_registerRoutines’, ‘R_useDynamicSymbols’
    
    It is good practice to register native routines and to disable symbol
    search.
    
    See ‘Writing portable packages’ in the ‘Writing R Extensions’ manual.
Flavors: r-devel-linux-x86_64-debian-clang, r-devel-linux-x86_64-debian-gcc, r-devel-linux-x86_64-fedora-clang, r-devel-linux-x86_64-fedora-gcc, r-patched-linux-x86_64, r-release-linux-x86_64