CRAN Package Check Results for Package RcppXts

Last updated on 2018-02-22 01:50:02 CET.

Flavor Version Tinstall Tcheck Ttotal Status Flags
r-devel-linux-x86_64-debian-clang 0.0.4 7.28 21.56 28.84 NOTE
r-devel-linux-x86_64-debian-gcc 0.0.4 7.17 18.98 26.15 NOTE
r-devel-linux-x86_64-fedora-clang 0.0.4 40.21 NOTE
r-devel-linux-x86_64-fedora-gcc 0.0.4 39.63 NOTE
r-devel-windows-ix86+x86_64 0.0.4 29.00 59.00 88.00 NOTE
r-patched-linux-x86_64 0.0.4 9.93 26.87 36.80 NOTE
r-patched-solaris-x86 0.0.4 58.30 NOTE
r-release-linux-x86_64 0.0.4 9.39 26.34 35.73 NOTE
r-release-windows-ix86+x86_64 0.0.4 37.00 79.00 116.00 NOTE
r-release-osx-x86_64 0.0.4 NOTE
r-oldrel-windows-ix86+x86_64 0.0.4 22.00 51.00 73.00 NOTE
r-oldrel-osx-x86_64 0.0.4 NOTE

Check Details

Version: 0.0.4
Check: dependencies in R code
Result: NOTE
    Package in Depends field not imported from: ‘methods’
     These packages need to be imported from (in the NAMESPACE file)
     for when this namespace is loaded but not attached.
Flavors: r-devel-linux-x86_64-debian-clang, r-devel-linux-x86_64-debian-gcc, r-devel-linux-x86_64-fedora-clang, r-devel-linux-x86_64-fedora-gcc, r-devel-windows-ix86+x86_64, r-patched-linux-x86_64, r-patched-solaris-x86, r-release-linux-x86_64, r-release-windows-ix86+x86_64, r-release-osx-x86_64, r-oldrel-windows-ix86+x86_64, r-oldrel-osx-x86_64

Version: 0.0.4
Check: compiled code
Result: NOTE
    File ‘RcppXts/libs/RcppXts.so’:
     Found no calls to: ‘R_registerRoutines’, ‘R_useDynamicSymbols’
    
    It is good practice to register native routines and to disable symbol
    search.
    
    See ‘Writing portable packages’ in the ‘Writing R Extensions’ manual.
Flavors: r-devel-linux-x86_64-debian-clang, r-devel-linux-x86_64-debian-gcc, r-devel-linux-x86_64-fedora-clang, r-devel-linux-x86_64-fedora-gcc, r-patched-linux-x86_64, r-release-linux-x86_64