CRAN Package Check Results for Package RcppZiggurat

Last updated on 2017-11-23 05:49:23 CET.

Flavor Version Tinstall Tcheck Ttotal Status Flags
r-devel-linux-x86_64-debian-clang 0.1.4 10.19 40.45 50.65 OK
r-devel-linux-x86_64-debian-gcc 0.1.4 12.13 55.11 67.24 OK
r-devel-linux-x86_64-fedora-clang 0.1.4 68.55 OK
r-devel-linux-x86_64-fedora-gcc 0.1.4 108.63 OK
r-devel-windows-ix86+x86_64 0.1.4 40.00 115.00 155.00 OK
r-patched-linux-x86_64 0.1.4 11.21 27.20 38.41 OK
r-patched-solaris-x86 0.1.4 76.50 NOTE
r-release-linux-x86_64 0.1.4 11.35 26.34 37.69 OK
r-release-windows-ix86+x86_64 0.1.4 43.00 84.00 127.00 OK
r-release-osx-x86_64 0.1.4 OK
r-oldrel-windows-ix86+x86_64 0.1.4 36.00 78.00 114.00 OK
r-oldrel-osx-x86_64 0.1.4 OK

Check Details

Version: 0.1.4
Check: package dependencies
Result: NOTE
    Package suggested but not available for checking: ‘microbenchmark’
Flavor: r-patched-solaris-x86