CRAN Package Check Results for Package Rcrawler

Last updated on 2022-10-07 23:08:45 CEST.

Flavor Version Tinstall Tcheck Ttotal Status Flags
r-devel-linux-x86_64-debian-clang 0.1.9-1 5.53 46.23 51.76 NOTE
r-devel-linux-x86_64-debian-gcc 0.1.9-1 4.71 34.96 39.67 NOTE
r-devel-linux-x86_64-fedora-clang 0.1.9-1 77.14 NOTE
r-devel-linux-x86_64-fedora-gcc 0.1.9-1 73.42 NOTE
r-devel-windows-x86_64 0.1.9-1 27.00 74.00 101.00 NOTE
r-patched-linux-x86_64 0.1.9-1 6.44 44.15 50.59 NOTE
r-release-linux-x86_64 0.1.9-1 5.76 43.86 49.62 NOTE
r-release-macos-arm64 0.1.9-1 20.00 NOTE
r-release-macos-x86_64 0.1.9-1 31.00 NOTE
r-release-windows-x86_64 0.1.9-1 21.00 74.00 95.00 NOTE
r-oldrel-macos-arm64 0.1.9-1 21.00 NOTE
r-oldrel-macos-x86_64 0.1.9-1 37.00 NOTE
r-oldrel-windows-ix86+x86_64 0.1.9-1 13.00 72.00 85.00 NOTE

Check Details

Version: 0.1.9-1
Check: LazyData
Result: NOTE
     'LazyData' is specified without a 'data' directory
Flavors: r-devel-linux-x86_64-debian-clang, r-devel-linux-x86_64-debian-gcc, r-devel-linux-x86_64-fedora-clang, r-devel-linux-x86_64-fedora-gcc, r-devel-windows-x86_64, r-patched-linux-x86_64, r-release-linux-x86_64, r-release-macos-arm64, r-release-macos-x86_64, r-release-windows-x86_64, r-oldrel-macos-arm64, r-oldrel-macos-x86_64, r-oldrel-windows-ix86+x86_64