CRAN Package Check Results for Package Rcsdp

Last updated on 2019-07-21 04:46:23 CEST.

Flavor Version Tinstall Tcheck Ttotal Status Flags
r-devel-linux-x86_64-debian-clang 0.1.55 12.38 22.94 35.32 OK
r-devel-linux-x86_64-debian-gcc 0.1.55 7.98 19.05 27.03 OK
r-devel-linux-x86_64-fedora-clang 0.1.55 43.47 NOTE
r-devel-linux-x86_64-fedora-gcc 0.1.55 39.66 NOTE
r-devel-windows-ix86+x86_64 0.1.55 30.00 44.00 74.00 OK
r-patched-linux-x86_64 0.1.55 8.84 23.18 32.02 OK
r-patched-solaris-x86 0.1.55 79.40 OK
r-release-linux-x86_64 0.1.55 9.82 23.28 33.10 OK
r-release-windows-ix86+x86_64 0.1.55 29.00 58.00 87.00 OK
r-release-osx-x86_64 0.1.55 OK
r-oldrel-windows-ix86+x86_64 0.1.55 24.00 39.00 63.00 OK
r-oldrel-osx-x86_64 0.1.55 OK

Additional issues

rchk

Check Details

Version: 0.1.55
Check: compiled code
Result: NOTE
    File ‘Rcsdp/libs/Rcsdp.so’:
     Found no calls to: ‘R_registerRoutines’, ‘R_useDynamicSymbols’
    
    It is good practice to register native routines and to disable symbol
    search.
    
    See ‘Writing portable packages’ in the ‘Writing R Extensions’ manual.
Flavors: r-devel-linux-x86_64-fedora-clang, r-devel-linux-x86_64-fedora-gcc