CRAN Package Check Results for Package Rd2md

Last updated on 2022-05-29 04:58:14 CEST.

Flavor Version Tinstall Tcheck Ttotal Status Flags
r-devel-linux-x86_64-debian-clang 0.0.5 2.15 38.05 40.20 NOTE
r-devel-linux-x86_64-debian-gcc 0.0.5 2.08 30.00 32.08 NOTE
r-devel-linux-x86_64-fedora-clang 0.0.5 50.39 NOTE
r-devel-linux-x86_64-fedora-gcc 0.0.5 48.82 NOTE
r-devel-windows-x86_64 0.0.5 12.00 60.00 72.00 NOTE
r-patched-linux-x86_64 0.0.5 2.73 37.08 39.81 NOTE
r-release-linux-x86_64 0.0.5 2.37 37.28 39.65 NOTE
r-release-macos-arm64 0.0.5 20.00 NOTE
r-release-macos-x86_64 0.0.5 26.00 NOTE
r-release-windows-x86_64 0.0.5 14.00 62.00 76.00 NOTE
r-oldrel-macos-arm64 0.0.5 20.00 NOTE
r-oldrel-macos-x86_64 0.0.5 27.00 NOTE
r-oldrel-windows-ix86+x86_64 0.0.5 6.00 82.00 88.00 NOTE

Check Details

Version: 0.0.5
Check: LazyData
Result: NOTE
     'LazyData' is specified without a 'data' directory
Flavors: r-devel-linux-x86_64-debian-clang, r-devel-linux-x86_64-debian-gcc, r-devel-linux-x86_64-fedora-clang, r-devel-linux-x86_64-fedora-gcc, r-devel-windows-x86_64, r-patched-linux-x86_64, r-release-linux-x86_64, r-release-macos-arm64, r-release-macos-x86_64, r-release-windows-x86_64, r-oldrel-macos-arm64, r-oldrel-macos-x86_64, r-oldrel-windows-ix86+x86_64