CRAN Package Check Results for Package Rdimtools

Last updated on 2023-03-28 23:51:10 CEST.

Flavor Version Tinstall Tcheck Ttotal Status Flags
r-devel-linux-x86_64-debian-clang 1.1.2 289.71 277.52 567.23 NOTE
r-devel-linux-x86_64-debian-gcc 1.1.2 235.87 206.52 442.39 NOTE
r-devel-linux-x86_64-fedora-clang 1.1.2 772.33 NOTE
r-devel-linux-x86_64-fedora-gcc 1.1.2 753.94 NOTE
r-devel-windows-x86_64 1.1.2 362.00 424.00 786.00 NOTE
r-patched-linux-x86_64 1.1.2 229.42 265.23 494.65 NOTE
r-release-linux-x86_64 1.1.2 180.60 244.37 424.97 OK
r-release-macos-arm64 1.1.2 169.00 NOTE
r-release-macos-x86_64 1.1.2 218.00 NOTE
r-release-windows-x86_64 1.1.2 326.00 359.00 685.00 NOTE
r-oldrel-macos-arm64 1.1.2 166.00 NOTE
r-oldrel-macos-x86_64 1.1.2 215.00 NOTE
r-oldrel-windows-ix86+x86_64 1.1.2 635.00 431.00 1066.00 NOTE

Check Details

Version: 1.1.2
Check: C++ specification
Result: NOTE
     Specified C++11: please drop specification unless essential
Flavors: r-devel-linux-x86_64-debian-clang, r-devel-linux-x86_64-debian-gcc, r-devel-linux-x86_64-fedora-clang, r-devel-linux-x86_64-fedora-gcc, r-devel-windows-x86_64, r-patched-linux-x86_64

Version: 1.1.2
Check: installed package size
Result: NOTE
     installed size is 5.4Mb
     sub-directories of 1Mb or more:
     data 1.9Mb
     libs 1.7Mb
Flavors: r-devel-linux-x86_64-fedora-clang, r-devel-windows-x86_64, r-release-macos-arm64, r-release-macos-x86_64, r-release-windows-x86_64, r-oldrel-macos-arm64, r-oldrel-macos-x86_64, r-oldrel-windows-ix86+x86_64

Version: 1.1.2
Check: Rd cross-references
Result: NOTE
    Undeclared package ‘Rtsne’ in Rd xrefs
Flavor: r-devel-linux-x86_64-fedora-clang