CRAN Package Check Results for Package Rdroolsjars

Last updated on 2021-10-16 04:57:40 CEST.

Flavor Version Tinstall Tcheck Ttotal Status Flags
r-devel-linux-x86_64-debian-clang 1.0.1 4.78 32.28 37.06 OK
r-devel-linux-x86_64-debian-gcc 1.0.1 3.34 25.07 28.41 OK
r-devel-linux-x86_64-fedora-clang 1.0.1 53.19 NOTE
r-devel-linux-x86_64-fedora-gcc 1.0.1 42.89 OK
r-devel-windows-x86_64 1.0.1 5.00 41.00 46.00 NOTE
r-devel-windows-x86_64-gcc10-UCRT 1.0.1 OK
r-patched-linux-x86_64 1.0.1 4.72 32.01 36.73 OK
r-patched-solaris-x86 1.0.1 66.30 NOTE
r-release-linux-x86_64 1.0.1 4.05 31.40 35.45 OK
r-release-macos-arm64 1.0.1 NOTE
r-release-macos-x86_64 1.0.1 NOTE
r-release-windows-ix86+x86_64 1.0.1 9.00 55.00 64.00 NOTE
r-oldrel-macos-x86_64 1.0.1 NOTE
r-oldrel-windows-ix86+x86_64 1.0.1 8.00 38.00 46.00 NOTE

Check Details

Version: 1.0.1
Check: installed package size
Result: NOTE
     installed size is 10.2Mb
     sub-directories of 1Mb or more:
     java 10.1Mb
Flavors: r-devel-linux-x86_64-fedora-clang, r-devel-windows-x86_64, r-patched-solaris-x86, r-release-macos-arm64, r-release-macos-x86_64, r-release-windows-ix86+x86_64, r-oldrel-macos-x86_64, r-oldrel-windows-ix86+x86_64