CRAN Package Check Results for Package Rdroolsjars

Last updated on 2021-08-01 02:53:08 CEST.

Flavor Version Tinstall Tcheck Ttotal Status Flags
r-devel-linux-x86_64-debian-clang 1.0.1 4.87 33.83 38.70 OK
r-devel-linux-x86_64-debian-gcc 1.0.1 3.57 25.89 29.46 OK
r-devel-linux-x86_64-fedora-clang 1.0.1 55.95 NOTE
r-devel-linux-x86_64-fedora-gcc 1.0.1 45.16 OK
r-devel-windows-x86_64 1.0.1 6.00 51.00 57.00 NOTE
r-devel-windows-x86_64-gcc10-UCRT 1.0.1 OK
r-patched-linux-x86_64 1.0.1 OK
r-patched-solaris-x86 1.0.1 67.30 NOTE
r-release-linux-x86_64 1.0.1 4.32 32.65 36.97 OK
r-release-macos-arm64 1.0.1 ERROR
r-release-macos-x86_64 1.0.1 NOTE
r-release-windows-ix86+x86_64 1.0.1 9.00 41.00 50.00 NOTE
r-oldrel-macos-x86_64 1.0.1 NOTE
r-oldrel-windows-ix86+x86_64 1.0.1 7.00 39.00 46.00 NOTE

Check Details

Version: 1.0.1
Check: installed package size
Result: NOTE
     installed size is 10.2Mb
     sub-directories of 1Mb or more:
     java 10.1Mb
Flavors: r-devel-linux-x86_64-fedora-clang, r-devel-windows-x86_64, r-patched-solaris-x86, r-release-macos-x86_64, r-release-windows-ix86+x86_64, r-oldrel-macos-x86_64, r-oldrel-windows-ix86+x86_64

Version: 1.0.1
Check: whether package can be installed
Result: ERROR
    Installation failed.
Flavor: r-release-macos-arm64