Last updated on 2023-09-24 05:53:20 CEST.
Flavor | Version | Tinstall | Tcheck | Ttotal | Status | Flags |
---|---|---|---|---|---|---|
r-devel-linux-x86_64-debian-clang | 0.7.2 | 23.49 | 147.37 | 170.86 | OK | |
r-devel-linux-x86_64-debian-gcc | 0.7.2 | 17.13 | 108.58 | 125.71 | OK | |
r-devel-linux-x86_64-fedora-clang | 0.7.2 | 201.22 | OK | |||
r-devel-linux-x86_64-fedora-gcc | 0.7.2 | 218.00 | OK | |||
r-devel-windows-x86_64 | 0.7.2 | 17.00 | 123.00 | 140.00 | OK | |
r-patched-linux-x86_64 | 0.7.2 | 21.28 | 137.23 | 158.51 | OK | |
r-release-linux-x86_64 | 0.7.2 | 13.53 | 141.05 | 154.58 | OK | |
r-release-macos-arm64 | 0.7.2 | 55.00 | OK | |||
r-release-macos-x86_64 | 0.7.2 | 135.00 | ERROR | |||
r-release-windows-x86_64 | 0.7.2 | 22.00 | 154.00 | 176.00 | OK | |
r-oldrel-macos-arm64 | 0.7.2 | 58.00 | OK | |||
r-oldrel-macos-x86_64 | 0.7.2 | 81.00 | OK | |||
r-oldrel-windows-x86_64 | 0.7.2 | 24.00 | 141.00 | 165.00 | OK |
Version: 0.7.2
Check: re-building of vignette outputs
Result: ERROR
Error(s) in re-building vignettes:
...
--- re-building ‘ReDaMoR.Rmd’ using rmarkdown
Pandoc is required to build R Markdown vignettes but not available. Please make sure it is installed.
Quitting from lines 159-163 [unnamed-chunk-5] (ReDaMoR.Rmd)
Error: processing vignette 'ReDaMoR.Rmd' failed with diagnostics:
Failed to start chrome. Error:
--- failed re-building ‘ReDaMoR.Rmd’
SUMMARY: processing the following file failed:
‘ReDaMoR.Rmd’
Error: Vignette re-building failed.
Execution halted
Flavor: r-release-macos-x86_64