CRAN Package Check Results for Package ReacTran

Last updated on 2024-02-28 08:54:39 CET.

Flavor Version Tinstall Tcheck Ttotal Status Flags
r-devel-linux-x86_64-debian-clang 1.4.3.1 13.80 82.09 95.89 NOTE
r-devel-linux-x86_64-debian-gcc 1.4.3.1 9.46 61.90 71.36 NOTE
r-devel-linux-x86_64-fedora-clang 1.4.3.1 125.04 NOTE
r-devel-linux-x86_64-fedora-gcc 1.4.3.1 132.72 NOTE
r-devel-windows-x86_64 1.4.3.1 12.00 120.00 132.00 NOTE
r-patched-linux-x86_64 1.4.3.1 17.29 80.05 97.34 NOTE
r-release-linux-x86_64 1.4.3.1 11.33 81.24 92.57 NOTE
r-release-macos-arm64 1.4.3.1 42.00 NOTE
r-release-macos-x86_64 1.4.3.1 80.00 NOTE
r-release-windows-x86_64 1.4.3.1 13.00 129.00 142.00 NOTE
r-oldrel-macos-arm64 1.4.3.1 43.00 NOTE
r-oldrel-windows-x86_64 1.4.3.1 15.00 132.00 147.00 NOTE

Check Details

Version: 1.4.3.1
Check: LazyData
Result: NOTE 'LazyData' is specified without a 'data' directory Flavors: r-devel-linux-x86_64-debian-clang, r-devel-linux-x86_64-debian-gcc, r-devel-linux-x86_64-fedora-clang, r-devel-linux-x86_64-fedora-gcc, r-devel-windows-x86_64, r-patched-linux-x86_64, r-release-linux-x86_64, r-release-macos-arm64, r-release-macos-x86_64, r-release-windows-x86_64, r-oldrel-macos-arm64, r-oldrel-windows-x86_64